000
CDUS43 KMQT 020506
CLIMQT


CLIMATE REPORT
NATIONAL WEATHER SERVICE MARQUETTE MI
105 AM EDT TUE JUN 2 2015


...................................

...THE MARQUETTE MI CLIMATE SUMMARY FOR JUNE 1 2015...

CLIMATE NORMAL PERIOD 1981 TO 2010
CLIMATE RECORD PERIOD 1961 TO 2015


WEATHER ITEM   OBSERVED RECORD YEAR NORMAL DEPARTURE LAST
                VALUE   VALUE       VALUE  FROM      YEAR
                                           NORMAL
...........................................................
TEMPERATURE (F)
 YESTERDAY
  MAXIMUM         63     88    1988  67     -4       77
  MINIMUM         30     26    1964  45    -15       60
  AVERAGE         47                 56     -9       69

PRECIPITATION (IN)
  YESTERDAY        0.00   0.59 1987   0.11  -0.11     0.44
  MONTH TO DATE    0.00               0.11  -0.11     0.44
  SINCE JUN 1      0.00               0.11  -0.11     0.44
  SINCE JAN 1     11.32              13.75  -2.43    12.90

SNOWFALL (IN)
  YESTERDAY        0.0   MM      MM   0.0    0.0      0.0
  MONTH TO DATE    0.0                0.0    0.0      0.0
  SINCE JUN 1      0.0                0.0    0.0      0.0
  SINCE JUL 1    178.7              203.3  -24.6    198.9
  SNOW DEPTH       0

DEGREE DAYS
 HEATING
  YESTERDAY       18                 10      8        0
  MONTH TO DATE   18                 10      8        0
  SINCE JUN 1     18                 10      8        0
  SINCE JUL 1   9803               9162    641    10236

 COOLING
  YESTERDAY        0                  1     -1        4
  MONTH TO DATE    0                  1     -1        4
  SINCE JUN 1      0                  1     -1        4
  SINCE JAN 1      2                 13    -11       24
...........................................................


WIND (MPH)
  RESULTANT WIND SPEED  MM   RESULTANT WIND DIRECTION  MM
  HIGHEST WIND SPEED    MM   HIGHEST WIND DIRECTION    MM
  HIGHEST GUST SPEED    17   HIGHEST GUST DIRECTION    NE (45)
  AVERAGE WIND SPEED    MM


SKY COVER
  POSSIBLE SUNSHINE  MM
  AVERAGE SKY COVER  MM


WEATHER CONDITIONS
 THE FOLLOWING WEATHER WAS RECORDED YESTERDAY.
  NO SIGNIFICANT WEATHER WAS OBSERVED.


RELATIVE HUMIDITY (PERCENT)
 HIGHEST    MM
 LOWEST     MM
 AVERAGE    MM

..........................................................


THE MARQUETTE MI CLIMATE NORMALS FOR TODAY
                         NORMAL    RECORD    YEAR
 MAXIMUM TEMPERATURE (F)   68        84      1963
 MINIMUM TEMPERATURE (F)   45        27      1964


SUNRISE AND SUNSET
JUNE  2 2015..........SUNRISE   601 AM EDT   SUNSET   936 PM EDT
JUNE  3 2015..........SUNRISE   600 AM EDT   SUNSET   937 PM EDT


-  INDICATES NEGATIVE NUMBERS.
R  INDICATES RECORD WAS SET OR TIED.
MM INDICATES DATA IS MISSING.
T  INDICATES TRACE AMOUNT.




$$
