000
CDUS43 KMQT 300507
CLIMQT

CLIMATE REPORT
NATIONAL WEATHER SERVICE MARQUETTE MI
107 AM EDT TUE JUN 30 2015


...................................

...THE MARQUETTE MI CLIMATE SUMMARY FOR JUNE 29 2015...

CLIMATE NORMAL PERIOD 1981 TO 2010
CLIMATE RECORD PERIOD 1961 TO 2015


WEATHER ITEM   OBSERVED RECORD YEAR NORMAL DEPARTURE LAST
                VALUE   VALUE       VALUE  FROM      YEAR
                                           NORMAL
...........................................................
TEMPERATURE (F)
 YESTERDAY
  MAXIMUM         77     92    1996  75      2       82
                               1970
  MINIMUM         53     35    1989  53      0       66
  AVERAGE         65                 64      1       74

PRECIPITATION (IN)
  YESTERDAY        0.64   0.86 1971   0.09   0.55     0.12
  MONTH TO DATE    2.43               2.76  -0.33     5.63
  SINCE JUN 1      2.43               2.76  -0.33     5.63
  SINCE JAN 1     13.75              16.40  -2.65    18.09

SNOWFALL (IN)
  YESTERDAY        0.0   MM      MM   0.0    0.0      0.0
  MONTH TO DATE    0.0                0.0    0.0      0.0
  SINCE JUN 1      0.0                0.0    0.0      0.0
  SINCE JUL 1    178.7              203.3  -24.6    198.9
  SNOW DEPTH       0

DEGREE DAYS
 HEATING
  YESTERDAY        0                  3     -3        0
  MONTH TO DATE  188                179      9      163
  SINCE JUN 1    188                179      9      163
  SINCE JUL 1   9973               9331    642    10399

 COOLING
  YESTERDAY        0                  3     -3        9
  MONTH TO DATE    0                 45    -45       43
  SINCE JUN 1      0                 45    -45       43
  SINCE JAN 1      2                 57    -55       63
...........................................................


WIND (MPH)
  RESULTANT WIND SPEED  MM   RESULTANT WIND DIRECTION  MM
  HIGHEST WIND SPEED    MM   HIGHEST WIND DIRECTION    MM
  HIGHEST GUST SPEED    17   HIGHEST GUST DIRECTION     W (270)
  AVERAGE WIND SPEED    MM


SKY COVER
  POSSIBLE SUNSHINE  MM
  AVERAGE SKY COVER  MM


WEATHER CONDITIONS
 THE FOLLOWING WEATHER WAS RECORDED YESTERDAY.
  THUNDERSTORM
  HEAVY RAIN
  RAIN
  LIGHT RAIN


RELATIVE HUMIDITY (PERCENT)
 HIGHEST    MM
 LOWEST     MM
 AVERAGE    MM

..........................................................


THE MARQUETTE MI CLIMATE NORMALS FOR TODAY
                         NORMAL    RECORD    YEAR
 MAXIMUM TEMPERATURE (F)   75        99      1963
 MINIMUM TEMPERATURE (F)   53        34      1965


SUNRISE AND SUNSET
JUNE 30 2015..........SUNRISE   600 AM EDT   SUNSET   947 PM EDT
JULY  1 2015..........SUNRISE   601 AM EDT   SUNSET   947 PM EDT


-  INDICATES NEGATIVE NUMBERS.
R  INDICATES RECORD WAS SET OR TIED.
MM INDICATES DATA IS MISSING.
T  INDICATES TRACE AMOUNT.




$$
