000
CDUS43 KMQT 010516
CLIMQT


CLIMATE REPORT
NATIONAL WEATHER SERVICE MARQUETTE MI
112 AM EDT TUE SEP 1 2015


...................................

...THE MARQUETTE MI CLIMATE SUMMARY FOR AUGUST 31 2015...

CLIMATE NORMAL PERIOD 1981 TO 2010
CLIMATE RECORD PERIOD 1961 TO 2015


WEATHER ITEM   OBSERVED RECORD YEAR NORMAL DEPARTURE LAST
                VALUE   VALUE       VALUE  FROM      YEAR
                                           NORMAL
...........................................................
TEMPERATURE (F)
 YESTERDAY
  MAXIMUM         87     90    2008  72     15       68
                               2000
  MINIMUM         55     34    1963  51      4       56
  AVERAGE         71                 61     10       62

PRECIPITATION (IN)
  YESTERDAY        0.00   1.39 1977   0.11  -0.11     0.01
  MONTH TO DATE    2.70               3.05  -0.35     4.47
  SINCE JUN 1      6.89               8.73  -1.84    14.28
  SINCE JAN 1     18.21              22.37  -4.16    26.74

SNOWFALL (IN)
  YESTERDAY        0.0   MM      MM   0.0    0.0      0.0
  MONTH TO DATE    0.0                0.0    0.0      0.0
  SINCE JUN 1      0.0                0.0    0.0       T
  SINCE JUL 1      0.0                0.0    0.0       T
  SNOW DEPTH       0

DEGREE DAYS
 HEATING
  YESTERDAY        0                  5     -5        3
  MONTH TO DATE  100                106     -6      126
  SINCE JUN 1    370                367      3      410
  SINCE JUL 1    168                185    -17      247

 COOLING
  YESTERDAY        6                  2      4        0
  MONTH TO DATE   74                 66      8       31
  SINCE JUN 1    180                208    -28      127
  SINCE JAN 1    182                220    -38      147
...........................................................


WIND (MPH)
  HIGHEST WIND SPEED    MM   HIGHEST WIND DIRECTION    MM
  HIGHEST GUST SPEED    19   HIGHEST GUST DIRECTION    SW (225)
  AVERAGE WIND SPEED    MM


SKY COVER
  POSSIBLE SUNSHINE  MM
  AVERAGE SKY COVER  MM


WEATHER CONDITIONS
 THE FOLLOWING WEATHER WAS RECORDED YESTERDAY.
  FOG


RELATIVE HUMIDITY (PERCENT)
 HIGHEST    MM
 LOWEST     MM
 AVERAGE    MM

..........................................................


THE MARQUETTE MI CLIMATE NORMALS FOR TODAY
                         NORMAL    RECORD    YEAR
 MAXIMUM TEMPERATURE (F)   71        88      2008
 MINIMUM TEMPERATURE (F)   51        31      1976


SUNRISE AND SUNSET
SEPTEMBER  1 2015.....SUNRISE   710 AM EDT   SUNSET   830 PM EDT
SEPTEMBER  2 2015.....SUNRISE   711 AM EDT   SUNSET   828 PM EDT


-  INDICATES NEGATIVE NUMBERS.
R  INDICATES RECORD WAS SET OR TIED.
MM INDICATES DATA IS MISSING.
T  INDICATES TRACE AMOUNT.




$$
