000
CDUS43 KMQT 060432
CLIMQT


CLIMATE REPORT
NATIONAL WEATHER SERVICE MARQUETTE MI
1222 AM EDT SAT AUG 6 2016


...................................

...THE MARQUETTE MI CLIMATE SUMMARY FOR AUGUST 5 2016...
VALID TODAY AS OF 1200 AM LOCAL TIME.

CLIMATE NORMAL PERIOD 1981 TO 2010
CLIMATE RECORD PERIOD 1961 TO 2016


WEATHER ITEM   OBSERVED RECORD YEAR NORMAL DEPARTURE LAST
                VALUE   VALUE       VALUE  FROM      YEAR
                                           NORMAL
...........................................................
TEMPERATURE (F)
 TODAY
  MAXIMUM         73     92    2001  76     -3       70
  MINIMUM         62     40    1971  54      8       46
  AVERAGE         68                 65      3       58

PRECIPITATION (IN)
  TODAY            0.00   0.83 1984   0.09  -0.09     0.00
  MONTH TO DATE    0.04               0.48  -0.44     0.49
  SINCE JUN 1      7.07               6.16   0.91     4.68
  SINCE JAN 1     23.28              19.80   3.48    16.00

SNOWFALL (IN)
  TODAY            0.0   MM      MM   0.0    0.0      0.0
  MONTH TO DATE    0.0                0.0    0.0      0.0
  SINCE JUN 1      T                  0.0    0.0      0.0
  SINCE JUL 1      T                  0.0    0.0      0.0
  SNOW DEPTH       0

DEGREE DAYS
 HEATING
  TODAY            0                  3     -3        7
  MONTH TO DATE    0                 15    -15       21
  SINCE JUN 1    237                276    -39      291
  SINCE JUL 1     55                 94    -39       89

 COOLING
  TODAY            3                  2      1        0
  MONTH TO DATE   33                 14     19        2
  SINCE JUN 1    176                156     20      108
  SINCE JAN 1    187                168     19      110
...........................................................


WIND (MPH)
  HIGHEST WIND SPEED    MM   HIGHEST WIND DIRECTION    MM
  HIGHEST GUST SPEED    21   HIGHEST GUST DIRECTION    NW (315)
  AVERAGE WIND SPEED    MM


SKY COVER
  POSSIBLE SUNSHINE  MM
  AVERAGE SKY COVER  MM


WEATHER CONDITIONS
 THE FOLLOWING WEATHER WAS RECORDED TODAY.
  NO SIGNIFICANT WEATHER WAS OBSERVED.


RELATIVE HUMIDITY (PERCENT)
 HIGHEST    MM
 LOWEST     MM
 AVERAGE    MM

..........................................................


THE MARQUETTE MI CLIMATE NORMALS FOR TOMORROW
                         NORMAL    RECORD    YEAR
 MAXIMUM TEMPERATURE (F)   76        96      2001
 MINIMUM TEMPERATURE (F)   54        39      1976


SUNRISE AND SUNSET
AUGUST  5 2016........SUNRISE   637 AM EDT   SUNSET   915 PM EDT
AUGUST  6 2016........SUNRISE   638 AM EDT   SUNSET   913 PM EDT


-  INDICATES NEGATIVE NUMBERS.
R  INDICATES RECORD WAS SET OR TIED.
MM INDICATES DATA IS MISSING.
T  INDICATES TRACE AMOUNT.




$$
