000
CDUS43 KMQT 102208
CLIMQT


CLIMATE REPORT
NATIONAL WEATHER SERVICE MARQUETTE MI
505 PM EST THU NOV 10 2016


...................................

...THE MARQUETTE MI CLIMATE SUMMARY FOR NOVEMBER 10 2016...
VALID TODAY AS OF 500 PM LOCAL TIME.

CLIMATE NORMAL PERIOD 1981 TO 2010
CLIMATE RECORD PERIOD 1961 TO 2016


WEATHER ITEM   OBSERVED RECORD YEAR NORMAL DEPARTURE LAST
                VALUE   VALUE       VALUE  FROM      YEAR
                                           NORMAL
...........................................................
TEMPERATURE (F)
 TODAY
  MAXIMUM         66R    57    2015  40     26       57
                               2010
  MINIMUM         46      1    1979  25     21       30
  AVERAGE         56                 33     23       44

PRECIPITATION (IN)
  TODAY            0.00   1.20 2014   0.10  -0.10     0.00
  MONTH TO DATE    0.26               1.03  -0.77     0.19
  SINCE SEP 1      8.79               8.59   0.20     4.73
  SINCE JAN 1     36.56              30.96   5.60    22.94

SNOWFALL (IN)
  TODAY            0.0   10.2  2014   0.6   -0.6      0.0
  MONTH TO DATE    0.0                5.3   -5.3       T
  SINCE SEP 1      T                 11.4  -11.4      1.2
  SINCE JUL 1      T                 11.4  -11.4      1.2
  SNOW DEPTH       0

DEGREE DAYS
 HEATING
  TODAY            9                 32    -23       21
  MONTH TO DATE  165                302   -137      187
  SINCE SEP 1    919               1278   -359     1005
  SINCE JUL 1   1019               1463   -444     1173

 COOLING
  TODAY            0                  0      0        0
  MONTH TO DATE    0                  0      0        0
  SINCE SEP 1     10                 22    -12       68
  SINCE JAN 1    246                242      4      250
...........................................................


WIND (MPH)
  HIGHEST WIND SPEED    MM   HIGHEST WIND DIRECTION    MM
  HIGHEST GUST SPEED    33   HIGHEST GUST DIRECTION    NW (315)
  AVERAGE WIND SPEED    MM


SKY COVER
  POSSIBLE SUNSHINE  MM
  AVERAGE SKY COVER  MM


WEATHER CONDITIONS
 THE FOLLOWING WEATHER WAS RECORDED TODAY.
  NO SIGNIFICANT WEATHER WAS OBSERVED.


RELATIVE HUMIDITY (PERCENT)
 HIGHEST    MM
 LOWEST     MM
 AVERAGE    MM

..........................................................


THE MARQUETTE MI CLIMATE NORMALS FOR TOMORROW
                         NORMAL    RECORD    YEAR
 MAXIMUM TEMPERATURE (F)   40        59      1961
 MINIMUM TEMPERATURE (F)   25         0      1986
                                             1979


SUNRISE AND SUNSET
NOVEMBER 10 2016......SUNRISE   746 AM EST   SUNSET   522 PM EST
NOVEMBER 11 2016......SUNRISE   747 AM EST   SUNSET   521 PM EST


-  INDICATES NEGATIVE NUMBERS.
R  INDICATES RECORD WAS SET OR TIED.
MM INDICATES DATA IS MISSING.
T  INDICATES TRACE AMOUNT.




$$
