000
CDUS43 KMQT 190525
CLIMQT


CLIMATE REPORT
NATIONAL WEATHER SERVICE MARQUETTE MI
1223 AM EST FRI DEC 19 2014


...................................

...THE MARQUETTE MI CLIMATE SUMMARY FOR DECEMBER 18 2014...

CLIMATE NORMAL PERIOD 1981 TO 2010
CLIMATE RECORD PERIOD 1961 TO 2014


WEATHER ITEM   OBSERVED RECORD YEAR NORMAL DEPARTURE LAST
                VALUE   VALUE       VALUE  FROM      YEAR
                                           NORMAL
...........................................................
TEMPERATURE (F)
 YESTERDAY
  MAXIMUM         26     45    1997  25      1       16
  MINIMUM          8    -19    1983  10     -2       10
  AVERAGE         17                 18     -1       13

PRECIPITATION (IN)
  YESTERDAY        T      0.81 1981   0.07  -0.07     0.01
  MONTH TO DATE    0.81               1.57  -0.76     1.41
  SINCE DEC 1      0.81               1.57  -0.76     1.41
  SINCE JAN 1     43.36              34.68   8.68    38.59

SNOWFALL (IN)
  YESTERDAY        T     16.7  1981   1.4   -1.4      0.5
  MONTH TO DATE   10.3               24.6  -14.3     19.1
  SINCE DEC 1     10.3               24.6  -14.3     19.1
  SINCE JUL 1     66.5               55.1   11.4     41.6
  SNOW DEPTH      13

DEGREE DAYS
 HEATING
  YESTERDAY       48                 47      1       52
  MONTH TO DATE  771                805    -34      972
  SINCE DEC 1    771                805    -34      972
  SINCE JUL 1   3301               3007    294     3141

 COOLING
  YESTERDAY        0                  0      0        0
  MONTH TO DATE    0                  0      0        0
  SINCE DEC 1      0                  0      0        0
  SINCE JAN 1    152                242    -90      280
...........................................................


WIND (MPH)
  RESULTANT WIND SPEED  MM   RESULTANT WIND DIRECTION  MM
  HIGHEST WIND SPEED    MM   HIGHEST WIND DIRECTION    MM
  HIGHEST GUST SPEED    16   HIGHEST GUST DIRECTION     N (360)
  AVERAGE WIND SPEED    MM


SKY COVER
  POSSIBLE SUNSHINE  MM
  AVERAGE SKY COVER  MM


WEATHER CONDITIONS
 THE FOLLOWING WEATHER WAS RECORDED YESTERDAY.
  LIGHT SNOW


RELATIVE HUMIDITY (PERCENT)
 HIGHEST    MM
 LOWEST     MM
 AVERAGE    MM

..........................................................


THE MARQUETTE MI CLIMATE NORMALS FOR TODAY
                         NORMAL    RECORD    YEAR
 MAXIMUM TEMPERATURE (F)   25        44      2002
 MINIMUM TEMPERATURE (F)   10       -21      1983


SUNRISE AND SUNSET
DECEMBER 19 2014......SUNRISE   830 AM EST   SUNSET   505 PM EST
DECEMBER 20 2014......SUNRISE   831 AM EST   SUNSET   505 PM EST


-  INDICATES NEGATIVE NUMBERS.
R  INDICATES RECORD WAS SET OR TIED.
MM INDICATES DATA IS MISSING.
T  INDICATES TRACE AMOUNT.




$$
