000
CDUS43 KMQT 270517
CLIMQT


CLIMATE REPORT
NATIONAL WEATHER SERVICE MARQUETTE MI
114 AM EDT MON OCT 27 2014


...................................

...THE MARQUETTE MI CLIMATE SUMMARY FOR OCTOBER 26 2014...

CLIMATE NORMAL PERIOD 1981 TO 2010
CLIMATE RECORD PERIOD 1961 TO 2014


WEATHER ITEM   OBSERVED RECORD YEAR NORMAL DEPARTURE LAST
                VALUE   VALUE       VALUE  FROM      YEAR
                                           NORMAL
...........................................................
TEMPERATURE (F)
 YESTERDAY
  MAXIMUM         53     76    1989  48      5       42
  MINIMUM         31     16    1981  31      0       31
  AVERAGE         42                 39      3       37

PRECIPITATION (IN)
  YESTERDAY        0.00   0.83 2010   0.11  -0.11     0.26
  MONTH TO DATE    5.32               3.30   2.02     3.81
  SINCE SEP 1      9.42               7.02   2.40     5.83
  SINCE JAN 1     36.16              29.39   6.77    33.58

SNOWFALL (IN)
  YESTERDAY        0.0    4.5  2001   0.3   -0.3      0.4
  MONTH TO DATE    T                  4.3   -4.3      2.8
  SINCE SEP 1      T                  4.4   -4.4      2.8
  SINCE JUL 1      T                  4.4   -4.4      2.8
  SNOW DEPTH       0

DEGREE DAYS
 HEATING
  YESTERDAY       23                 26     -3       28
  MONTH TO DATE  568                544     24      488
  SINCE SEP 1    848                841      7      739
  SINCE JUL 1   1095               1026     69      953

 COOLING
  YESTERDAY        0                  0      0        0
  MONTH TO DATE    0                  0      0        0
  SINCE SEP 1      5                 21    -16       10
  SINCE JAN 1    152                241    -89      280
...........................................................


WIND (MPH)
  HIGHEST WIND SPEED    MM   HIGHEST WIND DIRECTION    MM
  HIGHEST GUST SPEED    20   HIGHEST GUST DIRECTION    NW (315)
  AVERAGE WIND SPEED    MM


SKY COVER
  POSSIBLE SUNSHINE  MM
  AVERAGE SKY COVER  MM


WEATHER CONDITIONS
 THE FOLLOWING WEATHER WAS RECORDED YESTERDAY.
  NO SIGNIFICANT WEATHER WAS OBSERVED.


RELATIVE HUMIDITY (PERCENT)
 HIGHEST    MM
 LOWEST     MM
 AVERAGE    MM

..........................................................


THE MARQUETTE MI CLIMATE NORMALS FOR TODAY
                         NORMAL    RECORD    YEAR
 MAXIMUM TEMPERATURE (F)   47        71      1989
 MINIMUM TEMPERATURE (F)   31        17      1976


SUNRISE AND SUNSET
OCTOBER 27 2014.......SUNRISE   825 AM EDT   SUNSET   643 PM EDT
OCTOBER 28 2014.......SUNRISE   826 AM EDT   SUNSET   641 PM EDT


-  INDICATES NEGATIVE NUMBERS.
R  INDICATES RECORD WAS SET OR TIED.
MM INDICATES DATA IS MISSING.
T  INDICATES TRACE AMOUNT.




$$
