000
CDUS43 KMQT 122107
CLIMQT


CLIMATE REPORT
NATIONAL WEATHER SERVICE MARQUETTE MI
506 PM EDT SAT APR 12 2014


...................................

...THE MARQUETTE MI CLIMATE SUMMARY FOR APRIL 12 2014...
VALID TODAY AS OF 0500 PM LOCAL TIME.

CLIMATE NORMAL PERIOD 1981 TO 2010
CLIMATE RECORD PERIOD 1961 TO 2014


WEATHER ITEM   OBSERVED RECORD YEAR NORMAL DEPARTURE LAST
                VALUE   VALUE       VALUE  FROM      YEAR
                                           NORMAL
...........................................................
TEMPERATURE (F)
 TODAY
  MAXIMUM         36     80    1968  46    -10       28
  MINIMUM         28      9    1992  26      2       24
  AVERAGE         32                 36     -4       26

PRECIPITATION (IN)
  TODAY            0.09   1.21 1982   0.11  -0.02     0.97
  MONTH TO DATE    1.22               1.29  -0.07     1.75
  SINCE MAR 1      3.18               4.32  -1.14     5.04
  SINCE JAN 1      6.70               8.87  -2.17    10.59

SNOWFALL (IN)
  TODAY            T      9.4  2013   0.6   -0.6      9.4
                               1972
  MONTH TO DATE   10.7                8.3    2.4     14.3
  SINCE MAR 1     40.7               43.2   -2.5     63.1
  SINCE JUL 1    170.2              195.6  -25.4    196.9
  SNOW DEPTH      17

DEGREE DAYS
 HEATING
  TODAY           33                 29      4       39
  MONTH TO DATE  377                378     -1      458
  SINCE MAR 1   1900               1641    259     1808
  SINCE JUL 1   9222               8265    957     8118

 COOLING
  TODAY            0                  0      0        0
  MONTH TO DATE    0                  0      0        0
  SINCE MAR 1      0                  0      0        0
  SINCE JAN 1      0                  0      0        0
...........................................................


WIND (MPH)
  HIGHEST WIND SPEED    MM   HIGHEST WIND DIRECTION    MM
  HIGHEST GUST SPEED    MM   HIGHEST GUST DIRECTION    MM
  AVERAGE WIND SPEED    MM


SKY COVER
  POSSIBLE SUNSHINE  MM
  AVERAGE SKY COVER  MM


WEATHER CONDITIONS
 THE FOLLOWING WEATHER WAS RECORDED TODAY.
  LIGHT SNOW
  FOG
  FOG W/VISIBILITY <= 1/4 MILE


RELATIVE HUMIDITY (PERCENT)
 HIGHEST    MM
 LOWEST     MM
 AVERAGE    MM

..........................................................


THE MARQUETTE MI CLIMATE NORMALS FOR TOMORROW
                         NORMAL    RECORD    YEAR
 MAXIMUM TEMPERATURE (F)   46        69      1998
 MINIMUM TEMPERATURE (F)   27         4      1992


SUNRISE AND SUNSET
APRIL 12 2014.........SUNRISE   709 AM EDT   SUNSET   834 PM EDT
APRIL 13 2014.........SUNRISE   707 AM EDT   SUNSET   835 PM EDT


-  INDICATES NEGATIVE NUMBERS.
R  INDICATES RECORD WAS SET OR TIED.
MM INDICATES DATA IS MISSING.
T  INDICATES TRACE AMOUNT.




$$
