000
CDUS43 KMQT 150549
CLIMQT


CLIMATE REPORT
NATIONAL WEATHER SERVICE MARQUETTE MI
1249 AM EST THU FEB 15 2018


...................................

...THE MARQUETTE MI CLIMATE SUMMARY FOR FEBRUARY 14 2018...

CLIMATE NORMAL PERIOD 1981 TO 2010
CLIMATE RECORD PERIOD 1961 TO 2018


WEATHER ITEM   OBSERVED RECORD YEAR NORMAL DEPARTURE LAST
                VALUE   VALUE       VALUE  FROM      YEAR
                                           NORMAL
...........................................................
TEMPERATURE (F)
 YESTERDAY
  MAXIMUM         48R    43    1984  25     23       34
  MINIMUM         20    -28    1970   5     15       19
  AVERAGE         34                 15     19       27

PRECIPITATION (IN)
  YESTERDAY        0.00   0.58 1991   0.07  -0.07     0.05
  MONTH TO DATE    0.24               1.01  -0.77     1.20
  SINCE DEC 1      5.10               5.99  -0.89     5.13
  SINCE JAN 1      2.96               3.42  -0.46     2.94

SNOWFALL (IN)
  YESTERDAY        0.0   13.3  1991   1.3   -1.3      1.2
  MONTH TO DATE    3.5               17.8  -14.3     17.9
  SINCE DEC 1     78.3              103.8  -25.5     90.1
  SINCE JUL 1    103.3              134.3  -31.0    104.3
  SNOW DEPTH      19

DEGREE DAYS
 HEATING
  YESTERDAY       31                 50    -19       38
  MONTH TO DATE  835                713    122      688
  SINCE DEC 1   3964               3748    216     3552
  SINCE JUL 1   6091               5950    141     5177

 COOLING
  YESTERDAY        0                  0      0        0
  MONTH TO DATE    0                  0      0        0
  SINCE DEC 1      0                  0      0        0
  SINCE JAN 1      0                  0      0        0
...........................................................


WIND (MPH)
  RESULTANT WIND SPEED  MM   RESULTANT WIND DIRECTION  MM
  HIGHEST WIND SPEED    MM   HIGHEST WIND DIRECTION    MM
  HIGHEST GUST SPEED    26   HIGHEST GUST DIRECTION     W (270)
  AVERAGE WIND SPEED    MM


SKY COVER
  POSSIBLE SUNSHINE  MM
  AVERAGE SKY COVER  MM


WEATHER CONDITIONS
 THE FOLLOWING WEATHER WAS RECORDED YESTERDAY.
  NO SIGNIFICANT WEATHER WAS OBSERVED.


RELATIVE HUMIDITY (PERCENT)
 HIGHEST    MM
 LOWEST     MM
 AVERAGE    MM

..........................................................


THE MARQUETTE MI CLIMATE NORMALS FOR TODAY
                         NORMAL    RECORD    YEAR
 MAXIMUM TEMPERATURE (F)   26        46      1981
 MINIMUM TEMPERATURE (F)    5       -21      1974


SUNRISE AND SUNSET
FEBRUARY 15 2018......SUNRISE   754 AM EST   SUNSET   616 PM EST
FEBRUARY 16 2018......SUNRISE   752 AM EST   SUNSET   617 PM EST


-  INDICATES NEGATIVE NUMBERS.
R  INDICATES RECORD WAS SET OR TIED.
MM INDICATES DATA IS MISSING.
T  INDICATES TRACE AMOUNT.




$$
