000
CDUS43 KMQT 222211
CLIMQT


CLIMATE REPORT
NATIONAL WEATHER SERVICE MARQUETTE MI
510 PM EST SUN JAN 22 2017


...................................

...THE MARQUETTE MI CLIMATE SUMMARY FOR JANUARY 22 2017...
VALID TODAY AS OF 0500 PM LOCAL TIME.

CLIMATE NORMAL PERIOD 1981 TO 2010
CLIMATE RECORD PERIOD 1961 TO 2017


WEATHER ITEM   OBSERVED RECORD YEAR NORMAL DEPARTURE LAST
                VALUE   VALUE       VALUE  FROM      YEAR
                                           NORMAL
...........................................................
TEMPERATURE (F)
 TODAY
  MAXIMUM         36     45    1989  22     14       23
  MINIMUM         32    -24    1963   4     28       18
  AVERAGE         34                 13     21       21

PRECIPITATION (IN)
  TODAY            0.00   0.74 1997   0.08  -0.08     0.02
  MONTH TO DATE    1.22               1.72  -0.50     1.22
  SINCE DEC 1      3.41               4.29  -0.88     6.09
  SINCE JAN 1      1.22               1.72  -0.50     1.22

SNOWFALL (IN)
  TODAY            0.0    6.3  1980   1.4   -1.4      0.7
  MONTH TO DATE   16.4               30.8  -14.4     24.2
  SINCE DEC 1     58.4               73.6  -15.2     43.1
  SINCE JUL 1     72.6              104.1  -31.5     51.0
  SNOW DEPTH      12

DEGREE DAYS
 HEATING
  TODAY           31                 52    -21       44
  MONTH TO DATE 1050               1127    -77     1102
  SINCE DEC 1   2483               2567    -84     2212
  SINCE JUL 1   4108               4769   -661     4044

 COOLING
  TODAY            0                  0      0        0
  MONTH TO DATE    0                  0      0        0
  SINCE DEC 1      0                  0      0        0
  SINCE JAN 1      0                  0      0        0
...........................................................


WIND (MPH)
  HIGHEST WIND SPEED    MM   HIGHEST WIND DIRECTION    MM
  HIGHEST GUST SPEED     4   HIGHEST GUST DIRECTION     S (180)
  AVERAGE WIND SPEED    MM


SKY COVER
  POSSIBLE SUNSHINE  MM
  AVERAGE SKY COVER  MM


WEATHER CONDITIONS
 THE FOLLOWING WEATHER WAS RECORDED TODAY.
  FOG
  FOG W/VISIBILITY <= 1/4 MILE


RELATIVE HUMIDITY (PERCENT)
 HIGHEST    MM
 LOWEST     MM
 AVERAGE    MM

..........................................................


THE MARQUETTE MI CLIMATE NORMALS FOR TOMORROW
                         NORMAL    RECORD    YEAR
 MAXIMUM TEMPERATURE (F)   22        40      1969
                                             1967
 MINIMUM TEMPERATURE (F)    4       -27      1963


SUNRISE AND SUNSET
JANUARY 22 2017.......SUNRISE   824 AM EST   SUNSET   540 PM EST
JANUARY 23 2017.......SUNRISE   823 AM EST   SUNSET   541 PM EST


-  INDICATES NEGATIVE NUMBERS.
R  INDICATES RECORD WAS SET OR TIED.
MM INDICATES DATA IS MISSING.
T  INDICATES TRACE AMOUNT.




$$
