000
CDUS43 KMQT 260517
CLIMQT


CLIMATE REPORT
NATIONAL WEATHER SERVICE MARQUETTE MI
116 AM EDT TUE JUL 26 2016


...................................

...THE MARQUETTE MI CLIMATE SUMMARY FOR JULY 25 2016...

CLIMATE NORMAL PERIOD 1981 TO 2010
CLIMATE RECORD PERIOD 1961 TO 2016


WEATHER ITEM   OBSERVED RECORD YEAR NORMAL DEPARTURE LAST
                VALUE   VALUE       VALUE  FROM      YEAR
                                           NORMAL
...........................................................
TEMPERATURE (F)
 YESTERDAY
  MAXIMUM         79     91    2007  77      2       85
                               1989
  MINIMUM         61     42    1976  55      6       59
  AVERAGE         70                 66      4       72

PRECIPITATION (IN)
  YESTERDAY        0.00   1.53 2012   0.10  -0.10      T
  MONTH TO DATE    3.47               2.27   1.20     1.70
  SINCE JUN 1      7.01               5.11   1.90     4.19
  SINCE JAN 1     23.22              18.75   4.47    15.51

SNOWFALL (IN)
  YESTERDAY        0.0   MM      MM   0.0    0.0      0.0
  MONTH TO DATE    T                  0.0    0.0      0.0
  SINCE JUN 1      T                  0.0    0.0      0.0
  SINCE JUL 1      T                  0.0    0.0      0.0
  SNOW DEPTH       0

DEGREE DAYS
 HEATING
  YESTERDAY        0                  2     -2        0
  MONTH TO DATE   50                 62    -12       68
  SINCE JUN 1    232                244    -12      270
  SINCE JUL 1     50                 62    -12       68

 COOLING
  YESTERDAY        5                  3      2        7
  MONTH TO DATE   91                 75     16       60
  SINCE JUN 1    132                123      9       60
  SINCE JAN 1    143                135      8       62
...........................................................


WIND (MPH)
  RESULTANT WIND SPEED  MM   RESULTANT WIND DIRECTION  MM
  HIGHEST WIND SPEED    MM   HIGHEST WIND DIRECTION    MM
  HIGHEST GUST SPEED    26   HIGHEST GUST DIRECTION    NW (315)
  AVERAGE WIND SPEED    MM


SKY COVER
  POSSIBLE SUNSHINE  MM
  AVERAGE SKY COVER  MM


WEATHER CONDITIONS
 THE FOLLOWING WEATHER WAS RECORDED YESTERDAY.
  NO SIGNIFICANT WEATHER WAS OBSERVED.


RELATIVE HUMIDITY (PERCENT)
 HIGHEST    MM
 LOWEST     MM
 AVERAGE    MM

..........................................................


THE MARQUETTE MI CLIMATE NORMALS FOR TODAY
                         NORMAL    RECORD    YEAR
 MAXIMUM TEMPERATURE (F)   77        91      1989
 MINIMUM TEMPERATURE (F)   55        40      1962


SUNRISE AND SUNSET
JULY 26 2016..........SUNRISE   625 AM EDT   SUNSET   928 PM EDT
JULY 27 2016..........SUNRISE   626 AM EDT   SUNSET   927 PM EDT


-  INDICATES NEGATIVE NUMBERS.
R  INDICATES RECORD WAS SET OR TIED.
MM INDICATES DATA IS MISSING.
T  INDICATES TRACE AMOUNT.




$$
