000
CDUS43 KMQT 300553
CLIMQT


CLIMATE REPORT
NATIONAL WEATHER SERVICE MARQUETTE MI
152 AM EDT SAT AUG 30 2014


...................................

...THE MARQUETTE MI CLIMATE SUMMARY FOR AUGUST 29 2014...

CLIMATE NORMAL PERIOD 1981 TO 2010
CLIMATE RECORD PERIOD 1961 TO 2014


WEATHER ITEM   OBSERVED RECORD YEAR NORMAL DEPARTURE LAST
                VALUE   VALUE       VALUE  FROM      YEAR
                                           NORMAL
...........................................................
TEMPERATURE (F)
 YESTERDAY
  MAXIMUM         67     90    1991  72     -5       86
                               1969
  MINIMUM         56     34    1976  51      5       63
  AVERAGE         62                 62      0       75

PRECIPITATION (IN)
  YESTERDAY        0.14   1.64 2009   0.10   0.04     0.10
  MONTH TO DATE    4.17               2.84   1.33     1.69
  SINCE JUN 1     13.98               8.52   5.46     9.78
  SINCE JAN 1     26.44              22.16   4.28    27.12

SNOWFALL (IN)
  YESTERDAY        0.0   MM      MM   0.0    0.0      0.0
  MONTH TO DATE    0.0                0.0    0.0      0.0
  SINCE JUN 1      T                  0.0    0.0      0.0
  SINCE JUL 1      T                  0.0    0.0      0.0
  SNOW DEPTH       0

DEGREE DAYS
 HEATING
  YESTERDAY        3                  5     -2        0
  MONTH TO DATE  119                 96     23      102
  SINCE JUN 1    403                357     46      412
  SINCE JUL 1    240                175     65      214

 COOLING
  YESTERDAY        0                  2     -2       10
  MONTH TO DATE   31                 62    -31       86
  SINCE JUN 1    127                204    -77      253
  SINCE JAN 1    147                216    -69      266
...........................................................


WIND (MPH)
  RESULTANT WIND SPEED  MM   RESULTANT WIND DIRECTION  MM
  HIGHEST WIND SPEED    MM   HIGHEST WIND DIRECTION    MM
  HIGHEST GUST SPEED    22   HIGHEST GUST DIRECTION     S (180)
  AVERAGE WIND SPEED    MM


SKY COVER
  POSSIBLE SUNSHINE  MM
  AVERAGE SKY COVER  MM


WEATHER CONDITIONS
 THE FOLLOWING WEATHER WAS RECORDED YESTERDAY.
  LIGHT RAIN
  FOG


RELATIVE HUMIDITY (PERCENT)
 HIGHEST    MM
 LOWEST     MM
 AVERAGE    MM

..........................................................


THE MARQUETTE MI CLIMATE NORMALS FOR TODAY
                         NORMAL    RECORD    YEAR
 MAXIMUM TEMPERATURE (F)   72        91      1969
 MINIMUM TEMPERATURE (F)   51        31      1976


SUNRISE AND SUNSET
AUGUST 30 2014........SUNRISE   708 AM EDT   SUNSET   833 PM EDT
AUGUST 31 2014........SUNRISE   709 AM EDT   SUNSET   831 PM EDT


-  INDICATES NEGATIVE NUMBERS.
R  INDICATES RECORD WAS SET OR TIED.
MM INDICATES DATA IS MISSING.
T  INDICATES TRACE AMOUNT.




$$
