000
CDUS43 KMQT 310514
CLIMQT


CLIMATE REPORT
NATIONAL WEATHER SERVICE MARQUETTE MI
113 AM EDT SUN MAY 31 2015


...................................

...THE MARQUETTE MI CLIMATE SUMMARY FOR MAY 30 2015...

CLIMATE NORMAL PERIOD 1981 TO 2010
CLIMATE RECORD PERIOD 1961 TO 2015


WEATHER ITEM   OBSERVED RECORD YEAR NORMAL DEPARTURE LAST
                VALUE   VALUE       VALUE  FROM      YEAR
                                           NORMAL
...........................................................
TEMPERATURE (F)
 YESTERDAY
  MAXIMUM         50     93    1986  67    -17       85
  MINIMUM         37     28    1973  44     -7       51
  AVERAGE         44                 56    -12       68

PRECIPITATION (IN)
  YESTERDAY        0.04   1.84 1970   0.11  -0.07     0.00
  MONTH TO DATE    4.64               2.94   1.70     2.53
  SINCE MAR 1      8.40               8.98  -0.58     8.94
  SINCE JAN 1     11.32              13.53  -2.21    12.46

SNOWFALL (IN)
  YESTERDAY        0.0   MM      MM   0.0    0.0      0.0
  MONTH TO DATE    0.3                1.5   -1.2      3.6
  SINCE MAR 1     24.7               50.9  -26.2     69.4
  SINCE JUL 1    178.7              203.3  -24.6    198.9
  SNOW DEPTH       0

DEGREE DAYS
 HEATING
  YESTERDAY       21                 10     11        0
  MONTH TO DATE  388                440    -52      440
  SINCE MAR 1   2450               2518    -68     2914
  SINCE JUL 1   9761               9142    619    10236

 COOLING
  YESTERDAY        0                  1     -1        3
  MONTH TO DATE    2                 10     -8       13
  SINCE MAR 1      2                 11     -9       13
  SINCE JAN 1      2                 11     -9       13
...........................................................


WIND (MPH)
  RESULTANT WIND SPEED  MM   RESULTANT WIND DIRECTION  MM
  HIGHEST WIND SPEED    MM   HIGHEST WIND DIRECTION    MM
  HIGHEST GUST SPEED    26   HIGHEST GUST DIRECTION    NW (315)
  AVERAGE WIND SPEED    MM


SKY COVER
  POSSIBLE SUNSHINE  MM
  AVERAGE SKY COVER  MM


WEATHER CONDITIONS
 THE FOLLOWING WEATHER WAS RECORDED YESTERDAY.
  LIGHT RAIN


RELATIVE HUMIDITY (PERCENT)
 HIGHEST    MM
 LOWEST     MM
 AVERAGE    MM

..........................................................


THE MARQUETTE MI CLIMATE NORMALS FOR TODAY
                         NORMAL    RECORD    YEAR
 MAXIMUM TEMPERATURE (F)   67        88      1988
 MINIMUM TEMPERATURE (F)   45        29      2009


SUNRISE AND SUNSET
MAY 31 2015...........SUNRISE   602 AM EDT   SUNSET   935 PM EDT
JUNE  1 2015..........SUNRISE   601 AM EDT   SUNSET   935 PM EDT


-  INDICATES NEGATIVE NUMBERS.
R  INDICATES RECORD WAS SET OR TIED.
MM INDICATES DATA IS MISSING.
T  INDICATES TRACE AMOUNT.




$$
