000
CDUS43 KMQT 230521
CLIMQT


CLIMATE REPORT
NATIONAL WEATHER SERVICE MARQUETTE MI
1221 AM EST THU FEB 23 2017


...................................

...THE MARQUETTE MI CLIMATE SUMMARY FOR FEBRUARY 22 2017...

CLIMATE NORMAL PERIOD 1981 TO 2010
CLIMATE RECORD PERIOD 1961 TO 2017


WEATHER ITEM   OBSERVED RECORD YEAR NORMAL DEPARTURE LAST
                VALUE   VALUE       VALUE  FROM      YEAR
                                           NORMAL
...........................................................
TEMPERATURE (F)
 YESTERDAY
  MAXIMUM         50     57    1984  28     22       24
  MINIMUM         32    -18    2001   6     26        2
  AVERAGE         41                 17     24       13

PRECIPITATION (IN)
  YESTERDAY        0.38R  0.37 1974   0.08   0.30      T
  MONTH TO DATE    1.76               1.63   0.13     2.02
  SINCE DEC 1      5.69               6.61  -0.92     8.85
  SINCE JAN 1      3.50               4.04  -0.54     3.98

SNOWFALL (IN)
  YESTERDAY        T      7.5  1974   1.3   -1.3       T
  MONTH TO DATE   20.0               28.1   -8.1     29.5
  SINCE DEC 1     92.2              114.1  -21.9     85.9
  SINCE JUL 1    106.4              144.6  -38.2     93.8
  SNOW DEPTH       8

DEGREE DAYS
 HEATING
  YESTERDAY       24                 48    -24       52
  MONTH TO DATE  937               1104   -167     1069
  SINCE DEC 1   3801               4139   -338     3657
  SINCE JUL 1   5426               6341   -915     5489

 COOLING
  YESTERDAY        0                  0      0        0
  MONTH TO DATE    0                  0      0        0
  SINCE DEC 1      0                  0      0        0
  SINCE JAN 1      0                  0      0        0
...........................................................

WIND (MPH)
  RESULTANT WIND SPEED  MM   RESULTANT WIND DIRECTION  MM
  HIGHEST WIND SPEED    MM   HIGHEST WIND DIRECTION    MM
  HIGHEST GUST SPEED    18   HIGHEST GUST DIRECTION     N (360)
  AVERAGE WIND SPEED    MM

SKY COVER
  POSSIBLE SUNSHINE  MM
  AVERAGE SKY COVER  MM

WEATHER CONDITIONS
 THE FOLLOWING WEATHER WAS RECORDED YESTERDAY.
  RAIN
  LIGHT RAIN
  LIGHT SNOW
  FOG
  FOG W/VISIBILITY <= 1/4 MILE

RELATIVE HUMIDITY (PERCENT)
 HIGHEST    MM
 LOWEST     MM
 AVERAGE    MM
..........................................................

THE MARQUETTE MI CLIMATE NORMALS FOR TODAY
                         NORMAL    RECORD    YEAR
 MAXIMUM TEMPERATURE (F)   28        49      2000
                                             1984
 MINIMUM TEMPERATURE (F)    7       -28      2015


SUNRISE AND SUNSET
FEBRUARY 23 2017......SUNRISE   740 AM EST   SUNSET   628 PM EST
FEBRUARY 24 2017......SUNRISE   738 AM EST   SUNSET   629 PM EST


-  INDICATES NEGATIVE NUMBERS.
R  INDICATES RECORD WAS SET OR TIED.
MM INDICATES DATA IS MISSING.
T  INDICATES TRACE AMOUNT.




$$
