170
CDUS43 KMQT 230542
CLIMQT


CLIMATE REPORT
NATIONAL WEATHER SERVICE MARQUETTE MI
138 AM EDT FRI JUN 23 2017


...................................

...THE MARQUETTE MI CLIMATE SUMMARY FOR JUNE 22 2017...

CLIMATE NORMAL PERIOD 1981 TO 2010
CLIMATE RECORD PERIOD 1961 TO 2017


WEATHER ITEM   OBSERVED RECORD YEAR NORMAL DEPARTURE LAST
                VALUE   VALUE       VALUE  FROM      YEAR
                                           NORMAL
...........................................................
TEMPERATURE (F)
 YESTERDAY
  MAXIMUM         71     90    1995  74     -3       68
  MINIMUM         54     32    1992  52      2       41
  AVERAGE         63                 62      1       55

PRECIPITATION (IN)
  YESTERDAY        0.04   1.26 2011   0.09  -0.05     0.00
  MONTH TO DATE    4.02               2.14   1.88     2.11
  SINCE JUN 1      4.02               2.14   1.88     2.11
  SINCE JAN 1     18.86              15.78   3.08    18.32

SNOWFALL (IN)
  YESTERDAY        0.0   MM      MM   0.0    0.0      0.0
  MONTH TO DATE    0.0                0.0    0.0       T
  SINCE JUN 1      0.0                0.0    0.0       T
  SINCE JUL 1    154.0              203.3  -49.3    160.9
  SNOW DEPTH       0

DEGREE DAYS
 HEATING
  YESTERDAY        2                  5     -3       10
  MONTH TO DATE   95                152    -57      149
  SINCE JUN 1     95                152    -57      149
  SINCE JUL 1   8328               9304   -976     8353

 COOLING
  YESTERDAY        0                  2     -2        0
  MONTH TO DATE   21                 29     -8       28
  SINCE JUN 1     21                 29     -8       28
  SINCE JAN 1     21                 41    -20       39
...........................................................


WIND (MPH)
  RESULTANT WIND SPEED  MM   RESULTANT WIND DIRECTION  MM
  HIGHEST WIND SPEED    MM   HIGHEST WIND DIRECTION    MM
  HIGHEST GUST SPEED    18   HIGHEST GUST DIRECTION     W (270)
  AVERAGE WIND SPEED    MM


SKY COVER
  POSSIBLE SUNSHINE  MM
  AVERAGE SKY COVER  MM


WEATHER CONDITIONS
 THE FOLLOWING WEATHER WAS RECORDED YESTERDAY.
  THUNDERSTORM
  HEAVY RAIN
  LIGHT RAIN


RELATIVE HUMIDITY (PERCENT)
 HIGHEST    MM
 LOWEST     MM
 AVERAGE    MM

..........................................................


THE MARQUETTE MI CLIMATE NORMALS FOR TODAY
                         NORMAL    RECORD    YEAR
 MAXIMUM TEMPERATURE (F)   74        91      2003
 MINIMUM TEMPERATURE (F)   52        38      2006
                                             1979


SUNRISE AND SUNSET
JUNE 23 2017..........SUNRISE   558 AM EDT   SUNSET   947 PM EDT
JUNE 24 2017..........SUNRISE   558 AM EDT   SUNSET   947 PM EDT


-  INDICATES NEGATIVE NUMBERS.
R  INDICATES RECORD WAS SET OR TIED.
MM INDICATES DATA IS MISSING.
T  INDICATES TRACE AMOUNT.




$$
