000
CDUS43 KMQT 190510
CLIMQT


CLIMATE REPORT
NATIONAL WEATHER SERVICE MARQUETTE MI
111 AM EDT SAT APR 19 2014


...................................

...THE MARQUETTE MI CLIMATE SUMMARY FOR APRIL 18 2014...

CLIMATE NORMAL PERIOD 1981 TO 2010
CLIMATE RECORD PERIOD 1961 TO 2014


WEATHER ITEM   OBSERVED RECORD YEAR NORMAL DEPARTURE LAST
                VALUE   VALUE       VALUE  FROM      YEAR
                                           NORMAL
...........................................................
TEMPERATURE (F)
 YESTERDAY
  MAXIMUM         38     79    2005  49    -11       34
  MINIMUM         18     15    1983  29    -11       31
                               1974
  AVERAGE         28                 39    -11       33

PRECIPITATION (IN)
  YESTERDAY        0.00   0.98 2004   0.10  -0.10     0.62
  MONTH TO DATE    2.94               1.91   1.03     3.28
  SINCE MAR 1      4.90               4.94  -0.04     6.57
  SINCE JAN 1      8.42               9.49  -1.07    12.12

SNOWFALL (IN)
  YESTERDAY        0.0    1.5  1975   0.4   -0.4      0.0
  MONTH TO DATE   29.0               11.2   17.8     17.9
  SINCE MAR 1     59.0               46.1   12.9     66.7
  SINCE JUL 1    188.5              198.5  -10.0    200.5
  SNOW DEPTH      26

DEGREE DAYS
 HEATING
  YESTERDAY       37                 26     11       32
  MONTH TO DATE  620                540     80      651
  SINCE MAR 1   2143               1803    340     2001
  SINCE JUL 1   9465               8427   1038     8311

 COOLING
  YESTERDAY        0                  0      0        0
  MONTH TO DATE    0                  0      0        0
  SINCE MAR 1      0                  0      0        0
  SINCE JAN 1      0                  0      0        0
...........................................................


WIND (MPH)
  RESULTANT WIND SPEED  MM   RESULTANT WIND DIRECTION  MM
  HIGHEST WIND SPEED    MM   HIGHEST WIND DIRECTION    MM
  HIGHEST GUST SPEED    19   HIGHEST GUST DIRECTION     W (270)
  AVERAGE WIND SPEED    MM


SKY COVER
  POSSIBLE SUNSHINE  MM
  AVERAGE SKY COVER  MM


WEATHER CONDITIONS
 THE FOLLOWING WEATHER WAS RECORDED YESTERDAY.
  NO SIGNIFICANT WEATHER WAS OBSERVED.


RELATIVE HUMIDITY (PERCENT)
 HIGHEST    MM
 LOWEST     MM
 AVERAGE    MM

..........................................................


THE MARQUETTE MI CLIMATE NORMALS FOR TODAY
                         NORMAL    RECORD    YEAR
 MAXIMUM TEMPERATURE (F)   50        79      1987
 MINIMUM TEMPERATURE (F)   30         9      1983


SUNRISE AND SUNSET
APRIL 19 2014.........SUNRISE   656 AM EDT   SUNSET   843 PM EDT
APRIL 20 2014.........SUNRISE   654 AM EDT   SUNSET   845 PM EDT


-  INDICATES NEGATIVE NUMBERS.
R  INDICATES RECORD WAS SET OR TIED.
MM INDICATES DATA IS MISSING.
T  INDICATES TRACE AMOUNT.

$$
