000
CDUS43 KMQT 260516
CLIMQT


CLIMATE REPORT
NATIONAL WEATHER SERVICE MARQUETTE MI
114 AM EDT TUE MAY 26 2015


...................................

...THE MARQUETTE MI CLIMATE SUMMARY FOR MAY 25 2015...

CLIMATE NORMAL PERIOD 1981 TO 2010
CLIMATE RECORD PERIOD 1961 TO 2015


WEATHER ITEM   OBSERVED RECORD YEAR NORMAL DEPARTURE LAST
                VALUE   VALUE       VALUE  FROM      YEAR
                                           NORMAL
...........................................................
TEMPERATURE (F)
 YESTERDAY
  MAXIMUM         68     88    2010  65      3       85
  MINIMUM         54     28    2002  43     11       55
  AVERAGE         61                 54      7       70

PRECIPITATION (IN)
  YESTERDAY        1.09R  0.77 1999   0.11   0.98     0.00
  MONTH TO DATE    2.65               2.40   0.25     2.48
  SINCE MAR 1      6.41               8.44  -2.03     8.89
  SINCE JAN 1      9.33              12.99  -3.66    12.41

SNOWFALL (IN)
  YESTERDAY        0.0   MM      MM   0.0    0.0      0.0
  MONTH TO DATE    0.3                1.5   -1.2      3.6
  SINCE MAR 1     24.7               50.9  -26.2     69.4
  SINCE JUL 1    178.7              203.3  -24.6    198.9
  SNOW DEPTH       0

DEGREE DAYS
 HEATING
  YESTERDAY        4                 12     -8        0
  MONTH TO DATE  350                387    -37      416
  SINCE MAR 1   2412               2465    -53     2890
  SINCE JUL 1   9723               9089    634    10212

 COOLING
  YESTERDAY        0                  1     -1        5
  MONTH TO DATE    2                  5     -3        5
  SINCE MAR 1      2                  6     -4        5
  SINCE JAN 1      2                  6     -4        5
...........................................................


WIND (MPH)
  RESULTANT WIND SPEED  MM   RESULTANT WIND DIRECTION  MM
  HIGHEST WIND SPEED    MM   HIGHEST WIND DIRECTION    MM
  HIGHEST GUST SPEED    26   HIGHEST GUST DIRECTION    SW (225)
  AVERAGE WIND SPEED    MM


SKY COVER
  POSSIBLE SUNSHINE  MM
  AVERAGE SKY COVER  MM


WEATHER CONDITIONS
 THE FOLLOWING WEATHER WAS RECORDED YESTERDAY.
  LIGHT RAIN


RELATIVE HUMIDITY (PERCENT)
 HIGHEST    MM
 LOWEST     MM
 AVERAGE    MM

..........................................................


THE MARQUETTE MI CLIMATE NORMALS FOR TODAY
                         NORMAL    RECORD    YEAR
 MAXIMUM TEMPERATURE (F)   66        89      1978
 MINIMUM TEMPERATURE (F)   43        27      1992
                                             1969


SUNRISE AND SUNSET
MAY 26 2015...........SUNRISE   605 AM EDT   SUNSET   930 PM EDT
MAY 27 2015...........SUNRISE   605 AM EDT   SUNSET   931 PM EDT


-  INDICATES NEGATIVE NUMBERS.
R  INDICATES RECORD WAS SET OR TIED.
MM INDICATES DATA IS MISSING.
T  INDICATES TRACE AMOUNT.


$$

TITUS
