000
CDUS43 KMQT 310507
CLIMQT


CLIMATE REPORT
NATIONAL WEATHER SERVICE MARQUETTE MI
106 AM EDT TUE MAY 31 2016


...................................

...THE MARQUETTE MI CLIMATE SUMMARY FOR MAY 30 2016...

CLIMATE NORMAL PERIOD 1981 TO 2010
CLIMATE RECORD PERIOD 1961 TO 2016


WEATHER ITEM   OBSERVED RECORD YEAR NORMAL DEPARTURE LAST
                VALUE   VALUE       VALUE  FROM      YEAR
                                           NORMAL
...........................................................
TEMPERATURE (F)
 YESTERDAY
  MAXIMUM         75     93    1986  67      8       50
  MINIMUM         46     28    1973  44      2       37
  AVERAGE         61                 56      5       44

PRECIPITATION (IN)
  YESTERDAY        0.00   1.84 1970   0.11  -0.11     0.04
  MONTH TO DATE    4.42               2.94   1.48     4.64
  SINCE MAR 1     11.59               8.98   2.61     8.40
  SINCE JAN 1     16.21              13.53   2.68    11.32

SNOWFALL (IN)
  YESTERDAY        0.0   MM      MM   0.0    0.0      0.0
  MONTH TO DATE    1.1                1.5   -0.4      0.3
  SINCE MAR 1     60.8               50.9    9.9     24.7
  SINCE JUL 1    160.9              203.3  -42.4    178.7
  SNOW DEPTH       0

DEGREE DAYS
 HEATING
  YESTERDAY        4                 10     -6       21
  MONTH TO DATE  400                440    -40      388
  SINCE MAR 1   2423               2518    -95     2450
  SINCE JUL 1   8190               9142   -952     9761

 COOLING
  YESTERDAY        0                  1     -1        0
  MONTH TO DATE   11                 10      1        2
  SINCE MAR 1     11                 11      0        2
  SINCE JAN 1     11                 11      0        2
...........................................................


WIND (MPH)
  RESULTANT WIND SPEED  MM   RESULTANT WIND DIRECTION  MM
  HIGHEST WIND SPEED    MM   HIGHEST WIND DIRECTION    MM
  HIGHEST GUST SPEED    30   HIGHEST GUST DIRECTION     W (270)
  AVERAGE WIND SPEED    MM


SKY COVER
  POSSIBLE SUNSHINE  MM
  AVERAGE SKY COVER  MM


WEATHER CONDITIONS
 THE FOLLOWING WEATHER WAS RECORDED YESTERDAY.
  NO SIGNIFICANT WEATHER WAS OBSERVED.


RELATIVE HUMIDITY (PERCENT)
 HIGHEST    MM
 LOWEST     MM
 AVERAGE    MM

..........................................................


THE MARQUETTE MI CLIMATE NORMALS FOR TODAY
                         NORMAL    RECORD    YEAR
 MAXIMUM TEMPERATURE (F)   67        88      1988
 MINIMUM TEMPERATURE (F)   45        29      2009


SUNRISE AND SUNSET
MAY 31 2016...........SUNRISE   601 AM EDT   SUNSET   935 PM EDT
JUNE  1 2016..........SUNRISE   601 AM EDT   SUNSET   936 PM EDT


-  INDICATES NEGATIVE NUMBERS.
R  INDICATES RECORD WAS SET OR TIED.
MM INDICATES DATA IS MISSING.
T  INDICATES TRACE AMOUNT.




$$
