000
CDUS43 KMQT 190530
CLIMQT


CLIMATE REPORT
NATIONAL WEATHER SERVICE MARQUETTE MI
130 AM EDT SAT AUG 19 2017


...................................

...THE MARQUETTE MI CLIMATE SUMMARY FOR AUGUST 18 2017...

CLIMATE NORMAL PERIOD 1981 TO 2010
CLIMATE RECORD PERIOD 1961 TO 2017


WEATHER ITEM   OBSERVED RECORD YEAR NORMAL DEPARTURE LAST
                VALUE   VALUE       VALUE  FROM      YEAR
                                           NORMAL
...........................................................
TEMPERATURE (F)
 YESTERDAY
  MAXIMUM         62     88    2003  74    -12       85
                               1995
  MINIMUM         55     32    1968  53      2       58
  AVERAGE         59                 64     -5       72

PRECIPITATION (IN)
  YESTERDAY        0.04   0.61 2012   0.09  -0.05     0.18
  MONTH TO DATE    2.63               1.78   0.85     1.06
  SINCE JUN 1     10.58               7.46   3.12     8.09
  SINCE JAN 1     25.42              21.10   4.32    24.30

SNOWFALL (IN)
  YESTERDAY        0.0   MM      MM   0.0    0.0      0.0
  MONTH TO DATE    0.0                0.0    0.0      0.0
  SINCE JUN 1      T                  0.0    0.0       T
  SINCE JUL 1      T                  0.0    0.0       T
  SNOW DEPTH       0

DEGREE DAYS
 HEATING
  YESTERDAY        6                  3      3        0
  MONTH TO DATE   85                 54     31        6
  SINCE JUN 1    305                315    -10      243
  SINCE JUL 1    164                133     31       61

 COOLING
  YESTERDAY        0                  2     -2        7
  MONTH TO DATE   12                 40    -28       65
  SINCE JUN 1     89                182    -93      208
  SINCE JAN 1     89                194   -105      219
...........................................................


WIND (MPH)
  RESULTANT WIND SPEED  MM   RESULTANT WIND DIRECTION  MM
  HIGHEST WIND SPEED    MM   HIGHEST WIND DIRECTION    MM
  HIGHEST GUST SPEED    25   HIGHEST GUST DIRECTION    NW (315)
  AVERAGE WIND SPEED    MM


SKY COVER
  POSSIBLE SUNSHINE  MM
  AVERAGE SKY COVER  MM


WEATHER CONDITIONS
 THE FOLLOWING WEATHER WAS RECORDED YESTERDAY.
  LIGHT RAIN


RELATIVE HUMIDITY (PERCENT)
 HIGHEST    MM
 LOWEST     MM
 AVERAGE    MM

..........................................................


THE MARQUETTE MI CLIMATE NORMALS FOR TODAY
                         NORMAL    RECORD    YEAR
 MAXIMUM TEMPERATURE (F)   74        95      1976
 MINIMUM TEMPERATURE (F)   53        35      1967


SUNRISE AND SUNSET
AUGUST 19 2017........SUNRISE   654 AM EDT   SUNSET   853 PM EDT
AUGUST 20 2017........SUNRISE   655 AM EDT   SUNSET   851 PM EDT


-  INDICATES NEGATIVE NUMBERS.
R  INDICATES RECORD WAS SET OR TIED.
MM INDICATES DATA IS MISSING.
T  INDICATES TRACE AMOUNT.




$$
