000
CDUS43 KMQT 070519
CLIMQT


CLIMATE REPORT
NATIONAL WEATHER SERVICE MARQUETTE MI
118 AM EDT TUE JUL 7 2015


...................................

...THE MARQUETTE MI CLIMATE SUMMARY FOR JULY 6 2015...

CLIMATE NORMAL PERIOD 1981 TO 2010
CLIMATE RECORD PERIOD 1961 TO 2015


WEATHER ITEM   OBSERVED RECORD YEAR NORMAL DEPARTURE LAST
                VALUE   VALUE       VALUE  FROM      YEAR
                                           NORMAL
...........................................................
TEMPERATURE (F)
 YESTERDAY
  MAXIMUM         71     98    1988  76     -5       77
  MINIMUM         51     36    1965  54     -3       63
  AVERAGE         61                 65     -4       70

PRECIPITATION (IN)
  YESTERDAY        1.25   1.59 2014   0.09   1.16     1.59
  MONTH TO DATE    1.25               0.53   0.72     1.66
  SINCE JUN 1      3.74               3.37   0.37     7.29
  SINCE JAN 1     15.06              17.01  -1.95    19.75

SNOWFALL (IN)
  YESTERDAY        0.0   MM      MM   0.0    0.0      0.0
  MONTH TO DATE    0.0                0.0    0.0      0.0
  SINCE JUN 1      0.0                0.0    0.0      0.0
  SINCE JUL 1      0.0                0.0    0.0      0.0
  SNOW DEPTH       0

DEGREE DAYS
 HEATING
  YESTERDAY        4                  3      1        0
  MONTH TO DATE   26                 18      8       16
  SINCE JUN 1    228                200     28      179
  SINCE JUL 1     26                 18      8       16

 COOLING
  YESTERDAY        0                  3     -3        5
  MONTH TO DATE    5                 18    -13        9
  SINCE JUN 1      5                 66    -61       63
  SINCE JAN 1      7                 78    -71       83
...........................................................

WIND (MPH)
  RESULTANT WIND SPEED  MM   RESULTANT WIND DIRECTION  MM
  HIGHEST WIND SPEED    MM   HIGHEST WIND DIRECTION    MM
  HIGHEST GUST SPEED    28   HIGHEST GUST DIRECTION    NW (315)
  AVERAGE WIND SPEED    MM

SKY COVER
  POSSIBLE SUNSHINE  MM
  AVERAGE SKY COVER  MM

WEATHER CONDITIONS
 THE FOLLOWING WEATHER WAS RECORDED YESTERDAY.
  RAIN
  LIGHT RAIN
  FOG

RELATIVE HUMIDITY (PERCENT)
 HIGHEST    MM
 LOWEST     MM
 AVERAGE    MM
..........................................................


THE MARQUETTE MI CLIMATE NORMALS FOR TODAY
                         NORMAL    RECORD    YEAR
 MAXIMUM TEMPERATURE (F)   76        98      1988
 MINIMUM TEMPERATURE (F)   54        36      1969


SUNRISE AND SUNSET
JULY  7 2015..........SUNRISE   605 AM EDT   SUNSET   945 PM EDT
JULY  8 2015..........SUNRISE   606 AM EDT   SUNSET   944 PM EDT


-  INDICATES NEGATIVE NUMBERS.
R  INDICATES RECORD WAS SET OR TIED.
MM INDICATES DATA IS MISSING.
T  INDICATES TRACE AMOUNT.




$$
