000
CDUS43 KMQT 140537
CLIMQT


CLIMATE REPORT
NATIONAL WEATHER SERVICE MARQUETTE MI
1235 AM EST SUN FEB 14 2016


...................................

...THE MARQUETTE MI CLIMATE SUMMARY FOR FEBRUARY 13 2016...

CLIMATE NORMAL PERIOD 1981 TO 2010
CLIMATE RECORD PERIOD 1961 TO 2016


WEATHER ITEM   OBSERVED RECORD YEAR NORMAL DEPARTURE LAST
                VALUE   VALUE       VALUE  FROM      YEAR
                                           NORMAL
...........................................................
TEMPERATURE (F)
 YESTERDAY
  MAXIMUM          7     43    1984  25    -18       13
  MINIMUM        -15    -22    2003   5    -20      -17
  AVERAGE         -4                 15    -19       -2

PRECIPITATION (IN)
  YESTERDAY        0.06   0.64 1962   0.07  -0.01     0.04
  MONTH TO DATE    1.57               0.94   0.63     1.00
  SINCE DEC 1      8.40               5.92   2.48     4.53
  SINCE JAN 1      3.53               3.35   0.18     2.25

SNOWFALL (IN)
  YESTERDAY        0.9    8.6  2000   1.2   -0.3      2.1
  MONTH TO DATE   23.8               16.5    7.3     28.6
  SINCE DEC 1     80.2              102.5  -22.3     85.7
  SINCE JUL 1     88.1              133.0  -44.9    141.9
  SNOW DEPTH      24

DEGREE DAYS
 HEATING
  YESTERDAY       69                 50     19       67
  MONTH TO DATE  648                663    -15      744
  SINCE DEC 1   3236               3698   -462     3778
  SINCE JUL 1   5068               5900   -832     6308

 COOLING
  YESTERDAY        0                  0      0        0
  MONTH TO DATE    0                  0      0        0
  SINCE DEC 1      0                  0      0        0
  SINCE JAN 1      0                  0      0        0
...........................................................


WIND (MPH)
  HIGHEST WIND SPEED    MM   HIGHEST WIND DIRECTION    MM
  HIGHEST GUST SPEED    21   HIGHEST GUST DIRECTION    NW (315)
  AVERAGE WIND SPEED    MM


SKY COVER
  POSSIBLE SUNSHINE  MM
  AVERAGE SKY COVER  MM


WEATHER CONDITIONS
 THE FOLLOWING WEATHER WAS RECORDED YESTERDAY.
  LIGHT SNOW
  BLOWING SNOW


RELATIVE HUMIDITY (PERCENT)
 HIGHEST    MM
 LOWEST     MM
 AVERAGE    MM

..........................................................


THE MARQUETTE MI CLIMATE NORMALS FOR TODAY
                         NORMAL    RECORD    YEAR
 MAXIMUM TEMPERATURE (F)   25        43      1984
 MINIMUM TEMPERATURE (F)    5       -28      1970


SUNRISE AND SUNSET
FEBRUARY 14 2016......SUNRISE   756 AM EST   SUNSET   613 PM EST
FEBRUARY 15 2016......SUNRISE   755 AM EST   SUNSET   615 PM EST


-  INDICATES NEGATIVE NUMBERS.
R  INDICATES RECORD WAS SET OR TIED.
MM INDICATES DATA IS MISSING.
T  INDICATES TRACE AMOUNT.




$$
