000
CDUS43 KMQT 290525
CLIMQT


CLIMATE REPORT
NATIONAL WEATHER SERVICE MARQUETTE MI
119 AM EDT FRI APR 29 2016


...................................

...THE MARQUETTE MI CLIMATE SUMMARY FOR APRIL 28 2016...

CLIMATE NORMAL PERIOD 1981 TO 2010
CLIMATE RECORD PERIOD 1961 TO 2016


WEATHER ITEM   OBSERVED RECORD YEAR NORMAL DEPARTURE LAST
                VALUE   VALUE       VALUE  FROM      YEAR
                                           NORMAL
...........................................................
TEMPERATURE (F)
 YESTERDAY
  MAXIMUM         45     77    1990  54     -9       60
  MINIMUM         31     17    1965  34     -3       29
  AVERAGE         38                 44     -6       45

PRECIPITATION (IN)
  YESTERDAY        0.00   0.93 2002   0.09  -0.09     0.00
  MONTH TO DATE    3.83               2.82   1.01     2.50
  SINCE MAR 1      7.17               5.85   1.32     3.76
  SINCE JAN 1     11.79              10.40   1.39     6.68

SNOWFALL (IN)
  YESTERDAY        0.0    8.5  2002   0.2   -0.2      0.0
  MONTH TO DATE   40.9               14.1   26.8     13.1
  SINCE MAR 1     59.7               49.0   10.7     24.4
  SINCE JUL 1    159.8              201.4  -41.6    178.4
  SNOW DEPTH       0

DEGREE DAYS
 HEATING
  YESTERDAY       27                 21      6       20
  MONTH TO DATE  878                772    106      765
  SINCE MAR 1   1974               2035    -61     2014
  SINCE JUL 1   7741               8659   -918     9325

 COOLING
  YESTERDAY        0                  0      0        0
  MONTH TO DATE    0                  0      0        0
  SINCE MAR 1      0                  0      0        0
  SINCE JAN 1      0                  0      0        0
...........................................................


WIND (MPH)
  RESULTANT WIND SPEED  MM   RESULTANT WIND DIRECTION  MM
  HIGHEST WIND SPEED    MM   HIGHEST WIND DIRECTION    MM
  HIGHEST GUST SPEED    19   HIGHEST GUST DIRECTION    NE (45)
  AVERAGE WIND SPEED    MM


SKY COVER
  POSSIBLE SUNSHINE  MM
  AVERAGE SKY COVER  MM


WEATHER CONDITIONS
 THE FOLLOWING WEATHER WAS RECORDED YESTERDAY.
  NO SIGNIFICANT WEATHER WAS OBSERVED.


RELATIVE HUMIDITY (PERCENT)
 HIGHEST    MM
 LOWEST     MM
 AVERAGE    MM

..........................................................


THE MARQUETTE MI CLIMATE NORMALS FOR TODAY
                         NORMAL    RECORD    YEAR
 MAXIMUM TEMPERATURE (F)   55        80      2007
 MINIMUM TEMPERATURE (F)   34        19      1979


SUNRISE AND SUNSET
APRIL 29 2016.........SUNRISE   638 AM EDT   SUNSET   858 PM EDT
APRIL 30 2016.........SUNRISE   637 AM EDT   SUNSET   859 PM EDT


-  INDICATES NEGATIVE NUMBERS.
R  INDICATES RECORD WAS SET OR TIED.
MM INDICATES DATA IS MISSING.
T  INDICATES TRACE AMOUNT.




$$
