000
CDUS43 KMQT 262107
CLIMQT


CLIMATE REPORT
NATIONAL WEATHER SERVICE MARQUETTE MI
506 PM EDT WED APR 26 2017


...................................

...THE MARQUETTE MI CLIMATE SUMMARY FOR APRIL 26 2017...
VALID TODAY AS OF 0500 PM LOCAL TIME.

CLIMATE NORMAL PERIOD 1981 TO 2010
CLIMATE RECORD PERIOD 1961 TO 2017


WEATHER ITEM   OBSERVED RECORD YEAR NORMAL DEPARTURE LAST
                VALUE   VALUE       VALUE  FROM      YEAR
                                           NORMAL
...........................................................
TEMPERATURE (F)
 TODAY
  MAXIMUM         51     85    1990  53     -2       42
  MINIMUM         35     19    1993  33      2       30
  AVERAGE         43                 43      0       36

PRECIPITATION (IN)
  TODAY            0.72   1.50 2011   0.09   0.63     0.03
  MONTH TO DATE    4.66               2.63   2.03     3.83
  SINCE MAR 1      6.50               5.66   0.84     7.17
  SINCE JAN 1     11.08              10.21   0.87    11.79

SNOWFALL (IN)
  TODAY            0.0    4.8  1996   0.3   -0.3       T
  MONTH TO DATE   11.6               13.7   -2.1     40.9
  SINCE MAR 1     31.5               48.6  -17.1     59.7
  SINCE JUL 1    152.6              201.0  -48.4    159.8
  SNOW DEPTH       0

DEGREE DAYS
 HEATING
  TODAY           22                 22      0       29
  MONTH TO DATE  626                729   -103      822
  SINCE MAR 1   1878               1992   -114     1918
  SINCE JUL 1   7562               8616  -1054     7685

 COOLING
  TODAY            0                  0      0        0
  MONTH TO DATE    0                  0      0        0
  SINCE MAR 1      0                  0      0        0
  SINCE JAN 1      0                  0      0        0
...........................................................


WIND (MPH)
  HIGHEST WIND SPEED    MM   HIGHEST WIND DIRECTION    MM
  HIGHEST GUST SPEED    18   HIGHEST GUST DIRECTION     E (90)
  AVERAGE WIND SPEED    MM


SKY COVER
  POSSIBLE SUNSHINE  MM
  AVERAGE SKY COVER  MM


WEATHER CONDITIONS
 THE FOLLOWING WEATHER WAS RECORDED TODAY.
  RAIN
  LIGHT RAIN
  FOG
  FOG W/VISIBILITY <= 1/4 MILE


RELATIVE HUMIDITY (PERCENT)
 HIGHEST    MM
 LOWEST     MM
 AVERAGE    MM

..........................................................


THE MARQUETTE MI CLIMATE NORMALS FOR TOMORROW
                         NORMAL    RECORD    YEAR
 MAXIMUM TEMPERATURE (F)   54        82      1986
 MINIMUM TEMPERATURE (F)   33        15      2004


SUNRISE AND SUNSET
APRIL 26 2017.........SUNRISE   643 AM EDT   SUNSET   853 PM EDT
APRIL 27 2017.........SUNRISE   642 AM EDT   SUNSET   855 PM EDT


-  INDICATES NEGATIVE NUMBERS.
R  INDICATES RECORD WAS SET OR TIED.
MM INDICATES DATA IS MISSING.
T  INDICATES TRACE AMOUNT.




$$
