000
CDUS43 KMQT 180522
CLIMQT


CLIMATE REPORT
NATIONAL WEATHER SERVICE MARQUETTE MI
1221 AM EST WED JAN 18 2017


...................................

...THE MARQUETTE MI CLIMATE SUMMARY FOR JANUARY 17 2017...

CLIMATE NORMAL PERIOD 1981 TO 2010
CLIMATE RECORD PERIOD 1961 TO 2017


WEATHER ITEM   OBSERVED RECORD YEAR NORMAL DEPARTURE LAST
                VALUE   VALUE       VALUE  FROM      YEAR
                                           NORMAL
...........................................................
TEMPERATURE (F)
 YESTERDAY
  MAXIMUM         40     43    1988  22     18        6
                               1986
  MINIMUM         17    -25    1982   5     12        1
  AVERAGE         29                 13     16        4

PRECIPITATION (IN)
  YESTERDAY        0.00   0.51 2008   0.07  -0.07     0.01
  MONTH TO DATE    0.98               1.33  -0.35     1.19
  SINCE DEC 1      3.17               3.90  -0.73     6.06
  SINCE JAN 1      0.98               1.33  -0.35     1.19

SNOWFALL (IN)
  YESTERDAY        0.0    8.7  2012   1.4   -1.4      0.8
  MONTH TO DATE   16.4               23.8   -7.4     22.4
  SINCE DEC 1     58.4               66.6   -8.2     41.3
  SINCE JUL 1     72.6               97.1  -24.5     49.2
  SNOW DEPTH      14

DEGREE DAYS
 HEATING
  YESTERDAY       36                 52    -16       61
  MONTH TO DATE  882                867     15      832
  SINCE DEC 1   2315               2307      8     1942
  SINCE JUL 1   3940               4509   -569     3774

 COOLING
  YESTERDAY        0                  0      0        0
  MONTH TO DATE    0                  0      0        0
  SINCE DEC 1      0                  0      0        0
  SINCE JAN 1      0                  0      0        0
...........................................................

WIND (MPH)
  RESULTANT WIND SPEED  MM   RESULTANT WIND DIRECTION  MM
  HIGHEST WIND SPEED    MM   HIGHEST WIND DIRECTION    MM
  HIGHEST GUST SPEED    10   HIGHEST GUST DIRECTION    NE (45)
  AVERAGE WIND SPEED    MM

SKY COVER
  POSSIBLE SUNSHINE  MM
  AVERAGE SKY COVER  MM

WEATHER CONDITIONS
 THE FOLLOWING WEATHER WAS RECORDED YESTERDAY.
  NO SIGNIFICANT WEATHER WAS OBSERVED.

RELATIVE HUMIDITY (PERCENT)
 HIGHEST    MM
 LOWEST     MM
 AVERAGE    MM
..........................................................

THE MARQUETTE MI CLIMATE NORMALS FOR TODAY
                         NORMAL    RECORD    YEAR
 MAXIMUM TEMPERATURE (F)   22        44      1996
                                             1981
                                             1973
 MINIMUM TEMPERATURE (F)    5       -25      1994


SUNRISE AND SUNSET
JANUARY 18 2017.......SUNRISE   828 AM EST   SUNSET   534 PM EST
JANUARY 19 2017.......SUNRISE   827 AM EST   SUNSET   536 PM EST


-  INDICATES NEGATIVE NUMBERS.
R  INDICATES RECORD WAS SET OR TIED.
MM INDICATES DATA IS MISSING.
T  INDICATES TRACE AMOUNT.




$$
