355
CDUS43 KMQT 100619
CLIMQT


CLIMATE REPORT
NATIONAL WEATHER SERVICE MARQUETTE MI
119 AM EST WED FEB 10 2016


...................................

...THE MARQUETTE MI CLIMATE SUMMARY FOR FEBRUARY 9 2016...

CLIMATE NORMAL PERIOD 1981 TO 2010
CLIMATE RECORD PERIOD 1961 TO 2016


WEATHER ITEM   OBSERVED RECORD YEAR NORMAL DEPARTURE LAST
                VALUE   VALUE       VALUE  FROM      YEAR
                                           NORMAL
...........................................................
TEMPERATURE (F)
 YESTERDAY
  MAXIMUM         13     41    1998  24    -11       21
                               1991
                               1966
  MINIMUM          6    -23    1994   4      2       -3
  AVERAGE         10                 14     -4        9

PRECIPITATION (IN)
  YESTERDAY        0.17   0.58 2001   0.07   0.10     0.02
  MONTH TO DATE    1.30               0.66   0.64     0.59
  SINCE DEC 1      8.13               5.64   2.49     4.12
  SINCE JAN 1      3.26               3.07   0.19     1.84

SNOWFALL (IN)
  YESTERDAY        4.3   10.4  2001   1.2    3.1      2.4
  MONTH TO DATE   18.9               11.6    7.3     19.3
  SINCE DEC 1     75.3               97.6  -22.3     76.4
  SINCE JUL 1     83.2              128.1  -44.9    132.6
  SNOW DEPTH      23

DEGREE DAYS
 HEATING
  YESTERDAY       55                 51      4       56
  MONTH TO DATE  398                462    -64      510
  SINCE DEC 1   2986               3497   -511     3544
  SINCE JUL 1   4818               5699   -881     6074

 COOLING
  YESTERDAY        0                  0      0        0
  MONTH TO DATE    0                  0      0        0
  SINCE DEC 1      0                  0      0        0
  SINCE JAN 1      0                  0      0        0
...........................................................


WIND (MPH)
  RESULTANT WIND SPEED  MM   RESULTANT WIND DIRECTION  MM
  HIGHEST WIND SPEED    MM   HIGHEST WIND DIRECTION    MM
  HIGHEST GUST SPEED    31   HIGHEST GUST DIRECTION    NW (315)
  AVERAGE WIND SPEED    MM


SKY COVER
  POSSIBLE SUNSHINE  MM
  AVERAGE SKY COVER  MM


WEATHER CONDITIONS
 THE FOLLOWING WEATHER WAS RECORDED YESTERDAY.
  LIGHT SNOW
  BLOWING SNOW


RELATIVE HUMIDITY (PERCENT)
 HIGHEST    MM
 LOWEST     MM
 AVERAGE    MM

..........................................................


THE MARQUETTE MI CLIMATE NORMALS FOR TODAY
                         NORMAL    RECORD    YEAR
 MAXIMUM TEMPERATURE (F)   24        43      2009
 MINIMUM TEMPERATURE (F)    4       -27      1994


SUNRISE AND SUNSET
FEBRUARY 10 2016......SUNRISE   802 AM EST   SUNSET   607 PM EST
FEBRUARY 11 2016......SUNRISE   801 AM EST   SUNSET   609 PM EST


-  INDICATES NEGATIVE NUMBERS.
R  INDICATES RECORD WAS SET OR TIED.
MM INDICATES DATA IS MISSING.
T  INDICATES TRACE AMOUNT.




$$
