425
CDUS43 KMQT 160517
CLIMQT


CLIMATE REPORT
NATIONAL WEATHER SERVICE MARQUETTE MI
116 AM EDT MON OCT 16 2017


...................................

...THE MARQUETTE MI CLIMATE SUMMARY FOR OCTOBER 15 2017...

CLIMATE NORMAL PERIOD 1981 TO 2010
CLIMATE RECORD PERIOD 1961 TO 2017


WEATHER ITEM   OBSERVED RECORD YEAR NORMAL DEPARTURE LAST
                VALUE   VALUE       VALUE  FROM      YEAR
                                           NORMAL
...........................................................
TEMPERATURE (F)
 YESTERDAY
  MAXIMUM         46     79    1968  53     -7       60
  MINIMUM         31     23    1972  34     -3       51
  AVERAGE         39                 44     -5       56

PRECIPITATION (IN)
  YESTERDAY        1.47R  0.91 1966   0.13   1.34     0.03
  MONTH TO DATE    3.18               2.02   1.16     0.89
  SINCE SEP 1      6.43               5.74   0.69     6.59
  SINCE JAN 1     33.76              28.11   5.65    34.36

SNOWFALL (IN)
  YESTERDAY        T      0.9  1986   0.2   -0.2      0.0
  MONTH TO DATE    T                  1.8   -1.8      0.0
  SINCE SEP 1      T                  1.9   -1.9      0.0
  SINCE JUL 1      T                  1.9   -1.9       T
  SNOW DEPTH       0

DEGREE DAYS
 HEATING
  YESTERDAY       26                 22      4        9
  MONTH TO DATE  204                282    -78      220
  SINCE SEP 1    420                579   -159      393
  SINCE JUL 1    685                764    -79      493

 COOLING
  YESTERDAY        0                  0      0        0
  MONTH TO DATE    3                  0      3        0
  SINCE SEP 1     52                 21     31       10
  SINCE JAN 1    145                241    -96      246
...........................................................


WIND (MPH)
  RESULTANT WIND SPEED  MM   RESULTANT WIND DIRECTION  MM
  HIGHEST WIND SPEED    MM   HIGHEST WIND DIRECTION    MM
  HIGHEST GUST SPEED    35   HIGHEST GUST DIRECTION     N (360)
  AVERAGE WIND SPEED    MM


SKY COVER
  POSSIBLE SUNSHINE  MM
  AVERAGE SKY COVER  MM


WEATHER CONDITIONS
 THE FOLLOWING WEATHER WAS RECORDED YESTERDAY.
  THUNDERSTORM
  RAIN
  LIGHT RAIN
  HAIL
  SLEET


RELATIVE HUMIDITY (PERCENT)
 HIGHEST    MM
 LOWEST     MM
 AVERAGE    MM

..........................................................


THE MARQUETTE MI CLIMATE NORMALS FOR TODAY
                         NORMAL    RECORD    YEAR
 MAXIMUM TEMPERATURE (F)   52        79      1963
 MINIMUM TEMPERATURE (F)   34        22      2002


SUNRISE AND SUNSET
OCTOBER 16 2017.......SUNRISE   809 AM EDT   SUNSET   701 PM EDT
OCTOBER 17 2017.......SUNRISE   811 AM EDT   SUNSET   659 PM EDT


-  INDICATES NEGATIVE NUMBERS.
R  INDICATES RECORD WAS SET OR TIED.
MM INDICATES DATA IS MISSING.
T  INDICATES TRACE AMOUNT.




$$
