519
CDUS43 KMQT 270513
CLIMQT


CLIMATE REPORT
NATIONAL WEATHER SERVICE MARQUETTE MI
111 AM EDT FRI MAY 27 2016


...................................

...THE MARQUETTE MI CLIMATE SUMMARY FOR MAY 26 2016...

CLIMATE NORMAL PERIOD 1981 TO 2010
CLIMATE RECORD PERIOD 1961 TO 2016


WEATHER ITEM   OBSERVED RECORD YEAR NORMAL DEPARTURE LAST
                VALUE   VALUE       VALUE  FROM      YEAR
                                           NORMAL
...........................................................
TEMPERATURE (F)
 YESTERDAY
  MAXIMUM         69     89    1978  66      3       68
  MINIMUM         52     27    1992  43      9       48
                               1969
  AVERAGE         61                 54      7       58

PRECIPITATION (IN)
  YESTERDAY        0.63   0.80 2015   0.11   0.52     0.80
  MONTH TO DATE    3.24               2.51   0.73     3.45
  SINCE MAR 1     10.41               8.55   1.86     7.21
  SINCE JAN 1     15.03              13.10   1.93    10.13

SNOWFALL (IN)
  YESTERDAY        0.0   MM      MM   0.0    0.0      0.0
  MONTH TO DATE    1.1                1.5   -0.4      0.3
  SINCE MAR 1     60.8               50.9    9.9     24.7
  SINCE JUL 1    160.9              203.3  -42.4    178.7
  SNOW DEPTH       0

DEGREE DAYS
 HEATING
  YESTERDAY        4                 11     -7        7
  MONTH TO DATE  394                398     -4      357
  SINCE MAR 1   2417               2476    -59     2419
  SINCE JUL 1   8184               9100   -916     9730

 COOLING
  YESTERDAY        0                  1     -1        0
  MONTH TO DATE    7                  6      1        2
  SINCE MAR 1      7                  7      0        2
  SINCE JAN 1      7                  7      0        2
...........................................................


WIND (MPH)
  RESULTANT WIND SPEED  MM   RESULTANT WIND DIRECTION  MM
  HIGHEST WIND SPEED    MM   HIGHEST WIND DIRECTION    MM
  HIGHEST GUST SPEED    15   HIGHEST GUST DIRECTION     W (270)
  AVERAGE WIND SPEED    MM


SKY COVER
  POSSIBLE SUNSHINE  MM
  AVERAGE SKY COVER  MM


WEATHER CONDITIONS
 THE FOLLOWING WEATHER WAS RECORDED YESTERDAY.
  THUNDERSTORM
  LIGHT RAIN
  FOG


RELATIVE HUMIDITY (PERCENT)
 HIGHEST    MM
 LOWEST     MM
 AVERAGE    MM

..........................................................


THE MARQUETTE MI CLIMATE NORMALS FOR TODAY
                         NORMAL    RECORD    YEAR
 MAXIMUM TEMPERATURE (F)   66        88      1969
 MINIMUM TEMPERATURE (F)   43        26      1994


SUNRISE AND SUNSET
MAY 27 2016...........SUNRISE   604 AM EDT   SUNSET   931 PM EDT
MAY 28 2016...........SUNRISE   603 AM EDT   SUNSET   932 PM EDT


-  INDICATES NEGATIVE NUMBERS.
R  INDICATES RECORD WAS SET OR TIED.
MM INDICATES DATA IS MISSING.
T  INDICATES TRACE AMOUNT.

$$

Titus
