000
CDUS43 KMQT 050529
CLIMQT


CLIMATE REPORT
NATIONAL WEATHER SERVICE MARQUETTE MI
1226 AM EST TUE DEC 5 2017


...................................

...THE MARQUETTE MI CLIMATE SUMMARY FOR DECEMBER 4 2017...

CLIMATE NORMAL PERIOD 1981 TO 2010
CLIMATE RECORD PERIOD 1961 TO 2017


WEATHER ITEM   OBSERVED RECORD YEAR NORMAL DEPARTURE LAST
                VALUE   VALUE       VALUE  FROM      YEAR
                                           NORMAL
...........................................................
TEMPERATURE (F)
 YESTERDAY
  MAXIMUM         50R    50    2015  29     21       30
                               1961
  MINIMUM         35    -12    1972  15     20       26
  AVERAGE         43                 22     21       28

PRECIPITATION (IN)
  YESTERDAY        0.83R  0.79 2013   0.10   0.73     0.13
  MONTH TO DATE    0.84               0.39   0.45     0.19
  SINCE DEC 1      0.84               0.39   0.45     0.19
  SINCE JAN 1     41.41              33.50   7.91    38.27

SNOWFALL (IN)
  YESTERDAY        0.0   10.2  1991   1.3   -1.3      1.7
  MONTH TO DATE    0.0                5.1   -5.1      2.3
  SINCE DEC 1      0.0                5.1   -5.1      2.3
  SINCE JUL 1     25.0               35.6  -10.6     16.5
  SNOW DEPTH       0

DEGREE DAYS
 HEATING
  YESTERDAY       22                 43    -21       37
  MONTH TO DATE  119                169    -50      141
  SINCE DEC 1    119                169    -50      141
  SINCE JUL 1   2246               2371   -125     1766

 COOLING
  YESTERDAY        0                  0      0        0
  MONTH TO DATE    0                  0      0        0
  SINCE DEC 1      0                  0      0        0
  SINCE JAN 1    145                242    -97      246
...........................................................


WIND (MPH)
  HIGHEST WIND SPEED    MM   HIGHEST WIND DIRECTION    MM
  HIGHEST GUST SPEED    32   HIGHEST GUST DIRECTION     S (180)
  AVERAGE WIND SPEED    MM


SKY COVER
  POSSIBLE SUNSHINE  MM
  AVERAGE SKY COVER  MM


WEATHER CONDITIONS
 THE FOLLOWING WEATHER WAS RECORDED YESTERDAY.
  THUNDERSTORM
  LIGHT RAIN
  FOG


RELATIVE HUMIDITY (PERCENT)
 HIGHEST    MM
 LOWEST     MM
 AVERAGE    MM

..........................................................


THE MARQUETTE MI CLIMATE NORMALS FOR TODAY
                         NORMAL    RECORD    YEAR
 MAXIMUM TEMPERATURE (F)   29        52      2001
 MINIMUM TEMPERATURE (F)   15       -11      1991


SUNRISE AND SUNSET
DECEMBER  5 2017......SUNRISE   818 AM EST   SUNSET   503 PM EST
DECEMBER  6 2017......SUNRISE   819 AM EST   SUNSET   503 PM EST


-  INDICATES NEGATIVE NUMBERS.
R  INDICATES RECORD WAS SET OR TIED.
MM INDICATES DATA IS MISSING.
T  INDICATES TRACE AMOUNT.




$$
JLA
