000
CDUS43 KMQT 102214
CLIMQT


CLIMATE REPORT
NATIONAL WEATHER SERVICE MARQUETTE MI
513 PM EST WED FEB 10 2016


...................................

...THE MARQUETTE MI CLIMATE SUMMARY FOR FEBRUARY 10 2016...
VALID TODAY AS OF 0500 PM LOCAL TIME.

CLIMATE NORMAL PERIOD 1981 TO 2010
CLIMATE RECORD PERIOD 1961 TO 2016


WEATHER ITEM   OBSERVED RECORD YEAR NORMAL DEPARTURE LAST
                VALUE   VALUE       VALUE  FROM      YEAR
                                           NORMAL
...........................................................
TEMPERATURE (F)
 TODAY
  MAXIMUM          8     43    2009  24    -16       24
  MINIMUM          2    -27    1994   4     -2       15
  AVERAGE          5                 14     -9       20

PRECIPITATION (IN)
  TODAY            0.10   0.61 1996   0.07   0.03     0.02
  MONTH TO DATE    1.40               0.73   0.67     0.61
  SINCE DEC 1      8.23               5.71   2.52     4.14
  SINCE JAN 1      3.36               3.14   0.22     1.86

SNOWFALL (IN)
  TODAY            2.1    6.4  2012   1.3    0.8      0.4
  MONTH TO DATE   21.0               12.9    8.1     19.7
  SINCE DEC 1     77.4               98.9  -21.5     76.8
  SINCE JUL 1     85.3              129.4  -44.1    133.0
  SNOW DEPTH      24

DEGREE DAYS
 HEATING
  TODAY           60                 51      9       45
  MONTH TO DATE  458                513    -55      555
  SINCE DEC 1   3046               3548   -502     3589
  SINCE JUL 1   4878               5750   -872     6119

 COOLING
  TODAY            0                  0      0        0
  MONTH TO DATE    0                  0      0        0
  SINCE DEC 1      0                  0      0        0
  SINCE JAN 1      0                  0      0        0
...........................................................


WIND (MPH)
  HIGHEST WIND SPEED    MM   HIGHEST WIND DIRECTION    MM
  HIGHEST GUST SPEED    25   HIGHEST GUST DIRECTION    MM
  AVERAGE WIND SPEED    MM


SKY COVER
  POSSIBLE SUNSHINE  MM
  AVERAGE SKY COVER  MM


WEATHER CONDITIONS
 THE FOLLOWING WEATHER WAS RECORDED TODAY.
  LIGHT SNOW SHOWERS
  BLOWING SNOW


RELATIVE HUMIDITY (PERCENT)
 HIGHEST    MM
 LOWEST     MM
 AVERAGE    MM

..........................................................


THE MARQUETTE MI CLIMATE NORMALS FOR TOMORROW
                         NORMAL    RECORD    YEAR
 MAXIMUM TEMPERATURE (F)   25        42      1999
 MINIMUM TEMPERATURE (F)    5       -23      2014


SUNRISE AND SUNSET
FEBRUARY 10 2016......SUNRISE   802 AM EST   SUNSET   607 PM EST
FEBRUARY 11 2016......SUNRISE   801 AM EST   SUNSET   609 PM EST


-  INDICATES NEGATIVE NUMBERS.
R  INDICATES RECORD WAS SET OR TIED.
MM INDICATES DATA IS MISSING.
T  INDICATES TRACE AMOUNT.




$$
