000
CDUS43 KMQT 172113
CLIMQT


CLIMATE REPORT
NATIONAL WEATHER SERVICE MARQUETTE MI
512 PM EDT TUE MAY 17 2016


...................................

...THE MARQUETTE MI CLIMATE SUMMARY FOR MAY 17 2016...
VALID TODAY AS OF 0500 PM LOCAL TIME.

CLIMATE NORMAL PERIOD 1981 TO 2010
CLIMATE RECORD PERIOD 1961 TO 2016


WEATHER ITEM   OBSERVED RECORD YEAR NORMAL DEPARTURE LAST
                VALUE   VALUE       VALUE  FROM      YEAR
                                           NORMAL
...........................................................
TEMPERATURE (F)
 TODAY
  MAXIMUM         56     88    1962  62     -6       66
  MINIMUM         28     21    1983  40    -12       53
  AVERAGE         42                 51     -9       60

PRECIPITATION (IN)
  TODAY            0.00   0.79 1999   0.10  -0.10     0.13
  MONTH TO DATE    0.45               1.54  -1.09     1.45
  SINCE MAR 1      7.62               7.58   0.04     5.21
  SINCE JAN 1     12.24              12.13   0.11     8.13

SNOWFALL (IN)
  TODAY            0.0    0.1  2002   0.0    0.0      0.0
  MONTH TO DATE    1.1                1.5   -0.4       T
  SINCE MAR 1     60.8               50.9    9.9     24.4
  SINCE JUL 1    160.9              203.3  -42.4    178.4
  SNOW DEPTH       0

DEGREE DAYS
 HEATING
  TODAY           23                 14      9        5
  MONTH TO DATE  326                286     40      234
  SINCE MAR 1   2349               2364    -15     2296
  SINCE JUL 1   8116               8988   -872     9607

 COOLING
  TODAY            0                  0      0        0
  MONTH TO DATE    0                  0      0        2
  SINCE MAR 1      0                  1     -1        2
  SINCE JAN 1      0                  1     -1        2
...........................................................


WIND (MPH)
  HIGHEST WIND SPEED    MM   HIGHEST WIND DIRECTION    MM
  HIGHEST GUST SPEED    19   HIGHEST GUST DIRECTION    NE (45)
  AVERAGE WIND SPEED    MM


SKY COVER
  POSSIBLE SUNSHINE  MM
  AVERAGE SKY COVER  MM


WEATHER CONDITIONS
 THE FOLLOWING WEATHER WAS RECORDED TODAY.
  NO SIGNIFICANT WEATHER WAS OBSERVED.


RELATIVE HUMIDITY (PERCENT)
 HIGHEST    MM
 LOWEST     MM
 AVERAGE    MM

..........................................................


THE MARQUETTE MI CLIMATE NORMALS FOR TOMORROW
                         NORMAL    RECORD    YEAR
 MAXIMUM TEMPERATURE (F)   63        87      1972
 MINIMUM TEMPERATURE (F)   41        24      1981


SUNRISE AND SUNSET
MAY 17 2016...........SUNRISE   613 AM EDT   SUNSET   920 PM EDT
MAY 18 2016...........SUNRISE   612 AM EDT   SUNSET   922 PM EDT


-  INDICATES NEGATIVE NUMBERS.
R  INDICATES RECORD WAS SET OR TIED.
MM INDICATES DATA IS MISSING.
T  INDICATES TRACE AMOUNT.




$$
