000
CDUS43 KMQT 220615
CLIMQT


CLIMATE REPORT
NATIONAL WEATHER SERVICE MARQUETTE MI
113 AM EST SAT NOV 22 2014


...................................

...THE MARQUETTE MI CLIMATE SUMMARY FOR NOVEMBER 21 2014...

CLIMATE NORMAL PERIOD 1981 TO 2010
CLIMATE RECORD PERIOD 1961 TO 2014


WEATHER ITEM   OBSERVED RECORD YEAR NORMAL DEPARTURE LAST
                VALUE   VALUE       VALUE  FROM      YEAR
                                           NORMAL
...........................................................
TEMPERATURE (F)
 YESTERDAY
  MAXIMUM         23     56    1990  35    -12       35
  MINIMUM          2     -4    1984  21    -19       25
  AVERAGE         13                 28    -15       30

PRECIPITATION (IN)
  YESTERDAY        T      0.84 1992   0.10  -0.10     0.06
  MONTH TO DATE    4.29               2.22   2.07     2.50
  SINCE SEP 1     14.88               9.78   5.10     8.90
  SINCE JAN 1     41.62              32.15   9.47    36.65

SNOWFALL (IN)
  YESTERDAY        0.1    7.2  1975   1.0   -0.9      0.5
  MONTH TO DATE   46.2               14.4   31.8      7.3
  SINCE SEP 1     49.4               20.5   28.9     10.8
  SINCE JUL 1     49.4               20.5   28.9     10.8
  SNOW DEPTH      19

DEGREE DAYS
 HEATING
  YESTERDAY       52                 37     15       35
  MONTH TO DATE  891                686    205      645
  SINCE SEP 1   1876               1662    214     1532
  SINCE JUL 1   2123               1847    276     1746

 COOLING
  YESTERDAY        0                  0      0        0
  MONTH TO DATE    0                  0      0        0
  SINCE SEP 1      5                 22    -17       10
  SINCE JAN 1    152                242    -90      280
...........................................................


WIND (MPH)
  HIGHEST WIND SPEED    MM   HIGHEST WIND DIRECTION    MM
  HIGHEST GUST SPEED    35   HIGHEST GUST DIRECTION    SW (225)
  AVERAGE WIND SPEED    MM


SKY COVER
  POSSIBLE SUNSHINE  MM
  AVERAGE SKY COVER  MM


WEATHER CONDITIONS
 THE FOLLOWING WEATHER WAS RECORDED YESTERDAY.
  LIGHT SNOW


RELATIVE HUMIDITY (PERCENT)
 HIGHEST    MM
 LOWEST     MM
 AVERAGE    MM

..........................................................


THE MARQUETTE MI CLIMATE NORMALS FOR TODAY
                         NORMAL    RECORD    YEAR
 MAXIMUM TEMPERATURE (F)   34        58      2012
 MINIMUM TEMPERATURE (F)   20        -2      1978


SUNRISE AND SUNSET
NOVEMBER 22 2014......SUNRISE   802 AM EST   SUNSET   510 PM EST
NOVEMBER 23 2014......SUNRISE   803 AM EST   SUNSET   510 PM EST


-  INDICATES NEGATIVE NUMBERS.
R  INDICATES RECORD WAS SET OR TIED.
MM INDICATES DATA IS MISSING.
T  INDICATES TRACE AMOUNT.




$$
