063
CDUS43 KMQT 200522
CLIMQT


CLIMATE REPORT
NATIONAL WEATHER SERVICE MARQUETTE MI
1221 AM EST MON FEB 20 2017


...................................

...THE MARQUETTE MI CLIMATE SUMMARY FOR FEBRUARY 19 2017...

CLIMATE NORMAL PERIOD 1981 TO 2010
CLIMATE RECORD PERIOD 1961 TO 2017


WEATHER ITEM   OBSERVED RECORD YEAR NORMAL DEPARTURE LAST
                VALUE   VALUE       VALUE  FROM      YEAR
                                           NORMAL
...........................................................
TEMPERATURE (F)
 YESTERDAY
  MAXIMUM         44     46    1988  27     17       41
  MINIMUM         28    -25    2015   6     22       26
  AVERAGE         36                 16     20       34

PRECIPITATION (IN)
  YESTERDAY        0.00   0.94 2013   0.07  -0.07     0.03
  MONTH TO DATE    1.22               1.39  -0.17     1.88
  SINCE DEC 1      5.15               6.37  -1.22     8.71
  SINCE JAN 1      2.96               3.80  -0.84     3.84

SNOWFALL (IN)
  YESTERDAY        0.0   12.4  2013   1.3   -1.3       T
  MONTH TO DATE   20.0               24.2   -4.2     27.8
  SINCE DEC 1     92.2              110.2  -18.0     84.2
  SINCE JUL 1    106.4              140.7  -34.3     92.1
  SNOW DEPTH      14

DEGREE DAYS
 HEATING
  YESTERDAY       29                 49    -20       31
  MONTH TO DATE  869                959    -90      938
  SINCE DEC 1   3733               3994   -261     3526
  SINCE JUL 1   5358               6196   -838     5358

 COOLING
  YESTERDAY        0                  0      0        0
  MONTH TO DATE    0                  0      0        0
  SINCE DEC 1      0                  0      0        0
  SINCE JAN 1      0                  0      0        0
...........................................................


WIND (MPH)
  RESULTANT WIND SPEED  MM   RESULTANT WIND DIRECTION  MM
  HIGHEST WIND SPEED    MM   HIGHEST WIND DIRECTION    MM
  HIGHEST GUST SPEED    13   HIGHEST GUST DIRECTION    NW (315)
  AVERAGE WIND SPEED    MM


SKY COVER
  POSSIBLE SUNSHINE  MM
  AVERAGE SKY COVER  MM


WEATHER CONDITIONS
 THE FOLLOWING WEATHER WAS RECORDED YESTERDAY.
  NO SIGNIFICANT WEATHER WAS OBSERVED.


RELATIVE HUMIDITY (PERCENT)
 HIGHEST    MM
 LOWEST     MM
 AVERAGE    MM

..........................................................


THE MARQUETTE MI CLIMATE NORMALS FOR TODAY
                         NORMAL    RECORD    YEAR
 MAXIMUM TEMPERATURE (F)   27        44      2003
 MINIMUM TEMPERATURE (F)    6       -26      2015


SUNRISE AND SUNSET
FEBRUARY 20 2017......SUNRISE   745 AM EST   SUNSET   623 PM EST
FEBRUARY 21 2017......SUNRISE   743 AM EST   SUNSET   625 PM EST


-  INDICATES NEGATIVE NUMBERS.
R  INDICATES RECORD WAS SET OR TIED.
MM INDICATES DATA IS MISSING.
T  INDICATES TRACE AMOUNT.




$$

TITUS
