000
CDUS43 KMQT 080527
CLIMQT


CLIMATE REPORT
NATIONAL WEATHER SERVICE MARQUETTE MI
123 AM EDT TUE JUL 8 2014


...................................

...THE MARQUETTE MI CLIMATE SUMMARY FOR JULY 7 2014...

CLIMATE NORMAL PERIOD 1981 TO 2010
CLIMATE RECORD PERIOD 1961 TO 2014


WEATHER ITEM   OBSERVED RECORD YEAR NORMAL DEPARTURE LAST
                VALUE   VALUE       VALUE  FROM      YEAR
                                           NORMAL
...........................................................
TEMPERATURE (F)
 YESTERDAY
  MAXIMUM         79     98    1988  76      3       78
  MINIMUM         51     36    1969  54     -3       57
  AVERAGE         65                 65      0       68

PRECIPITATION (IN)
  YESTERDAY        0.00   1.08 1978   0.10  -0.10     0.22
  MONTH TO DATE    1.66               0.63   1.03     0.24
  SINCE JUN 1      7.29               3.47   3.82     3.55
  SINCE JAN 1     19.75              17.11   2.64    20.89

SNOWFALL (IN)
  YESTERDAY        0.0   MM      MM   0.0    0.0      0.0
  MONTH TO DATE    0.0                0.0    0.0      0.0
  SINCE JUN 1      0.0                0.0    0.0      0.0
  SINCE JUL 1      0.0                0.0    0.0      0.0
  SNOW DEPTH       0

DEGREE DAYS
 HEATING
  YESTERDAY        0                  3     -3        0
  MONTH TO DATE   16                 21     -5       26
  SINCE JUN 1    179                203    -24      224
  SINCE JUL 1     16                 21     -5       26

 COOLING
  YESTERDAY        0                  3     -3        3
  MONTH TO DATE    9                 21    -12       32
  SINCE JUN 1     63                 69     -6       71
  SINCE JAN 1     83                 81      2       84
...........................................................


WIND (MPH)
  RESULTANT WIND SPEED  MM   RESULTANT WIND DIRECTION  MM
  HIGHEST WIND SPEED    MM   HIGHEST WIND DIRECTION    MM
  HIGHEST GUST SPEED    32   HIGHEST GUST DIRECTION    SW (225)
  AVERAGE WIND SPEED    MM


SKY COVER
  POSSIBLE SUNSHINE  MM
  AVERAGE SKY COVER  MM


WEATHER CONDITIONS
 THE FOLLOWING WEATHER WAS RECORDED YESTERDAY.
  NO SIGNIFICANT WEATHER WAS OBSERVED.


RELATIVE HUMIDITY (PERCENT)
 HIGHEST    MM
 LOWEST     MM
 AVERAGE    MM

..........................................................


THE MARQUETTE MI CLIMATE NORMALS FOR TODAY
                         NORMAL    RECORD    YEAR
 MAXIMUM TEMPERATURE (F)   76        92      1981
                                             1974
 MINIMUM TEMPERATURE (F)   55        40      2009


SUNRISE AND SUNSET
JULY  8 2014..........SUNRISE   606 AM EDT   SUNSET   944 PM EDT
JULY  9 2014..........SUNRISE   607 AM EDT   SUNSET   944 PM EDT


-  INDICATES NEGATIVE NUMBERS.
R  INDICATES RECORD WAS SET OR TIED.
MM INDICATES DATA IS MISSING.
T  INDICATES TRACE AMOUNT.




$$
