000
CDUS43 KMQT 180505
CLIMQT

CLIMATE REPORT
NATIONAL WEATHER SERVICE MARQUETTE MI
105 AM EDT SAT MAR 18 2017


...................................

...THE MARQUETTE MI CLIMATE SUMMARY FOR MARCH 17 2017...

CLIMATE NORMAL PERIOD 1981 TO 2010
CLIMATE RECORD PERIOD 1961 TO 2017


WEATHER ITEM   OBSERVED RECORD YEAR NORMAL DEPARTURE LAST
                VALUE   VALUE       VALUE  FROM      YEAR
                                           NORMAL
...........................................................
TEMPERATURE (F)
 YESTERDAY
  MAXIMUM         32     75    2012  35     -3       31
  MINIMUM         25    -12    1971  14     11       25
  AVERAGE         29                 24      5       28

PRECIPITATION (IN)
  YESTERDAY        0.13   0.61 2016   0.09   0.04     0.61
  MONTH TO DATE    1.14               1.62  -0.48     2.33
  SINCE MAR 1      1.14               1.62  -0.48     2.33
  SINCE JAN 1      5.72               6.17  -0.45     6.95

SNOWFALL (IN)
  YESTERDAY        1.8    8.2  2016   1.1    0.7      8.2
  MONTH TO DATE   19.3               21.5   -2.2     13.0
  SINCE MAR 1     19.3               21.5   -2.2     13.0
  SINCE JUL 1    140.4              173.9  -33.5    113.1
  SNOW DEPTH       9

DEGREE DAYS
 HEATING
  YESTERDAY       36                 41     -5       37
  MONTH TO DATE  780                738     42      584
  SINCE MAR 1    780                738     42      584
  SINCE JUL 1   6464               7362   -898     6351

 COOLING
  YESTERDAY        0                  0      0        0
  MONTH TO DATE    0                  0      0        0
  SINCE MAR 1      0                  0      0        0
  SINCE JAN 1      0                  0      0        0
...........................................................


WIND (MPH)
  RESULTANT WIND SPEED  MM   RESULTANT WIND DIRECTION  MM
  HIGHEST WIND SPEED    MM   HIGHEST WIND DIRECTION    MM
  HIGHEST GUST SPEED    22   HIGHEST GUST DIRECTION     S (180)
  AVERAGE WIND SPEED    MM


SKY COVER
  POSSIBLE SUNSHINE  MM
  AVERAGE SKY COVER  MM


WEATHER CONDITIONS
 THE FOLLOWING WEATHER WAS RECORDED YESTERDAY.
  MIXED PRECIP
  LT FREEZING RAIN
  LIGHT SNOW
  SLEET


RELATIVE HUMIDITY (PERCENT)
 HIGHEST    MM
 LOWEST     MM
 AVERAGE    MM

..........................................................


THE MARQUETTE MI CLIMATE NORMALS FOR TODAY
                         NORMAL    RECORD    YEAR
 MAXIMUM TEMPERATURE (F)   35        78      2012
 MINIMUM TEMPERATURE (F)   14       -12      1993


SUNRISE AND SUNSET
MARCH 18 2017.........SUNRISE   757 AM EDT   SUNSET   800 PM EDT
MARCH 19 2017.........SUNRISE   755 AM EDT   SUNSET   802 PM EDT


-  INDICATES NEGATIVE NUMBERS.
R  INDICATES RECORD WAS SET OR TIED.
MM INDICATES DATA IS MISSING.
T  INDICATES TRACE AMOUNT.




$$
