000
CDUS43 KMQT 170525
CLIMQT


CLIMATE REPORT
NATIONAL WEATHER SERVICE MARQUETTE MI
125 AM EDT SUN SEP 17 2017


...................................

...THE MARQUETTE MI CLIMATE SUMMARY FOR SEPTEMBER 16 2017...

CLIMATE NORMAL PERIOD 1981 TO 2010
CLIMATE RECORD PERIOD 1961 TO 2017


WEATHER ITEM   OBSERVED RECORD YEAR NORMAL DEPARTURE LAST
                VALUE   VALUE       VALUE  FROM      YEAR
                                           NORMAL
...........................................................
TEMPERATURE (F)
 YESTERDAY
  MAXIMUM         82R    81    2015  66     16       66
  MINIMUM         63     29    2011  46     17       57
  AVERAGE         73                 56     17       62

PRECIPITATION (IN)
  YESTERDAY        0.05   1.28 2016   0.12  -0.07     1.28
  MONTH TO DATE    1.27               1.85  -0.58     4.65
  SINCE SEP 1      1.27               1.85  -0.58     4.65
  SINCE JAN 1     28.60              24.22   4.38    32.42

SNOWFALL (IN)
  YESTERDAY        0.0   MM      MM   0.0    0.0      0.0
  MONTH TO DATE    0.0                0.0    0.0      0.0
  SINCE SEP 1      0.0                0.0    0.0      0.0
  SINCE JUL 1      T                  0.0    0.0       T
  SNOW DEPTH       0

DEGREE DAYS
 HEATING
  YESTERDAY        0                 10    -10        3
  MONTH TO DATE  124                121      3       68
  SINCE SEP 1    124                121      3       68
  SINCE JUL 1    389                306     83      168

 COOLING
  YESTERDAY        8                  1      7        0
  MONTH TO DATE   14                 19     -5       10
  SINCE SEP 1     14                 19     -5       10
  SINCE JAN 1    107                239   -132      246
...........................................................


WIND (MPH)
  RESULTANT WIND SPEED  MM   RESULTANT WIND DIRECTION  MM
  HIGHEST WIND SPEED    MM   HIGHEST WIND DIRECTION    MM
  HIGHEST GUST SPEED    22   HIGHEST GUST DIRECTION     S (180)
  AVERAGE WIND SPEED    MM


SKY COVER
  POSSIBLE SUNSHINE  MM
  AVERAGE SKY COVER  MM


WEATHER CONDITIONS
 THE FOLLOWING WEATHER WAS RECORDED YESTERDAY.
  THUNDERSTORM
  LIGHT RAIN


RELATIVE HUMIDITY (PERCENT)
 HIGHEST    MM
 LOWEST     MM
 AVERAGE    MM

..........................................................


THE MARQUETTE MI CLIMATE NORMALS FOR TODAY
                         NORMAL    RECORD    YEAR
 MAXIMUM TEMPERATURE (F)   65        82      2002
 MINIMUM TEMPERATURE (F)   45        31      1973


SUNRISE AND SUNSET
SEPTEMBER 17 2017.....SUNRISE   731 AM EDT   SUNSET   757 PM EDT
SEPTEMBER 18 2017.....SUNRISE   732 AM EDT   SUNSET   755 PM EDT


-  INDICATES NEGATIVE NUMBERS.
R  INDICATES RECORD WAS SET OR TIED.
MM INDICATES DATA IS MISSING.
T  INDICATES TRACE AMOUNT.




$$
