085
CDUS43 KMQT 210551
CLIMQT


CLIMATE REPORT
NATIONAL WEATHER SERVICE MARQUETTE MI
1251 AM EST TUE FEB 21 2017


...................................

...THE MARQUETTE MI CLIMATE SUMMARY FOR FEBRUARY 20 2017...

CLIMATE NORMAL PERIOD 1981 TO 2010
CLIMATE RECORD PERIOD 1961 TO 2017


WEATHER ITEM   OBSERVED RECORD YEAR NORMAL DEPARTURE LAST
                VALUE   VALUE       VALUE  FROM      YEAR
                                           NORMAL
...........................................................
TEMPERATURE (F)
 YESTERDAY
  MAXIMUM         44R    44    2003  27     17       36
  MINIMUM         32    -26    2015   6     26       26
  AVERAGE         38                 16     22       31

PRECIPITATION (IN)
  YESTERDAY        0.11   1.48 2002   0.08   0.03     0.11
  MONTH TO DATE    1.33               1.47  -0.14     1.99
  SINCE DEC 1      5.26               6.45  -1.19     8.82
  SINCE JAN 1      3.07               3.88  -0.81     3.95

SNOWFALL (IN)
  YESTERDAY        0.0   12.3  2002   1.3   -1.3      0.7
  MONTH TO DATE   20.0               25.5   -5.5     28.5
  SINCE DEC 1     92.2              111.5  -19.3     84.9
  SINCE JUL 1    106.4              142.0  -35.6     92.8
  SNOW DEPTH      12

DEGREE DAYS
 HEATING
  YESTERDAY       27                 49    -22       34
  MONTH TO DATE  896               1008   -112      972
  SINCE DEC 1   3760               4043   -283     3560
  SINCE JUL 1   5385               6245   -860     5392

 COOLING
  YESTERDAY        0                  0      0        0
  MONTH TO DATE    0                  0      0        0
  SINCE DEC 1      0                  0      0        0
  SINCE JAN 1      0                  0      0        0
...........................................................


WIND (MPH)
  RESULTANT WIND SPEED  MM   RESULTANT WIND DIRECTION  MM
  HIGHEST WIND SPEED    MM   HIGHEST WIND DIRECTION    MM
  HIGHEST GUST SPEED    39   HIGHEST GUST DIRECTION     S (180)
  AVERAGE WIND SPEED    MM


SKY COVER
  POSSIBLE SUNSHINE  MM
  AVERAGE SKY COVER  MM


WEATHER CONDITIONS
 THE FOLLOWING WEATHER WAS RECORDED YESTERDAY.
  LIGHT RAIN


RELATIVE HUMIDITY (PERCENT)
 HIGHEST    MM
 LOWEST     MM
 AVERAGE    MM

..........................................................


THE MARQUETTE MI CLIMATE NORMALS FOR TODAY
                         NORMAL    RECORD    YEAR
 MAXIMUM TEMPERATURE (F)   27        47      2000
 MINIMUM TEMPERATURE (F)    6       -15      2001


SUNRISE AND SUNSET
FEBRUARY 21 2017......SUNRISE   743 AM EST   SUNSET   625 PM EST
FEBRUARY 22 2017......SUNRISE   742 AM EST   SUNSET   626 PM EST


-  INDICATES NEGATIVE NUMBERS.
R  INDICATES RECORD WAS SET OR TIED.
MM INDICATES DATA IS MISSING.
T  INDICATES TRACE AMOUNT.




$$

TITUS
