000
CDUS43 KMQT 232105
CLIMQT


CLIMATE REPORT
NATIONAL WEATHER SERVICE MARQUETTE MI
504 PM EDT TUE MAY 23 2017


...................................

...THE MARQUETTE MI CLIMATE SUMMARY FOR MAY 23 2017...
VALID TODAY AS OF 0500 PM LOCAL TIME.

CLIMATE NORMAL PERIOD 1981 TO 2010
CLIMATE RECORD PERIOD 1961 TO 2017


WEATHER ITEM   OBSERVED RECORD YEAR NORMAL DEPARTURE LAST
                VALUE   VALUE       VALUE  FROM      YEAR
                                           NORMAL
...........................................................
TEMPERATURE (F)
 TODAY
  MAXIMUM         57     88    2010  65     -8       85
  MINIMUM         34     23    1963  42     -8       58
  AVERAGE         46                 53     -7       72

PRECIPITATION (IN)
  TODAY            0.00   1.26 2004   0.10  -0.10     0.00
  MONTH TO DATE    2.38               2.18   0.20     0.45
  SINCE MAR 1      9.62               8.22   1.40     7.62
  SINCE JAN 1     14.20              12.77   1.43    12.24

SNOWFALL (IN)
  TODAY            0.0    T    2013   0.0    0.0      0.0
                               1992
  MONTH TO DATE    0.9                1.5   -0.6      1.1
  SINCE MAR 1     32.9               50.9  -18.0     60.8
  SINCE JUL 1    154.0              203.3  -49.3    160.9
  SNOW DEPTH       0

DEGREE DAYS
 HEATING
  TODAY           19                 12      7        0
  MONTH TO DATE  462                363     99      370
  SINCE MAR 1   2462               2441     21     2393
  SINCE JUL 1   8146               9065   -919     8160

 COOLING
  TODAY            0                  1     -1        7
  MONTH TO DATE    0                  3     -3        7
  SINCE MAR 1      0                  4     -4        7
  SINCE JAN 1      0                  4     -4        7
...........................................................


WIND (MPH)
  HIGHEST WIND SPEED    MM   HIGHEST WIND DIRECTION    MM
  HIGHEST GUST SPEED    16   HIGHEST GUST DIRECTION     N (360)
  AVERAGE WIND SPEED    MM


SKY COVER
  POSSIBLE SUNSHINE  MM
  AVERAGE SKY COVER  MM


WEATHER CONDITIONS
 THE FOLLOWING WEATHER WAS RECORDED TODAY.
  NO SIGNIFICANT WEATHER WAS OBSERVED.


RELATIVE HUMIDITY (PERCENT)
 HIGHEST    MM
 LOWEST     MM
 AVERAGE    MM

..........................................................


THE MARQUETTE MI CLIMATE NORMALS FOR TOMORROW
                         NORMAL    RECORD    YEAR
 MAXIMUM TEMPERATURE (F)   65        91      2010
 MINIMUM TEMPERATURE (F)   42        29      2013


SUNRISE AND SUNSET
MAY 23 2017...........SUNRISE   608 AM EDT   SUNSET   927 PM EDT
MAY 24 2017...........SUNRISE   607 AM EDT   SUNSET   928 PM EDT


-  INDICATES NEGATIVE NUMBERS.
R  INDICATES RECORD WAS SET OR TIED.
MM INDICATES DATA IS MISSING.
T  INDICATES TRACE AMOUNT.




$$
