000
CDUS43 KMQT 200552
CLIMQT


CLIMATE REPORT
NATIONAL WEATHER SERVICE MARQUETTE MI
1251 AM EST MON NOV 20 2017


...................................

...THE MARQUETTE MI CLIMATE SUMMARY FOR NOVEMBER 19 2017...

CLIMATE NORMAL PERIOD 1981 TO 2010
CLIMATE RECORD PERIOD 1961 TO 2017


WEATHER ITEM   OBSERVED RECORD YEAR NORMAL DEPARTURE LAST
                VALUE   VALUE       VALUE  FROM      YEAR
                                           NORMAL
...........................................................
TEMPERATURE (F)
 YESTERDAY
  MAXIMUM         23     53    1963  36    -13       42
  MINIMUM         18     -3    1986  22     -4       19
  AVERAGE         21                 29     -8       31

PRECIPITATION (IN)
  YESTERDAY        0.01   0.51 1998   0.11  -0.10     0.14
                               2011
  MONTH TO DATE    1.66               2.01  -0.35     0.49
  SINCE SEP 1     13.10               9.57   3.53     9.02
  SINCE JAN 1     40.43              31.94   8.49    36.79

SNOWFALL (IN)
  YESTERDAY        0.8    8.4  1984   0.9   -0.1      2.4
  MONTH TO DATE   13.5               12.5    1.0      2.4
  SINCE SEP 1     22.3               18.6    3.7      2.4
  SINCE JUL 1     22.3               18.6    3.7      2.4
  SNOW DEPTH       1

DEGREE DAYS
 HEATING
  YESTERDAY       44                 36      8       34
  MONTH TO DATE  714                612    102      380
  SINCE SEP 1   1474               1588   -114     1134
  SINCE JUL 1   1739               1773    -34     1234

 COOLING
  YESTERDAY        0                  0      0        0
  MONTH TO DATE    0                  0      0        0
  SINCE SEP 1     52                 22     30       10
  SINCE JAN 1    145                242    -97      246
...........................................................


WIND (MPH)
  RESULTANT WIND SPEED  MM   RESULTANT WIND DIRECTION  MM
  HIGHEST WIND SPEED    MM   HIGHEST WIND DIRECTION    MM
  HIGHEST GUST SPEED    25   HIGHEST GUST DIRECTION     N (360)
  AVERAGE WIND SPEED    MM


SKY COVER
  POSSIBLE SUNSHINE  MM
  AVERAGE SKY COVER  MM


WEATHER CONDITIONS
 THE FOLLOWING WEATHER WAS RECORDED YESTERDAY.
  LIGHT SNOW


RELATIVE HUMIDITY (PERCENT)
 HIGHEST    MM
 LOWEST     MM
 AVERAGE    MM

..........................................................


THE MARQUETTE MI CLIMATE NORMALS FOR TODAY
                         NORMAL    RECORD    YEAR
 MAXIMUM TEMPERATURE (F)   35        57      1982
 MINIMUM TEMPERATURE (F)   21        -4      2014


SUNRISE AND SUNSET
NOVEMBER 20 2017......SUNRISE   800 AM EST   SUNSET   512 PM EST
NOVEMBER 21 2017......SUNRISE   801 AM EST   SUNSET   511 PM EST


-  INDICATES NEGATIVE NUMBERS.
R  INDICATES RECORD WAS SET OR TIED.
MM INDICATES DATA IS MISSING.
T  INDICATES TRACE AMOUNT.




$$

TITUS
