000
CDUS43 KMQT 080517
CLIMQT


CLIMATE REPORT
NATIONAL WEATHER SERVICE MARQUETTE MI
116 AM EDT SUN OCT 8 2017


...................................

...THE MARQUETTE MI CLIMATE SUMMARY FOR OCTOBER 7 2017...

CLIMATE NORMAL PERIOD 1981 TO 2010
CLIMATE RECORD PERIOD 1961 TO 2017


WEATHER ITEM   OBSERVED RECORD YEAR NORMAL DEPARTURE LAST
                VALUE   VALUE       VALUE  FROM      YEAR
                                           NORMAL
...........................................................
TEMPERATURE (F)
 YESTERDAY
  MAXIMUM         64     84    2007  56      8       64
  MINIMUM         52     24    1989  37     15       38
  AVERAGE         58                 47     11       51

PRECIPITATION (IN)
  YESTERDAY        1.34R  1.08 2000   0.14   1.20     0.14
  MONTH TO DATE    1.52               0.95   0.57     0.59
  SINCE SEP 1      4.77               4.67   0.10     6.29
  SINCE JAN 1     32.10              27.04   5.06    34.06

SNOWFALL (IN)
  YESTERDAY        0.0    9.8  2000   0.1   -0.1      0.0
  MONTH TO DATE    0.0                0.7   -0.7      0.0
  SINCE SEP 1      T                  0.8   -0.8      0.0
  SINCE JUL 1      T                  0.8   -0.8       T
  SNOW DEPTH       0

DEGREE DAYS
 HEATING
  YESTERDAY        7                 18    -11       14
  MONTH TO DATE   66                120    -54       67
  SINCE SEP 1    282                417   -135      240
  SINCE JUL 1    547                602    -55      340

 COOLING
  YESTERDAY        0                  0      0        0
  MONTH TO DATE    3                  0      3        0
  SINCE SEP 1     52                 21     31       10
  SINCE JAN 1    145                241    -96      246
...........................................................

WIND (MPH)
  RESULTANT WIND SPEED  MM   RESULTANT WIND DIRECTION  MM
  HIGHEST WIND SPEED    MM   HIGHEST WIND DIRECTION    MM
  HIGHEST GUST SPEED    23   HIGHEST GUST DIRECTION    SW (225)
  AVERAGE WIND SPEED    MM

SKY COVER
  POSSIBLE SUNSHINE  MM
  AVERAGE SKY COVER  MM

WEATHER CONDITIONS
 THE FOLLOWING WEATHER WAS RECORDED YESTERDAY.
  LIGHT RAIN
  FOG

RELATIVE HUMIDITY (PERCENT)
 HIGHEST    MM
 LOWEST     MM
 AVERAGE    MM
..........................................................

THE MARQUETTE MI CLIMATE NORMALS FOR TODAY
                         NORMAL    RECORD    YEAR
 MAXIMUM TEMPERATURE (F)   56        83      2007
 MINIMUM TEMPERATURE (F)   37        22      1989


SUNRISE AND SUNSET
OCTOBER  8 2017.......SUNRISE   758 AM EDT   SUNSET   716 PM EDT
OCTOBER  9 2017.......SUNRISE   800 AM EDT   SUNSET   714 PM EDT


-  INDICATES NEGATIVE NUMBERS.
R  INDICATES RECORD WAS SET OR TIED.
MM INDICATES DATA IS MISSING.
T  INDICATES TRACE AMOUNT.




$$
