000
CDUS43 KMQT 290512
CLIMQT


CLIMATE REPORT
NATIONAL WEATHER SERVICE MARQUETTE MI
108 AM EDT MON JUN 29 2015


...................................

...THE MARQUETTE MI CLIMATE SUMMARY FOR JUNE 28 2015...

CLIMATE NORMAL PERIOD 1981 TO 2010
CLIMATE RECORD PERIOD 1961 TO 2015


WEATHER ITEM   OBSERVED RECORD YEAR NORMAL DEPARTURE LAST
                VALUE   VALUE       VALUE  FROM      YEAR
                                           NORMAL
...........................................................
TEMPERATURE (F)
 YESTERDAY
  MAXIMUM         75     93    1996  75      0       85
  MINIMUM         55     36    2003  53      2       63
  AVERAGE         65                 64      1       74

PRECIPITATION (IN)
  YESTERDAY        0.11   0.75 1981   0.08   0.03      T
  MONTH TO DATE    1.79               2.67  -0.88     5.51
  SINCE JUN 1      1.79               2.67  -0.88     5.51
  SINCE JAN 1     13.11              16.31  -3.20    17.97

SNOWFALL (IN)
  YESTERDAY        0.0   MM      MM   0.0    0.0      0.0
  MONTH TO DATE    0.0                0.0    0.0      0.0
  SINCE JUN 1      0.0                0.0    0.0      0.0
  SINCE JUL 1    178.7              203.3  -24.6    198.9
  SNOW DEPTH       0

DEGREE DAYS
 HEATING
  YESTERDAY        0                  4     -4        0
  MONTH TO DATE  188                176     12      163
  SINCE JUN 1    188                176     12      163
  SINCE JUL 1   9973               9328    645    10399

 COOLING
  YESTERDAY        0                  3     -3        9
  MONTH TO DATE    0                 42    -42       34
  SINCE JUN 1      0                 42    -42       34
  SINCE JAN 1      2                 54    -52       54
...........................................................


WIND (MPH)
  RESULTANT WIND SPEED  MM   RESULTANT WIND DIRECTION  MM
  HIGHEST WIND SPEED    MM   HIGHEST WIND DIRECTION    MM
  HIGHEST GUST SPEED    18   HIGHEST GUST DIRECTION    NW (315)
  AVERAGE WIND SPEED    MM


SKY COVER
  POSSIBLE SUNSHINE  MM
  AVERAGE SKY COVER  MM


WEATHER CONDITIONS
 THE FOLLOWING WEATHER WAS RECORDED YESTERDAY.
  THUNDERSTORM
  LIGHT RAIN


RELATIVE HUMIDITY (PERCENT)
 HIGHEST    MM
 LOWEST     MM
 AVERAGE    MM

..........................................................


THE MARQUETTE MI CLIMATE NORMALS FOR TODAY
                         NORMAL    RECORD    YEAR
 MAXIMUM TEMPERATURE (F)   75        92      1996
                                             1970
 MINIMUM TEMPERATURE (F)   53        35      1989


SUNRISE AND SUNSET
JUNE 29 2015..........SUNRISE   600 AM EDT   SUNSET   947 PM EDT
JUNE 30 2015..........SUNRISE   600 AM EDT   SUNSET   947 PM EDT


-  INDICATES NEGATIVE NUMBERS.
R  INDICATES RECORD WAS SET OR TIED.
MM INDICATES DATA IS MISSING.
T  INDICATES TRACE AMOUNT.




$$
