000
CDUS43 KMQT 120517
CLIMQT


CLIMATE REPORT
NATIONAL WEATHER SERVICE MARQUETTE MI
1217 AM EST SUN NOV 12 2017


...................................

...THE MARQUETTE MI CLIMATE SUMMARY FOR NOVEMBER 11 2017...

CLIMATE NORMAL PERIOD 1981 TO 2010
CLIMATE RECORD PERIOD 1961 TO 2017


WEATHER ITEM   OBSERVED RECORD YEAR NORMAL DEPARTURE LAST
                VALUE   VALUE       VALUE  FROM      YEAR
                                           NORMAL
...........................................................
TEMPERATURE (F)
 YESTERDAY
  MAXIMUM         26     59    1961  40    -14       43
  MINIMUM         19      0    1986  25     -6       25
                               1979
  AVERAGE         23                 32     -9       34

PRECIPITATION (IN)
  YESTERDAY        0.24   1.89 2014   0.10   0.14      T
  MONTH TO DATE    0.78               1.13  -0.35     0.32
  SINCE SEP 1     12.22               8.69   3.53     8.85
  SINCE JAN 1     39.55              31.06   8.49    36.62

SNOWFALL (IN)
  YESTERDAY        2.7   16.0  2014   0.7    2.0       T
  MONTH TO DATE    9.1                6.0    3.1       T
  SINCE SEP 1     17.9               12.1    5.8       T
  SINCE JUL 1     17.9               12.1    5.8       T
  SNOW DEPTH       3

DEGREE DAYS
 HEATING
  YESTERDAY       42                 33      9       31
  MONTH TO DATE  420                335     85      198
  SINCE SEP 1   1180               1311   -131      952
  SINCE JUL 1   1445               1496    -51     1052

 COOLING
  YESTERDAY        0                  0      0        0
  MONTH TO DATE    0                  0      0        0
  SINCE SEP 1     52                 22     30       10
  SINCE JAN 1    145                242    -97      246
...........................................................


WIND (MPH)
  RESULTANT WIND SPEED  MM   RESULTANT WIND DIRECTION  MM
  HIGHEST WIND SPEED    MM   HIGHEST WIND DIRECTION    MM
  HIGHEST GUST SPEED    27   HIGHEST GUST DIRECTION    SW (225)
  AVERAGE WIND SPEED    MM


SKY COVER
  POSSIBLE SUNSHINE  MM
  AVERAGE SKY COVER  MM


WEATHER CONDITIONS
 THE FOLLOWING WEATHER WAS RECORDED YESTERDAY.
  LIGHT SNOW


RELATIVE HUMIDITY (PERCENT)
 HIGHEST    MM
 LOWEST     MM
 AVERAGE    MM

..........................................................


THE MARQUETTE MI CLIMATE NORMALS FOR TODAY
                         NORMAL    RECORD    YEAR
 MAXIMUM TEMPERATURE (F)   39        54      2005
 MINIMUM TEMPERATURE (F)   25         2      1966


SUNRISE AND SUNSET
NOVEMBER 12 2017......SUNRISE   748 AM EST   SUNSET   520 PM EST
NOVEMBER 13 2017......SUNRISE   750 AM EST   SUNSET   519 PM EST


-  INDICATES NEGATIVE NUMBERS.
R  INDICATES RECORD WAS SET OR TIED.
MM INDICATES DATA IS MISSING.
T  INDICATES TRACE AMOUNT.




$$
