000
CDUS43 KMQT 240509
CLIMQT


CLIMATE REPORT
NATIONAL WEATHER SERVICE MARQUETTE MI
107 AM EDT TUE MAY 24 2016


...................................

...THE MARQUETTE MI CLIMATE SUMMARY FOR MAY 23 2016...

CLIMATE NORMAL PERIOD 1981 TO 2010
CLIMATE RECORD PERIOD 1961 TO 2016


WEATHER ITEM   OBSERVED RECORD YEAR NORMAL DEPARTURE LAST
                VALUE   VALUE       VALUE  FROM      YEAR
                                           NORMAL
...........................................................
TEMPERATURE (F)
 YESTERDAY
  MAXIMUM         85     88    2010  65     20       79
  MINIMUM         58     23    1963  42     16       42
  AVERAGE         72                 53     19       61

PRECIPITATION (IN)
  YESTERDAY        0.00   1.26 2004   0.10  -0.10     0.00
  MONTH TO DATE    0.45               2.18  -1.73     1.56
  SINCE MAR 1      7.62               8.22  -0.60     5.32
  SINCE JAN 1     12.24              12.77  -0.53     8.24

SNOWFALL (IN)
  YESTERDAY        0.0    T    2013   0.0    0.0      0.0
                               1992
  MONTH TO DATE    1.1                1.5   -0.4      0.3
  SINCE MAR 1     60.8               50.9    9.9     24.7
  SINCE JUL 1    160.9              203.3  -42.4    178.7
  SNOW DEPTH       0

DEGREE DAYS
 HEATING
  YESTERDAY        0                 12    -12        4
  MONTH TO DATE  370                363      7      344
  SINCE MAR 1   2393               2441    -48     2406
  SINCE JUL 1   8160               9065   -905     9717

 COOLING
  YESTERDAY        7                  1      6        0
  MONTH TO DATE    7                  3      4        2
  SINCE MAR 1      7                  4      3        2
  SINCE JAN 1      7                  4      3        2
...........................................................


WIND (MPH)
  RESULTANT WIND SPEED  MM   RESULTANT WIND DIRECTION  MM
  HIGHEST WIND SPEED    MM   HIGHEST WIND DIRECTION    MM
  HIGHEST GUST SPEED    33   HIGHEST GUST DIRECTION    SW (215)
  AVERAGE WIND SPEED    MM


SKY COVER
  POSSIBLE SUNSHINE  MM
  AVERAGE SKY COVER  MM


WEATHER CONDITIONS
 THE FOLLOWING WEATHER WAS RECORDED YESTERDAY.
  NO SIGNIFICANT WEATHER WAS OBSERVED.


RELATIVE HUMIDITY (PERCENT)
 HIGHEST    MM
 LOWEST     MM
 AVERAGE    MM

..........................................................


THE MARQUETTE MI CLIMATE NORMALS FOR TODAY
                         NORMAL    RECORD    YEAR
 MAXIMUM TEMPERATURE (F)   65        91      2010
 MINIMUM TEMPERATURE (F)   42        29      2013


SUNRISE AND SUNSET
MAY 24 2016...........SUNRISE   606 AM EDT   SUNSET   928 PM EDT
MAY 25 2016...........SUNRISE   606 AM EDT   SUNSET   929 PM EDT


-  INDICATES NEGATIVE NUMBERS.
R  INDICATES RECORD WAS SET OR TIED.
MM INDICATES DATA IS MISSING.
T  INDICATES TRACE AMOUNT.


$$

Titus
