000
CDUS43 KMQT 230512
CLIMQT


CLIMATE REPORT
NATIONAL WEATHER SERVICE MARQUETTE MI
111 AM EDT WED JUL 23 2014


...................................

...THE MARQUETTE MI CLIMATE SUMMARY FOR JULY 22 2014...

CLIMATE NORMAL PERIOD 1981 TO 2010
CLIMATE RECORD PERIOD 1961 TO 2014


WEATHER ITEM   OBSERVED RECORD YEAR NORMAL DEPARTURE LAST
                VALUE   VALUE       VALUE  FROM      YEAR
                                           NORMAL
...........................................................
TEMPERATURE (F)
 YESTERDAY
  MAXIMUM         78     90    1999  77      1       82
  MINIMUM         57     40    1981  55      2       53
  AVERAGE         68                 66      2       68

PRECIPITATION (IN)
  YESTERDAY        0.23   1.45 1972   0.10   0.13     0.35
  MONTH TO DATE    3.46               1.99   1.47     3.17
  SINCE JUN 1      9.09               4.83   4.26     6.48
  SINCE JAN 1     21.55              18.47   3.08    23.82

SNOWFALL (IN)
  YESTERDAY        0.0   MM      MM   0.0    0.0      0.0
  MONTH TO DATE    T                  0.0    0.0      0.0
  SINCE JUN 1      T                  0.0    0.0      0.0
  SINCE JUL 1      T                  0.0    0.0      0.0
  SNOW DEPTH       0

DEGREE DAYS
 HEATING
  YESTERDAY        0                  2     -2        0
  MONTH TO DATE   78                 56     22       49
  SINCE JUN 1    241                238      3      247
  SINCE JUL 1     78                 56     22       49

 COOLING
  YESTERDAY        3                  3      0        3
  MONTH TO DATE   38                 66    -28      126
  SINCE JUN 1     92                114    -22      165
  SINCE JAN 1    112                126    -14      178
...........................................................


WIND (MPH)
  RESULTANT WIND SPEED  MM   RESULTANT WIND DIRECTION  MM
  HIGHEST WIND SPEED    MM   HIGHEST WIND DIRECTION    MM
  HIGHEST GUST SPEED    38   HIGHEST GUST DIRECTION     W (270)
  AVERAGE WIND SPEED    MM


SKY COVER
  POSSIBLE SUNSHINE  MM
  AVERAGE SKY COVER  MM


WEATHER CONDITIONS
 THE FOLLOWING WEATHER WAS RECORDED YESTERDAY.
  LIGHT RAIN
  FOG


RELATIVE HUMIDITY (PERCENT)
 HIGHEST    MM
 LOWEST     MM
 AVERAGE    MM

..........................................................


THE MARQUETTE MI CLIMATE NORMALS FOR TODAY
                         NORMAL    RECORD    YEAR
 MAXIMUM TEMPERATURE (F)   77        90      1964
 MINIMUM TEMPERATURE (F)   55        38      1985


SUNRISE AND SUNSET
JULY 23 2014..........SUNRISE   621 AM EDT   SUNSET   932 PM EDT
JULY 24 2014..........SUNRISE   622 AM EDT   SUNSET   931 PM EDT


-  INDICATES NEGATIVE NUMBERS.
R  INDICATES RECORD WAS SET OR TIED.
MM INDICATES DATA IS MISSING.
T  INDICATES TRACE AMOUNT.

$$

TITUS
