000
CDUS43 KMQT 290518
CLIMQT


CLIMATE REPORT
NATIONAL WEATHER SERVICE MARQUETTE MI
1217 AM EST TUE NOV 29 2016


...................................

...THE MARQUETTE MI CLIMATE SUMMARY FOR NOVEMBER 28 2016...

CLIMATE NORMAL PERIOD 1981 TO 2010
CLIMATE RECORD PERIOD 1961 TO 2016


WEATHER ITEM   OBSERVED RECORD YEAR NORMAL DEPARTURE LAST
                VALUE   VALUE       VALUE  FROM      YEAR
                                           NORMAL
...........................................................
TEMPERATURE (F)
 YESTERDAY
  MAXIMUM         42     51    2006  32     10       33
  MINIMUM         36     -8    1976  18     18       10
  AVERAGE         39                 25     14       22

PRECIPITATION (IN)
  YESTERDAY        0.30   1.28 1983   0.11   0.19     0.00
  MONTH TO DATE    1.34               2.97  -1.63     2.15
  SINCE SEP 1      9.87              10.53  -0.66     6.69
  SINCE JAN 1     37.64              32.90   4.74    24.90

SNOWFALL (IN)
  YESTERDAY        0.0   12.8  1983   1.1   -1.1      0.0
  MONTH TO DATE   14.2               22.0   -7.8      6.7
  SINCE SEP 1     14.2               28.1  -13.9      7.9
  SINCE JUL 1     14.2               28.1  -13.9      7.9
  SNOW DEPTH       0

DEGREE DAYS
 HEATING
  YESTERDAY       26                 40    -14       43
  MONTH TO DATE  710                959   -249      766
  SINCE SEP 1   1464               1935   -471     1584
  SINCE JUL 1   1564               2120   -556     1752

 COOLING
  YESTERDAY        0                  0      0        0
  MONTH TO DATE    0                  0      0        0
  SINCE SEP 1     10                 22    -12       68
  SINCE JAN 1    246                242      4      250
...........................................................


WIND (MPH)
  RESULTANT WIND SPEED  MM   RESULTANT WIND DIRECTION  MM
  HIGHEST WIND SPEED    MM   HIGHEST WIND DIRECTION    MM
  HIGHEST GUST SPEED    28   HIGHEST GUST DIRECTION     S (180)
  AVERAGE WIND SPEED    MM


SKY COVER
  POSSIBLE SUNSHINE  MM
  AVERAGE SKY COVER  MM


WEATHER CONDITIONS
 THE FOLLOWING WEATHER WAS RECORDED YESTERDAY.
  LIGHT RAIN


RELATIVE HUMIDITY (PERCENT)
 HIGHEST    MM
 LOWEST     MM
 AVERAGE    MM

..........................................................


THE MARQUETTE MI CLIMATE NORMALS FOR TODAY
                         NORMAL    RECORD    YEAR
 MAXIMUM TEMPERATURE (F)   31        55      1998
 MINIMUM TEMPERATURE (F)   17       -13      1976


SUNRISE AND SUNSET
NOVEMBER 29 2016......SUNRISE   812 AM EST   SUNSET   505 PM EST
NOVEMBER 30 2016......SUNRISE   813 AM EST   SUNSET   505 PM EST


-  INDICATES NEGATIVE NUMBERS.
R  INDICATES RECORD WAS SET OR TIED.
MM INDICATES DATA IS MISSING.
T  INDICATES TRACE AMOUNT.




$$
