000
CDUS43 KMQT 260522
CLIMQT


CLIMATE REPORT
NATIONAL WEATHER SERVICE MARQUETTE MI
121 AM EDT MON SEP 26 2016


...................................

...THE MARQUETTE MI CLIMATE SUMMARY FOR SEPTEMBER 25 2016...

CLIMATE NORMAL PERIOD 1981 TO 2010
CLIMATE RECORD PERIOD 1961 TO 2016


WEATHER ITEM   OBSERVED RECORD YEAR NORMAL DEPARTURE LAST
                VALUE   VALUE       VALUE  FROM      YEAR
                                           NORMAL
...........................................................
TEMPERATURE (F)
 YESTERDAY
  MAXIMUM         64     75    1979  62      2       71
  MINIMUM         51     25    1975  42      9       55
  AVERAGE         58                 52      6       63

PRECIPITATION (IN)
  YESTERDAY        0.27   1.00 1972   0.14   0.13     0.00
  MONTH TO DATE    4.96               3.04   1.92     1.52
  SINCE SEP 1      4.96               3.04   1.92     1.52
  SINCE JAN 1     32.73              25.41   7.32    19.73

SNOWFALL (IN)
  YESTERDAY        0.0   MM      MM   0.0    0.0      0.0
  MONTH TO DATE    0.0                0.0    0.0      0.0
  SINCE SEP 1      0.0                0.0    0.0      0.0
  SINCE JUL 1      T                  0.0    0.0      0.0
  SNOW DEPTH       0

DEGREE DAYS
 HEATING
  YESTERDAY        7                 13     -6        2
  MONTH TO DATE  119                224   -105      115
  SINCE SEP 1    119                224   -105      115
  SINCE JUL 1    219                409   -190      283

 COOLING
  YESTERDAY        0                  0      0        0
  MONTH TO DATE   10                 21    -11       64
  SINCE SEP 1     10                 21    -11       64
  SINCE JAN 1    246                241      5      246
...........................................................


WIND (MPH)
  HIGHEST WIND SPEED    MM   HIGHEST WIND DIRECTION    MM
  HIGHEST GUST SPEED    23   HIGHEST GUST DIRECTION     S (180)
  AVERAGE WIND SPEED    MM


SKY COVER
  POSSIBLE SUNSHINE  MM
  AVERAGE SKY COVER  MM


WEATHER CONDITIONS
 THE FOLLOWING WEATHER WAS RECORDED YESTERDAY.
  HEAVY RAIN
  RAIN
  LIGHT RAIN


RELATIVE HUMIDITY (PERCENT)
 HIGHEST    MM
 LOWEST     MM
 AVERAGE    MM

..........................................................


THE MARQUETTE MI CLIMATE NORMALS FOR TODAY
                         NORMAL    RECORD    YEAR
 MAXIMUM TEMPERATURE (F)   61        79      2008
                                             1983
 MINIMUM TEMPERATURE (F)   42        25      1965


SUNRISE AND SUNSET
SEPTEMBER 26 2016.....SUNRISE   743 AM EDT   SUNSET   739 PM EDT
SEPTEMBER 27 2016.....SUNRISE   744 AM EDT   SUNSET   737 PM EDT


-  INDICATES NEGATIVE NUMBERS.
R  INDICATES RECORD WAS SET OR TIED.
MM INDICATES DATA IS MISSING.
T  INDICATES TRACE AMOUNT.




$$

JLA
