000
CDUS43 KMQT 162114
CLIMQT


CLIMATE REPORT
NATIONAL WEATHER SERVICE MARQUETTE MI
513 PM EDT THU OCT 16 2014


...................................

...THE MARQUETTE MI CLIMATE SUMMARY FOR OCTOBER 16 2014...
VALID TODAY AS OF 0500 PM LOCAL TIME.

CLIMATE NORMAL PERIOD 1981 TO 2010
CLIMATE RECORD PERIOD 1961 TO 2014


WEATHER ITEM   OBSERVED RECORD YEAR NORMAL DEPARTURE LAST
                VALUE   VALUE       VALUE  FROM      YEAR
                                           NORMAL
...........................................................
TEMPERATURE (F)
 TODAY
  MAXIMUM         47     79    1963  52     -5       49
  MINIMUM         43     22    2002  34      9       31
  AVERAGE         45                 43      2       40

PRECIPITATION (IN)
  TODAY            0.01   0.88 1992   0.12  -0.11     0.28
  MONTH TO DATE    3.45               2.14   1.31     2.70
  SINCE SEP 1      7.55               5.86   1.69     4.72
  SINCE JAN 1     34.29              28.23   6.06    32.47

SNOWFALL (IN)
  TODAY            0.0    7.5  1992   0.2   -0.2      0.0
  MONTH TO DATE    T                  2.0   -2.0      0.0
  SINCE SEP 1      T                  2.1   -2.1      0.0
  SINCE JUL 1      T                  2.1   -2.1      0.0
  SNOW DEPTH       0

DEGREE DAYS
 HEATING
  TODAY           20                 22     -2       25
  MONTH TO DATE  327                304     23      201
  SINCE SEP 1    607                601      6      452
  SINCE JUL 1    854                786     68      666

 COOLING
  TODAY            0                  0      0        0
  MONTH TO DATE    0                  0      0        0
  SINCE SEP 1      5                 21    -16       10
  SINCE JAN 1    152                241    -89      280
...........................................................


WIND (MPH)
  HIGHEST WIND SPEED    MM   HIGHEST WIND DIRECTION    MM
  HIGHEST GUST SPEED     9   HIGHEST GUST DIRECTION    NE (45)
  AVERAGE WIND SPEED    MM


SKY COVER
  POSSIBLE SUNSHINE  MM
  AVERAGE SKY COVER  MM


WEATHER CONDITIONS
 THE FOLLOWING WEATHER WAS RECORDED TODAY.
  LIGHT RAIN
  FOG


RELATIVE HUMIDITY (PERCENT)
 HIGHEST    MM
 LOWEST     MM
 AVERAGE    MM

..........................................................


THE MARQUETTE MI CLIMATE NORMALS FOR TOMORROW
                         NORMAL    RECORD    YEAR
 MAXIMUM TEMPERATURE (F)   52        81      1961
 MINIMUM TEMPERATURE (F)   34        20      1972


SUNRISE AND SUNSET
OCTOBER 16 2014.......SUNRISE   809 AM EDT   SUNSET   702 PM EDT
OCTOBER 17 2014.......SUNRISE   810 AM EDT   SUNSET   700 PM EDT


-  INDICATES NEGATIVE NUMBERS.
R  INDICATES RECORD WAS SET OR TIED.
MM INDICATES DATA IS MISSING.
T  INDICATES TRACE AMOUNT.




$$
