000
CDUS43 KMQT 220519
CLIMQT


CLIMATE REPORT
NATIONAL WEATHER SERVICE MARQUETTE MI
115 AM EDT SUN MAR 22 2015


...................................

...THE MARQUETTE MI CLIMATE SUMMARY FOR MARCH 21 2015...

CLIMATE NORMAL PERIOD 1981 TO 2010
CLIMATE RECORD PERIOD 1961 TO 2015


WEATHER ITEM   OBSERVED RECORD YEAR NORMAL DEPARTURE LAST
                VALUE   VALUE       VALUE  FROM      YEAR
                                           NORMAL
...........................................................
TEMPERATURE (F)
 YESTERDAY
  MAXIMUM         32     81    2012  36     -4       38
  MINIMUM         11    -15    1988  16     -5        5
  AVERAGE         22                 26     -4       22

PRECIPITATION (IN)
  YESTERDAY        T      1.97 1984   0.10  -0.10     0.16
  MONTH TO DATE    0.47               2.02  -1.55     1.15
  SINCE MAR 1      0.47               2.02  -1.55     1.15
  SINCE JAN 1      3.39               6.57  -3.18     4.67

SNOWFALL (IN)
  YESTERDAY        0.1   17.0  1984   1.0   -0.9      2.8
  MONTH TO DATE    3.0               25.8  -22.8     18.9
  SINCE MAR 1      3.0               25.8  -22.8     18.9
  SINCE JUL 1    157.0              178.2  -21.2    148.4
  SNOW DEPTH      17

DEGREE DAYS
 HEATING
  YESTERDAY       43                 39      4       43
  MONTH TO DATE  831                896    -65     1071
  SINCE MAR 1    831                896    -65     1071
  SINCE JUL 1   8142               7520    622     8393

 COOLING
  YESTERDAY        0                  0      0        0
  MONTH TO DATE    0                  0      0        0
  SINCE MAR 1      0                  0      0        0
  SINCE JAN 1      0                  0      0        0
...........................................................


WIND (MPH)
  RESULTANT WIND SPEED  MM   RESULTANT WIND DIRECTION  MM
  HIGHEST WIND SPEED    MM   HIGHEST WIND DIRECTION    MM
  HIGHEST GUST SPEED    24   HIGHEST GUST DIRECTION     N (360)
  AVERAGE WIND SPEED    MM


SKY COVER
  POSSIBLE SUNSHINE  MM
  AVERAGE SKY COVER  MM


WEATHER CONDITIONS
 THE FOLLOWING WEATHER WAS RECORDED YESTERDAY.
  LIGHT SNOW


RELATIVE HUMIDITY (PERCENT)
 HIGHEST    MM
 LOWEST     MM
 AVERAGE    MM

..........................................................


THE MARQUETTE MI CLIMATE NORMALS FOR TODAY
                         NORMAL    RECORD    YEAR
 MAXIMUM TEMPERATURE (F)   37        60      1987
 MINIMUM TEMPERATURE (F)   16       -16      2004


SUNRISE AND SUNSET
MARCH 22 2015.........SUNRISE   750 AM EDT   SUNSET   805 PM EDT
MARCH 23 2015.........SUNRISE   748 AM EDT   SUNSET   807 PM EDT


-  INDICATES NEGATIVE NUMBERS.
R  INDICATES RECORD WAS SET OR TIED.
MM INDICATES DATA IS MISSING.
T  INDICATES TRACE AMOUNT.




$$
