000
CDUS43 KMQT 160506
CLIMQT

CLIMATE REPORT
NATIONAL WEATHER SERVICE MARQUETTE MI
1206 AM EST THU FEB 16 2017


...................................

...THE MARQUETTE MI CLIMATE SUMMARY FOR FEBRUARY 15 2017...

CLIMATE NORMAL PERIOD 1981 TO 2010
CLIMATE RECORD PERIOD 1961 TO 2017


WEATHER ITEM   OBSERVED RECORD YEAR NORMAL DEPARTURE LAST
                VALUE   VALUE       VALUE  FROM      YEAR
                                           NORMAL
...........................................................
TEMPERATURE (F)
 YESTERDAY
  MAXIMUM         19     46    1981  26     -7       22
  MINIMUM         14    -21    1974   5      9       14
  AVERAGE         17                 15      2       18

PRECIPITATION (IN)
  YESTERDAY        0.02   0.72 2010   0.08  -0.06     0.02
  MONTH TO DATE    1.22               1.09   0.13     1.59
  SINCE DEC 1      5.15               6.07  -0.92     8.42
  SINCE JAN 1      2.96               3.50  -0.54     3.55

SNOWFALL (IN)
  YESTERDAY        2.1   12.4  1988   1.2    0.9      0.5
  MONTH TO DATE   20.0               19.0    1.0     24.3
  SINCE DEC 1     92.2              105.0  -12.8     80.7
  SINCE JUL 1    106.4              135.5  -29.1     88.6
  SNOW DEPTH      19

DEGREE DAYS
 HEATING
  YESTERDAY       48                 50     -2       47
  MONTH TO DATE  736                763    -27      761
  SINCE DEC 1   3600               3798   -198     3349
  SINCE JUL 1   5225               6000   -775     5181

 COOLING
  YESTERDAY        0                  0      0        0
  MONTH TO DATE    0                  0      0        0
  SINCE DEC 1      0                  0      0        0
  SINCE JAN 1      0                  0      0        0
...........................................................


WIND (MPH)
  RESULTANT WIND SPEED  MM   RESULTANT WIND DIRECTION  MM
  HIGHEST WIND SPEED    MM   HIGHEST WIND DIRECTION    MM
  HIGHEST GUST SPEED    28   HIGHEST GUST DIRECTION     N (360)
  AVERAGE WIND SPEED    MM


SKY COVER
  POSSIBLE SUNSHINE  MM
  AVERAGE SKY COVER  MM


WEATHER CONDITIONS
 THE FOLLOWING WEATHER WAS RECORDED YESTERDAY.
  LIGHT SNOW


RELATIVE HUMIDITY (PERCENT)
 HIGHEST    MM
 LOWEST     MM
 AVERAGE    MM

..........................................................


THE MARQUETTE MI CLIMATE NORMALS FOR TODAY
                         NORMAL    RECORD    YEAR
 MAXIMUM TEMPERATURE (F)   26        57      2011
 MINIMUM TEMPERATURE (F)    5       -25      1963


SUNRISE AND SUNSET
FEBRUARY 16 2017......SUNRISE   752 AM EST   SUNSET   617 PM EST
FEBRUARY 17 2017......SUNRISE   750 AM EST   SUNSET   619 PM EST


-  INDICATES NEGATIVE NUMBERS.
R  INDICATES RECORD WAS SET OR TIED.
MM INDICATES DATA IS MISSING.
T  INDICATES TRACE AMOUNT.




$$
