000
CDUS43 KMQT 110512
CLIMQT


CLIMATE REPORT
NATIONAL WEATHER SERVICE MARQUETTE MI
1211 AM EST SUN FEB 11 2018


...................................

...THE MARQUETTE MI CLIMATE SUMMARY FOR FEBRUARY 10 2018...

CLIMATE NORMAL PERIOD 1981 TO 2010
CLIMATE RECORD PERIOD 1961 TO 2018


WEATHER ITEM   OBSERVED RECORD YEAR NORMAL DEPARTURE LAST
                VALUE   VALUE       VALUE  FROM      YEAR
                                           NORMAL
...........................................................
TEMPERATURE (F)
 YESTERDAY
  MAXIMUM         15     43    2009  24     -9       28
  MINIMUM         -8    -27    1994   4    -12        4
  AVERAGE          4                 14    -10       16

PRECIPITATION (IN)
  YESTERDAY        0.00   0.61 1996   0.07  -0.07     0.10
  MONTH TO DATE    0.24               0.73  -0.49     1.13
  SINCE DEC 1      5.10               5.71  -0.61     5.06
  SINCE JAN 1      2.96               3.14  -0.18     2.87

SNOWFALL (IN)
  YESTERDAY        0.0    6.4  2012   1.3   -1.3      0.8
  MONTH TO DATE    3.4               12.9   -9.5     16.4
  SINCE DEC 1     78.2               98.9  -20.7     88.6
  SINCE JUL 1    103.2              129.4  -26.2    102.8
  SNOW DEPTH      19

DEGREE DAYS
 HEATING
  YESTERDAY       61                 51     10       49
  MONTH TO DATE  629                513    116      532
  SINCE DEC 1   3758               3548    210     3396
  SINCE JUL 1   5885               5750    135     5021

 COOLING
  YESTERDAY        0                  0      0        0
  MONTH TO DATE    0                  0      0        0
  SINCE DEC 1      0                  0      0        0
  SINCE JAN 1      0                  0      0        0
...........................................................


WIND (MPH)
  RESULTANT WIND SPEED  MM   RESULTANT WIND DIRECTION  MM
  HIGHEST WIND SPEED    MM   HIGHEST WIND DIRECTION    MM
  HIGHEST GUST SPEED    19   HIGHEST GUST DIRECTION     W (270)
  AVERAGE WIND SPEED    MM


SKY COVER
  POSSIBLE SUNSHINE  MM
  AVERAGE SKY COVER  MM


WEATHER CONDITIONS
 THE FOLLOWING WEATHER WAS RECORDED YESTERDAY.
  NO SIGNIFICANT WEATHER WAS OBSERVED.


RELATIVE HUMIDITY (PERCENT)
 HIGHEST    MM
 LOWEST     MM
 AVERAGE    MM

..........................................................


THE MARQUETTE MI CLIMATE NORMALS FOR TODAY
                         NORMAL    RECORD    YEAR
 MAXIMUM TEMPERATURE (F)   25        42      1999
 MINIMUM TEMPERATURE (F)    5       -23      2014


SUNRISE AND SUNSET
FEBRUARY 11 2018......SUNRISE   800 AM EST   SUNSET   609 PM EST
FEBRUARY 12 2018......SUNRISE   758 AM EST   SUNSET   611 PM EST


-  INDICATES NEGATIVE NUMBERS.
R  INDICATES RECORD WAS SET OR TIED.
MM INDICATES DATA IS MISSING.
T  INDICATES TRACE AMOUNT.




$$
