000
CDUS43 KMQT 180502
CLIMQT

CLIMATE REPORT
NATIONAL WEATHER SERVICE MARQUETTE MI
101 AM EDT SUN JUN 18 2017


...................................

...THE MARQUETTE MI CLIMATE SUMMARY FOR JUNE 17 2017...

CLIMATE NORMAL PERIOD 1981 TO 2010
CLIMATE RECORD PERIOD 1961 TO 2017


WEATHER ITEM   OBSERVED RECORD YEAR NORMAL DEPARTURE LAST
                VALUE   VALUE       VALUE  FROM      YEAR
                                           NORMAL
...........................................................
TEMPERATURE (F)
 YESTERDAY
  MAXIMUM         74     92    1995  72      2       83
  MINIMUM         59     30    1972  50      9       48
  AVERAGE         67                 61      6       66

PRECIPITATION (IN)
  YESTERDAY        0.34   0.86 1978   0.09   0.25     0.00
  MONTH TO DATE    2.77               1.69   1.08     2.11
  SINCE JUN 1      2.77               1.69   1.08     2.11
  SINCE JAN 1     17.61              15.33   2.28    18.32

SNOWFALL (IN)
  YESTERDAY        0.0   MM      MM   0.0    0.0      0.0
  MONTH TO DATE    0.0                0.0    0.0       T
  SINCE JUN 1      0.0                0.0    0.0       T
  SINCE JUL 1    154.0              203.3  -49.3    160.9
  SNOW DEPTH       0

DEGREE DAYS
 HEATING
  YESTERDAY        0                  6     -6        0
  MONTH TO DATE   63                126    -63      133
  SINCE JUN 1     63                126    -63      133
  SINCE JUL 1   8296               9278   -982     8337

 COOLING
  YESTERDAY        2                  2      0        1
  MONTH TO DATE   21                 19      2        3
  SINCE JUN 1     21                 19      2        3
  SINCE JAN 1     21                 31    -10       14
...........................................................


WIND (MPH)
  RESULTANT WIND SPEED  MM   RESULTANT WIND DIRECTION  MM
  HIGHEST WIND SPEED    MM   HIGHEST WIND DIRECTION    MM
  HIGHEST GUST SPEED    16   HIGHEST GUST DIRECTION     W (270)
  AVERAGE WIND SPEED    MM


SKY COVER
  POSSIBLE SUNSHINE  MM
  AVERAGE SKY COVER  MM


WEATHER CONDITIONS
 THE FOLLOWING WEATHER WAS RECORDED YESTERDAY.
  THUNDERSTORM
  LIGHT RAIN
  FOG


RELATIVE HUMIDITY (PERCENT)
 HIGHEST    MM
 LOWEST     MM
 AVERAGE    MM

..........................................................


THE MARQUETTE MI CLIMATE NORMALS FOR TODAY
                         NORMAL    RECORD    YEAR
 MAXIMUM TEMPERATURE (F)   73        96      1995
 MINIMUM TEMPERATURE (F)   50        36      2013


SUNRISE AND SUNSET
JUNE 18 2017..........SUNRISE   557 AM EDT   SUNSET   946 PM EDT
JUNE 19 2017..........SUNRISE   557 AM EDT   SUNSET   946 PM EDT


-  INDICATES NEGATIVE NUMBERS.
R  INDICATES RECORD WAS SET OR TIED.
MM INDICATES DATA IS MISSING.
T  INDICATES TRACE AMOUNT.




$$
