000
CDUS43 KMQT 090523
CLIMQT


CLIMATE REPORT
NATIONAL WEATHER SERVICE MARQUETTE MI
122 AM EDT WED APR 9 2014


...................................

...THE MARQUETTE MI CLIMATE SUMMARY FOR APRIL 8 2014...

CLIMATE NORMAL PERIOD 1981 TO 2010
CLIMATE RECORD PERIOD 1961 TO 2014


WEATHER ITEM   OBSERVED RECORD YEAR NORMAL DEPARTURE LAST
                VALUE   VALUE       VALUE  FROM      YEAR
                                           NORMAL
...........................................................
TEMPERATURE (F)
 YESTERDAY
  MAXIMUM         44     58    2011  44      0       35
                               2005
  MINIMUM         27     -5    1977  24      3       27
  AVERAGE         36                 34      2       31

PRECIPITATION (IN)
  YESTERDAY        T      1.52 1980   0.11  -0.11     0.26
  MONTH TO DATE    1.13               0.86   0.27     0.71
  SINCE MAR 1      3.09               3.89  -0.80     4.00
  SINCE JAN 1      6.61               8.44  -1.83     9.55

SNOWFALL (IN)
  YESTERDAY        0.0    9.8  2010   0.7   -0.7      0.1
  MONTH TO DATE   10.7                5.9    4.8      4.3
  SINCE MAR 1     40.7               40.8   -0.1     53.1
  SINCE JUL 1    170.2              193.2  -23.0    186.9
  SNOW DEPTH      30

DEGREE DAYS
 HEATING
  YESTERDAY       29                 31     -2       34
  MONTH TO DATE  264                260      4      314
  SINCE MAR 1   1787               1523    264     1664
  SINCE JUL 1   9109               8147    962     7974

 COOLING
  YESTERDAY        0                  0      0        0
  MONTH TO DATE    0                  0      0        0
  SINCE MAR 1      0                  0      0        0
  SINCE JAN 1      0                  0      0        0
...........................................................

WIND (MPH)
  RESULTANT WIND SPEED  MM   RESULTANT WIND DIRECTION  MM
  HIGHEST WIND SPEED    MM   HIGHEST WIND DIRECTION    MM
  HIGHEST GUST SPEED    22   HIGHEST GUST DIRECTION     N (360)
  AVERAGE WIND SPEED    MM

SKY COVER
  POSSIBLE SUNSHINE  MM
  AVERAGE SKY COVER  MM

WEATHER CONDITIONS
 THE FOLLOWING WEATHER WAS RECORDED YESTERDAY.
  LIGHT RAIN

RELATIVE HUMIDITY (PERCENT)
 HIGHEST    MM
 LOWEST     MM
 AVERAGE    MM
..........................................................


THE MARQUETTE MI CLIMATE NORMALS FOR TODAY
                         NORMAL    RECORD    YEAR
 MAXIMUM TEMPERATURE (F)   44        74      1987
 MINIMUM TEMPERATURE (F)   25        -1      2007


SUNRISE AND SUNSET
APRIL  9 2014.........SUNRISE   714 AM EDT   SUNSET   830 PM EDT
APRIL 10 2014.........SUNRISE   712 AM EDT   SUNSET   831 PM EDT


-  INDICATES NEGATIVE NUMBERS.
R  INDICATES RECORD WAS SET OR TIED.
MM INDICATES DATA IS MISSING.
T  INDICATES TRACE AMOUNT.




$$
