000
CDUS43 KMQT 240501
CLIMQT

CLIMATE REPORT
NATIONAL WEATHER SERVICE MARQUETTE MI
100 AM EDT FRI OCT 24 2014


...................................

...THE MARQUETTE MI CLIMATE SUMMARY FOR OCTOBER 23 2014...

CLIMATE NORMAL PERIOD 1981 TO 2010
CLIMATE RECORD PERIOD 1961 TO 2014


WEATHER ITEM   OBSERVED RECORD YEAR NORMAL DEPARTURE LAST
                VALUE   VALUE       VALUE  FROM      YEAR
                                           NORMAL
...........................................................
TEMPERATURE (F)
 YESTERDAY
  MAXIMUM         47     79    1963  49     -2       37
  MINIMUM         36      9    1969  32      4       27
  AVERAGE         42                 40      2       32

PRECIPITATION (IN)
  YESTERDAY        0.08   1.54 1979   0.11  -0.03      T
  MONTH TO DATE    5.32               2.97   2.35     3.54
  SINCE SEP 1      9.42               6.69   2.73     5.56
  SINCE JAN 1     36.16              29.06   7.10    33.31

SNOWFALL (IN)
  YESTERDAY        0.0    8.6  1979   0.2   -0.2       T
  MONTH TO DATE    T                  3.4   -3.4      2.3
  SINCE SEP 1      T                  3.5   -3.5      2.3
  SINCE JUL 1      T                  3.5   -3.5      2.3
  SNOW DEPTH       0

DEGREE DAYS
 HEATING
  YESTERDAY       23                 25     -2       33
  MONTH TO DATE  517                468     49      398
  SINCE SEP 1    797                765     32      649
  SINCE JUL 1   1044                950     94      863

 COOLING
  YESTERDAY        0                  0      0        0
  MONTH TO DATE    0                  0      0        0
  SINCE SEP 1      5                 21    -16       10
  SINCE JAN 1    152                241    -89      280
...........................................................


WIND (MPH)
  RESULTANT WIND SPEED  MM   RESULTANT WIND DIRECTION  MM
  HIGHEST WIND SPEED    MM   HIGHEST WIND DIRECTION    MM
  HIGHEST GUST SPEED    25   HIGHEST GUST DIRECTION    SW (225)
  AVERAGE WIND SPEED    MM


SKY COVER
  POSSIBLE SUNSHINE  MM
  AVERAGE SKY COVER  MM


WEATHER CONDITIONS
 THE FOLLOWING WEATHER WAS RECORDED YESTERDAY.
  LIGHT RAIN
  FOG


RELATIVE HUMIDITY (PERCENT)
 HIGHEST    MM
 LOWEST     MM
 AVERAGE    MM

..........................................................


THE MARQUETTE MI CLIMATE NORMALS FOR TODAY
                         NORMAL    RECORD    YEAR
 MAXIMUM TEMPERATURE (F)   49        75      1963
 MINIMUM TEMPERATURE (F)   32        16      1981


SUNRISE AND SUNSET
OCTOBER 24 2014.......SUNRISE   820 AM EDT   SUNSET   648 PM EDT
OCTOBER 25 2014.......SUNRISE   822 AM EDT   SUNSET   646 PM EDT


-  INDICATES NEGATIVE NUMBERS.
R  INDICATES RECORD WAS SET OR TIED.
MM INDICATES DATA IS MISSING.
T  INDICATES TRACE AMOUNT.




$$
