000
CDUS43 KMQT 272107
CLIMQT


CLIMATE REPORT
NATIONAL WEATHER SERVICE MARQUETTE MI
506 PM EDT WED APR 27 2016


...................................

...THE MARQUETTE MI CLIMATE SUMMARY FOR APRIL 27 2016...
VALID TODAY AS OF 0500 PM LOCAL TIME.

CLIMATE NORMAL PERIOD 1981 TO 2010
CLIMATE RECORD PERIOD 1961 TO 2016


WEATHER ITEM   OBSERVED RECORD YEAR NORMAL DEPARTURE LAST
                VALUE   VALUE       VALUE  FROM      YEAR
                                           NORMAL
...........................................................
TEMPERATURE (F)
 TODAY
  MAXIMUM         43     82    1986  54    -11       48
  MINIMUM         29     15    2004  33     -4       32
  AVERAGE         36                 44     -8       40

PRECIPITATION (IN)
  TODAY            0.00   0.90 1969   0.10  -0.10     0.00
  MONTH TO DATE    3.83               2.73   1.10     2.50
  SINCE MAR 1      7.17               5.76   1.41     3.76
  SINCE JAN 1     11.79              10.31   1.48     6.68

SNOWFALL (IN)
  TODAY            0.0    2.1  2005   0.2   -0.2      0.0
  MONTH TO DATE   40.9               13.9   27.0     13.1
  SINCE MAR 1     59.7               48.8   10.9     24.4
  SINCE JUL 1    159.8              201.2  -41.4    178.4
  SNOW DEPTH       0

DEGREE DAYS
 HEATING
  TODAY           29                 22      7       25
  MONTH TO DATE  851                751    100      745
  SINCE MAR 1   1947               2014    -67     1994
  SINCE JUL 1   7714               8638   -924     9305

 COOLING
  TODAY            0                  0      0        0
  MONTH TO DATE    0                  0      0        0
  SINCE MAR 1      0                  0      0        0
  SINCE JAN 1      0                  0      0        0
...........................................................


WIND (MPH)
  HIGHEST WIND SPEED    MM   HIGHEST WIND DIRECTION    MM
  HIGHEST GUST SPEED    18   HIGHEST GUST DIRECTION     N (360)
  AVERAGE WIND SPEED    MM


SKY COVER
  POSSIBLE SUNSHINE  MM
  AVERAGE SKY COVER  MM


WEATHER CONDITIONS
 THE FOLLOWING WEATHER WAS RECORDED TODAY.
  NO SIGNIFICANT WEATHER WAS OBSERVED.


RELATIVE HUMIDITY (PERCENT)
 HIGHEST    MM
 LOWEST     MM
 AVERAGE    MM

..........................................................


THE MARQUETTE MI CLIMATE NORMALS FOR TOMORROW
                         NORMAL    RECORD    YEAR
 MAXIMUM TEMPERATURE (F)   54        77      1990
 MINIMUM TEMPERATURE (F)   34        17      1965


SUNRISE AND SUNSET
APRIL 27 2016.........SUNRISE   641 AM EDT   SUNSET   855 PM EDT
APRIL 28 2016.........SUNRISE   640 AM EDT   SUNSET   856 PM EDT


-  INDICATES NEGATIVE NUMBERS.
R  INDICATES RECORD WAS SET OR TIED.
MM INDICATES DATA IS MISSING.
T  INDICATES TRACE AMOUNT.




$$
