355
CDUS43 KMQT 290532
CLIMQT


CLIMATE REPORT
NATIONAL WEATHER SERVICE MARQUETTE MI
131 AM EDT FRI JUL 29 2016


...................................

...THE MARQUETTE MI CLIMATE SUMMARY FOR JULY 28 2016...

CLIMATE NORMAL PERIOD 1981 TO 2010
CLIMATE RECORD PERIOD 1961 TO 2016


WEATHER ITEM   OBSERVED RECORD YEAR NORMAL DEPARTURE LAST
                VALUE   VALUE       VALUE  FROM      YEAR
                                           NORMAL
...........................................................
TEMPERATURE (F)
 YESTERDAY
  MAXIMUM         69     99    1988  76     -7       84
  MINIMUM         55     39    1984  55      0       64
  AVERAGE         62                 66     -4       74

PRECIPITATION (IN)
  YESTERDAY        T      0.89 1996   0.09  -0.09     0.00
  MONTH TO DATE    3.49               2.55   0.94     1.70
  SINCE JUN 1      7.03               5.39   1.64     4.19
  SINCE JAN 1     23.24              19.03   4.21    15.51

SNOWFALL (IN)
  YESTERDAY        0.0   MM      MM   0.0    0.0      0.0
  MONTH TO DATE    T                  0.0    0.0      0.0
  SINCE JUN 1      T                  0.0    0.0      0.0
  SINCE JUL 1      T                  0.0    0.0      0.0
  SNOW DEPTH       0

DEGREE DAYS
 HEATING
  YESTERDAY        3                  3      0        0
  MONTH TO DATE   50                 70    -20       68
  SINCE JUN 1    232                252    -20      270
  SINCE JUL 1     50                 70    -20       68

 COOLING
  YESTERDAY        0                  3     -3        9
  MONTH TO DATE  102                 84     18       90
  SINCE JUN 1    143                132     11       90
  SINCE JAN 1    154                144     10       92
...........................................................


WIND (MPH)
  RESULTANT WIND SPEED  MM   RESULTANT WIND DIRECTION  MM
  HIGHEST WIND SPEED    MM   HIGHEST WIND DIRECTION    MM
  HIGHEST GUST SPEED    18   HIGHEST GUST DIRECTION    NE (45)
  AVERAGE WIND SPEED    MM


SKY COVER
  POSSIBLE SUNSHINE  MM
  AVERAGE SKY COVER  MM


WEATHER CONDITIONS
 THE FOLLOWING WEATHER WAS RECORDED YESTERDAY.
  LIGHT RAIN


RELATIVE HUMIDITY (PERCENT)
 HIGHEST    MM
 LOWEST     MM
 AVERAGE    MM

..........................................................


THE MARQUETTE MI CLIMATE NORMALS FOR TODAY
                         NORMAL    RECORD    YEAR
 MAXIMUM TEMPERATURE (F)   76        94      1988
 MINIMUM TEMPERATURE (F)   55        40      1971


SUNRISE AND SUNSET
JULY 29 2016..........SUNRISE   628 AM EDT   SUNSET   925 PM EDT
JULY 30 2016..........SUNRISE   629 AM EDT   SUNSET   923 PM EDT


-  INDICATES NEGATIVE NUMBERS.
R  INDICATES RECORD WAS SET OR TIED.
MM INDICATES DATA IS MISSING.
T  INDICATES TRACE AMOUNT.




$$
