000
CDUS43 KMQT 252105
CLIMQT


CLIMATE REPORT
NATIONAL WEATHER SERVICE MARQUETTE MI
504 PM EDT THU MAY 25 2017


...................................

...THE MARQUETTE MI CLIMATE SUMMARY FOR MAY 25 2017...
VALID TODAY AS OF 0500 PM LOCAL TIME.

CLIMATE NORMAL PERIOD 1981 TO 2010
CLIMATE RECORD PERIOD 1961 TO 2017


WEATHER ITEM   OBSERVED RECORD YEAR NORMAL DEPARTURE LAST
                VALUE   VALUE       VALUE  FROM      YEAR
                                           NORMAL
...........................................................
TEMPERATURE (F)
 TODAY
  MAXIMUM         65     88    2010  65      0       62
  MINIMUM         43     28    2002  43      0       46
  AVERAGE         54                 54      0       54

PRECIPITATION (IN)
  TODAY            T      1.09 2015   0.11  -0.11     0.31
  MONTH TO DATE    2.55               2.40   0.15     2.61
  SINCE MAR 1      9.79               8.44   1.35     9.78
  SINCE JAN 1     14.37              12.99   1.38    14.40

SNOWFALL (IN)
  TODAY            0.0   MM      MM   0.0    0.0      0.0
  MONTH TO DATE    0.9                1.5   -0.6      1.1
  SINCE MAR 1     32.9               50.9  -18.0     60.8
  SINCE JUL 1    154.0              203.3  -49.3    160.9
  SNOW DEPTH       0

DEGREE DAYS
 HEATING
  TODAY           11                 12     -1       11
  MONTH TO DATE  491                387    104      390
  SINCE MAR 1   2491               2465     26     2413
  SINCE JUL 1   8175               9089   -914     8180

 COOLING
  TODAY            0                  1     -1        0
  MONTH TO DATE    0                  5     -5        7
  SINCE MAR 1      0                  6     -6        7
  SINCE JAN 1      0                  6     -6        7
...........................................................


WIND (MPH)
  HIGHEST WIND SPEED    MM   HIGHEST WIND DIRECTION    MM
  HIGHEST GUST SPEED    15   HIGHEST GUST DIRECTION     E (90)
  AVERAGE WIND SPEED    MM


SKY COVER
  POSSIBLE SUNSHINE  MM
  AVERAGE SKY COVER  MM


WEATHER CONDITIONS
 THE FOLLOWING WEATHER WAS RECORDED TODAY.
  LIGHT RAIN


RELATIVE HUMIDITY (PERCENT)
 HIGHEST    MM
 LOWEST     MM
 AVERAGE    MM

..........................................................


THE MARQUETTE MI CLIMATE NORMALS FOR TOMORROW
                         NORMAL    RECORD    YEAR
 MAXIMUM TEMPERATURE (F)   66        89      1978
 MINIMUM TEMPERATURE (F)   43        27      1992
                                             1969


SUNRISE AND SUNSET
MAY 25 2017...........SUNRISE   606 AM EDT   SUNSET   929 PM EDT
MAY 26 2017...........SUNRISE   605 AM EDT   SUNSET   930 PM EDT


-  INDICATES NEGATIVE NUMBERS.
R  INDICATES RECORD WAS SET OR TIED.
MM INDICATES DATA IS MISSING.
T  INDICATES TRACE AMOUNT.




$$

TITUS
