000
CDUS43 KMQT 280536
CLIMQT


CLIMATE REPORT
NATIONAL WEATHER SERVICE MARQUETTE MI
1235 AM EST SUN DEC 28 2014


...................................

...THE MARQUETTE MI CLIMATE SUMMARY FOR DECEMBER 27 2014...

CLIMATE NORMAL PERIOD 1981 TO 2010
CLIMATE RECORD PERIOD 1961 TO 2014


WEATHER ITEM   OBSERVED RECORD YEAR NORMAL DEPARTURE LAST
                VALUE   VALUE       VALUE  FROM      YEAR
                                           NORMAL
...........................................................
TEMPERATURE (F)
 YESTERDAY
  MAXIMUM         30     42    2008  23      7       31
                               1994
  MINIMUM         18    -13    1993   8     10       -3
  AVERAGE         24                 16      8       14

PRECIPITATION (IN)
  YESTERDAY        0.67R  0.41 1971   0.08   0.59      T
  MONTH TO DATE    2.28               2.28   0.00     2.32
  SINCE DEC 1      2.28               2.28   0.00     2.32
  SINCE JAN 1     44.83              35.39   9.44    39.50

SNOWFALL (IN)
  YESTERDAY        7.8    8.1  1971   1.4    6.4       T
  MONTH TO DATE   26.7               37.2  -10.5     43.8
  SINCE DEC 1     26.7               37.2  -10.5     43.8
  SINCE JUL 1     82.9               67.7   15.2     66.3
  SNOW DEPTH      19

DEGREE DAYS
 HEATING
  YESTERDAY       41                 49     -8       51
  MONTH TO DATE 1116               1241   -125     1437
  SINCE DEC 1   1116               1241   -125     1437
  SINCE JUL 1   3646               3443    203     3606

 COOLING
  YESTERDAY        0                  0      0        0
  MONTH TO DATE    0                  0      0        0
  SINCE DEC 1      0                  0      0        0
  SINCE JAN 1    152                242    -90      280
...........................................................


WIND (MPH)
  RESULTANT WIND SPEED  MM   RESULTANT WIND DIRECTION  MM
  HIGHEST WIND SPEED    MM   HIGHEST WIND DIRECTION    MM
  HIGHEST GUST SPEED    19   HIGHEST GUST DIRECTION     W (270)
  AVERAGE WIND SPEED    MM


SKY COVER
  POSSIBLE SUNSHINE  MM
  AVERAGE SKY COVER  MM


WEATHER CONDITIONS
 THE FOLLOWING WEATHER WAS RECORDED YESTERDAY.
  SNOW
  LIGHT SNOW


RELATIVE HUMIDITY (PERCENT)
 HIGHEST    MM
 LOWEST     MM
 AVERAGE    MM

..........................................................


THE MARQUETTE MI CLIMATE NORMALS FOR TODAY
                         NORMAL    RECORD    YEAR
 MAXIMUM TEMPERATURE (F)   23        42      1979
 MINIMUM TEMPERATURE (F)    8       -17      1976


SUNRISE AND SUNSET
DECEMBER 28 2014......SUNRISE   834 AM EST   SUNSET   510 PM EST
DECEMBER 29 2014......SUNRISE   834 AM EST   SUNSET   511 PM EST


-  INDICATES NEGATIVE NUMBERS.
R  INDICATES RECORD WAS SET OR TIED.
MM INDICATES DATA IS MISSING.
T  INDICATES TRACE AMOUNT.




$$
