000
CDUS43 KMQT 062105
CLIMQT


CLIMATE REPORT
NATIONAL WEATHER SERVICE MARQUETTE MI
505 PM EDT WED SEP 6 2017


...................................

...THE MARQUETTE MI CLIMATE SUMMARY FOR SEPTEMBER 6 2017...
VALID TODAY AS OF 0500 PM LOCAL TIME.

CLIMATE NORMAL PERIOD 1981 TO 2010
CLIMATE RECORD PERIOD 1961 TO 2017


WEATHER ITEM   OBSERVED RECORD YEAR NORMAL DEPARTURE LAST
                VALUE   VALUE       VALUE  FROM      YEAR
                                           NORMAL
...........................................................
TEMPERATURE (F)
 TODAY
  MAXIMUM         54     88    1996  70    -16       76
                               1978
  MINIMUM         47     32    1962  49     -2       62
  AVERAGE         51                 60     -9       69

PRECIPITATION (IN)
  TODAY            0.29   1.87 1995   0.11   0.18     1.00
  MONTH TO DATE    1.00               0.65   0.35     1.05
  SINCE SEP 1      1.00               0.65   0.35     1.05
  SINCE JAN 1     28.33              23.02   5.31    28.82

SNOWFALL (IN)
  TODAY            0.0   MM      MM   0.0    0.0      0.0
  MONTH TO DATE    0.0                0.0    0.0      0.0
  SINCE SEP 1      0.0                0.0    0.0      0.0
  SINCE JUL 1      T                  0.0    0.0       T
  SNOW DEPTH       0

DEGREE DAYS
 HEATING
  TODAY           14                  7      7        0
  MONTH TO DATE   62                 38     24       18
  SINCE SEP 1     62                 38     24       18
  SINCE JUL 1    327                223    104      118

 COOLING
  TODAY            0                  1     -1        4
  MONTH TO DATE    0                  9     -9       10
  SINCE SEP 1      0                  9     -9       10
  SINCE JAN 1     93                229   -136      246
...........................................................


WIND (MPH)
  HIGHEST WIND SPEED    MM   HIGHEST WIND DIRECTION    MM
  HIGHEST GUST SPEED    19   HIGHEST GUST DIRECTION    NE (45)
  AVERAGE WIND SPEED    MM


SKY COVER
  POSSIBLE SUNSHINE  MM
  AVERAGE SKY COVER  MM


WEATHER CONDITIONS
 THE FOLLOWING WEATHER WAS RECORDED TODAY.
  LIGHT RAIN


RELATIVE HUMIDITY (PERCENT)
 HIGHEST    MM
 LOWEST     MM
 AVERAGE    MM

..........................................................


THE MARQUETTE MI CLIMATE NORMALS FOR TOMORROW
                         NORMAL    RECORD    YEAR
 MAXIMUM TEMPERATURE (F)   69        91      2002
 MINIMUM TEMPERATURE (F)   49        29      1982


SUNRISE AND SUNSET
SEPTEMBER  6 2017.....SUNRISE   717 AM EDT   SUNSET   819 PM EDT
SEPTEMBER  7 2017.....SUNRISE   718 AM EDT   SUNSET   817 PM EDT


-  INDICATES NEGATIVE NUMBERS.
R  INDICATES RECORD WAS SET OR TIED.
MM INDICATES DATA IS MISSING.
T  INDICATES TRACE AMOUNT.




$$
