000
CDUS43 KMQT 102108
CLIMQT


CLIMATE REPORT
NATIONAL WEATHER SERVICE MARQUETTE MI
507 PM EDT MON APR 10 2017


...................................

...THE MARQUETTE MI CLIMATE SUMMARY FOR APRIL 10 2017...
VALID TODAY AS OF 0500 PM LOCAL TIME.

CLIMATE NORMAL PERIOD 1981 TO 2010
CLIMATE RECORD PERIOD 1961 TO 2017


WEATHER ITEM   OBSERVED RECORD YEAR NORMAL DEPARTURE LAST
                VALUE   VALUE       VALUE  FROM      YEAR
                                           NORMAL
...........................................................
TEMPERATURE (F)
 TODAY
  MAXIMUM         46     73    1977  45      1       32
  MINIMUM         28     -3    2007  25      3       21
  AVERAGE         37                 35      2       27

PRECIPITATION (IN)
  TODAY            1.00   1.08 2002   0.11   0.89     0.03
  MONTH TO DATE    1.20               1.08   0.12     2.53
  SINCE MAR 1      3.04               4.11  -1.07     5.87
  SINCE JAN 1      7.62               8.66  -1.04    10.49

SNOWFALL (IN)
  TODAY            T      8.6  2015   0.6   -0.6      1.3
  MONTH TO DATE    T                  7.1   -7.1     39.2
  SINCE MAR 1     19.9               42.0  -22.1     58.0
  SINCE JUL 1    141.0              194.4  -53.4    158.1
  SNOW DEPTH       0

DEGREE DAYS
 HEATING
  TODAY           28                 30     -2       38
  MONTH TO DATE  233                320    -87      452
  SINCE MAR 1   1485               1583    -98     1548
  SINCE JUL 1   7169               8207  -1038     7315

 COOLING
  TODAY            0                  0      0        0
  MONTH TO DATE    0                  0      0        0
  SINCE MAR 1      0                  0      0        0
  SINCE JAN 1      0                  0      0        0
...........................................................


WIND (MPH)
  HIGHEST WIND SPEED    MM   HIGHEST WIND DIRECTION    MM
  HIGHEST GUST SPEED    71   HIGHEST GUST DIRECTION    SW (225)
  AVERAGE WIND SPEED    MM


SKY COVER
  POSSIBLE SUNSHINE  MM
  AVERAGE SKY COVER  MM


WEATHER CONDITIONS
 THE FOLLOWING WEATHER WAS RECORDED TODAY.
  THUNDERSTORM
  HEAVY RAIN
  LIGHT RAIN
  HAIL
  LIGHT SNOW
  FOG W/VISIBILITY <= 1/4 MILE


RELATIVE HUMIDITY (PERCENT)
 HIGHEST    MM
 LOWEST     MM
 AVERAGE    MM

..........................................................


THE MARQUETTE MI CLIMATE NORMALS FOR TOMORROW
                         NORMAL    RECORD    YEAR
 MAXIMUM TEMPERATURE (F)   45        78      1977
 MINIMUM TEMPERATURE (F)   26         7      1973


SUNRISE AND SUNSET
APRIL 10 2017.........SUNRISE   712 AM EDT   SUNSET   832 PM EDT
APRIL 11 2017.........SUNRISE   710 AM EDT   SUNSET   833 PM EDT


-  INDICATES NEGATIVE NUMBERS.
R  INDICATES RECORD WAS SET OR TIED.
MM INDICATES DATA IS MISSING.
T  INDICATES TRACE AMOUNT.




$$
