814
CDUS43 KMQT 282119
CLIMQT


CLIMATE REPORT
NATIONAL WEATHER SERVICE MARQUETTE MI
518 PM EDT FRI APR 28 2017


...................................

...THE MARQUETTE MI CLIMATE SUMMARY FOR APRIL 28 2017...
VALID TODAY AS OF 0500 PM LOCAL TIME.

CLIMATE NORMAL PERIOD 1981 TO 2010
CLIMATE RECORD PERIOD 1961 TO 2017


WEATHER ITEM   OBSERVED RECORD YEAR NORMAL DEPARTURE LAST
                VALUE   VALUE       VALUE  FROM      YEAR
                                           NORMAL
...........................................................
TEMPERATURE (F)
 TODAY
  MAXIMUM         37     77    1990  54    -17       45
  MINIMUM         26     17    1965  34     -8       31
  AVERAGE         32                 44    -12       38

PRECIPITATION (IN)
  TODAY            T      0.93 2002   0.09  -0.09     0.00
  MONTH TO DATE    5.40               2.82   2.58     3.83
  SINCE MAR 1      7.24               5.85   1.39     7.17
  SINCE JAN 1     11.82              10.40   1.42    11.79

SNOWFALL (IN)
  TODAY            T      8.5  2002   0.2   -0.2      0.0
  MONTH TO DATE   12.1               14.1   -2.0     40.9
  SINCE MAR 1     32.0               49.0  -17.0     59.7
  SINCE JUL 1    153.1              201.4  -48.3    159.8
  SNOW DEPTH       T

DEGREE DAYS
 HEATING
  TODAY           33                 21     12       27
  MONTH TO DATE  693                772    -79      878
  SINCE MAR 1   1945               2035    -90     1974
  SINCE JUL 1   7629               8659  -1030     7741

 COOLING
  TODAY            0                  0      0        0
  MONTH TO DATE    0                  0      0        0
  SINCE MAR 1      0                  0      0        0
  SINCE JAN 1      0                  0      0        0
...........................................................


WIND (MPH)
  HIGHEST WIND SPEED    MM   HIGHEST WIND DIRECTION    MM
  HIGHEST GUST SPEED    23   HIGHEST GUST DIRECTION     W (270)
  AVERAGE WIND SPEED    MM


SKY COVER
  POSSIBLE SUNSHINE  MM
  AVERAGE SKY COVER  MM


WEATHER CONDITIONS
 THE FOLLOWING WEATHER WAS RECORDED TODAY.
  LT FREEZING RAIN
  LIGHT SNOW


RELATIVE HUMIDITY (PERCENT)
 HIGHEST    MM
 LOWEST     MM
 AVERAGE    MM

..........................................................


THE MARQUETTE MI CLIMATE NORMALS FOR TOMORROW
                         NORMAL    RECORD    YEAR
 MAXIMUM TEMPERATURE (F)   55        80      2007
 MINIMUM TEMPERATURE (F)   34        19      1979


SUNRISE AND SUNSET
APRIL 28 2017.........SUNRISE   640 AM EDT   SUNSET   856 PM EDT
APRIL 29 2017.........SUNRISE   639 AM EDT   SUNSET   857 PM EDT


-  INDICATES NEGATIVE NUMBERS.
R  INDICATES RECORD WAS SET OR TIED.
MM INDICATES DATA IS MISSING.
T  INDICATES TRACE AMOUNT.


$$

TITUS
