000
CDUS43 KMQT 312105
CLIMQT


CLIMATE REPORT
NATIONAL WEATHER SERVICE MARQUETTE MI
501 PM EDT FRI JUL 31 2015


...................................

...THE MARQUETTE MI CLIMATE SUMMARY FOR JULY 31 2015...
VALID TODAY AS OF 500 PM LOCAL TIME.

CLIMATE NORMAL PERIOD 1981 TO 2010
CLIMATE RECORD PERIOD 1961 TO 2015


WEATHER ITEM   OBSERVED RECORD YEAR NORMAL DEPARTURE LAST
                VALUE   VALUE       VALUE  FROM      YEAR
                                           NORMAL
...........................................................
TEMPERATURE (F)
 TODAY
  MAXIMUM         74     96    2006  76     -2       75
  MINIMUM         58     40    1962  55      3       51
  AVERAGE         66                 65      1       63

PRECIPITATION (IN)
  TODAY            0.00   0.77 1995   0.10  -0.10     0.00
  MONTH TO DATE    1.70               2.84  -1.14     4.18
  SINCE JUN 1      4.19               5.68  -1.49     9.81
  SINCE JAN 1     15.51              19.32  -3.81    22.27

SNOWFALL (IN)
  TODAY            0.0   MM      MM   0.0    0.0      0.0
  MONTH TO DATE    0.0                0.0    0.0       T
  SINCE JUN 1      0.0                0.0    0.0       T
  SINCE JUL 1      0.0                0.0    0.0       T
  SNOW DEPTH       0

DEGREE DAYS
 HEATING
  TODAY            0                  3     -3        2
  MONTH TO DATE   68                 79    -11      121
  SINCE JUN 1    270                261      9      284
  SINCE JUL 1     68                 79    -11      121

 COOLING
  TODAY            1                  3     -2        0
  MONTH TO DATE  106                 94     12       42
  SINCE JUN 1    106                142    -36       96
  SINCE JAN 1    108                154    -46      116
...........................................................


WIND (MPH)
  HIGHEST WIND SPEED    MM   HIGHEST WIND DIRECTION    MM
  HIGHEST GUST SPEED    28   HIGHEST GUST DIRECTION     W (270)
  AVERAGE WIND SPEED    MM


SKY COVER
  POSSIBLE SUNSHINE  MM
  AVERAGE SKY COVER  MM


WEATHER CONDITIONS
 THE FOLLOWING WEATHER WAS RECORDED TODAY.
  NO SIGNIFICANT WEATHER WAS OBSERVED.


RELATIVE HUMIDITY (PERCENT)
 HIGHEST    MM
 LOWEST     MM
 AVERAGE    MM

..........................................................


THE MARQUETTE MI CLIMATE NORMALS FOR TOMORROW
                         NORMAL    RECORD    YEAR
 MAXIMUM TEMPERATURE (F)   76        92      2007
 MINIMUM TEMPERATURE (F)   54        42      1962


SUNRISE AND SUNSET
JULY 31 2015..........SUNRISE   630 AM EDT   SUNSET   923 PM EDT
AUGUST  1 2015........SUNRISE   631 AM EDT   SUNSET   922 PM EDT


-  INDICATES NEGATIVE NUMBERS.
R  INDICATES RECORD WAS SET OR TIED.
MM INDICATES DATA IS MISSING.
T  INDICATES TRACE AMOUNT.




$$
