000
CDUS43 KMQT 280504
CLIMQT

CLIMATE REPORT
NATIONAL WEATHER SERVICE MARQUETTE MI
103 AM EDT THU MAY 28 2015


...................................

...THE MARQUETTE MI CLIMATE SUMMARY FOR MAY 27 2015...

CLIMATE NORMAL PERIOD 1981 TO 2010
CLIMATE RECORD PERIOD 1961 TO 2015


WEATHER ITEM   OBSERVED RECORD YEAR NORMAL DEPARTURE LAST
                VALUE   VALUE       VALUE  FROM      YEAR
                                           NORMAL
...........................................................
TEMPERATURE (F)
 YESTERDAY
  MAXIMUM         75     88    1969  66      9       65
  MINIMUM         50     26    1994  43      7       49
  AVERAGE         63                 55      8       57

PRECIPITATION (IN)
  YESTERDAY        0.87R  0.77 1978   0.10   0.77     0.00
  MONTH TO DATE    4.32               2.61   1.71     2.53
  SINCE MAR 1      8.08               8.65  -0.57     8.94
  SINCE JAN 1     11.00              13.20  -2.20    12.46

SNOWFALL (IN)
  YESTERDAY        0.0   MM      MM   0.0    0.0      0.0
  MONTH TO DATE    0.3                1.5   -1.2      3.6
  SINCE MAR 1     24.7               50.9  -26.2     69.4
  SINCE JUL 1    178.7              203.3  -24.6    198.9
  SNOW DEPTH       0

DEGREE DAYS
 HEATING
  YESTERDAY        2                 11     -9        8
  MONTH TO DATE  359                409    -50      424
  SINCE MAR 1   2421               2487    -66     2898
  SINCE JUL 1   9732               9111    621    10220

 COOLING
  YESTERDAY        0                  1     -1        0
  MONTH TO DATE    2                  7     -5       10
  SINCE MAR 1      2                  8     -6       10
  SINCE JAN 1      2                  8     -6       10
...........................................................


WIND (MPH)
  RESULTANT WIND SPEED  MM   RESULTANT WIND DIRECTION  MM
  HIGHEST WIND SPEED    MM   HIGHEST WIND DIRECTION    MM
  HIGHEST GUST SPEED    17   HIGHEST GUST DIRECTION    NW (315)
  AVERAGE WIND SPEED    MM


SKY COVER
  POSSIBLE SUNSHINE  MM
  AVERAGE SKY COVER  MM


WEATHER CONDITIONS
 THE FOLLOWING WEATHER WAS RECORDED YESTERDAY.
  LIGHT RAIN
  FOG


RELATIVE HUMIDITY (PERCENT)
 HIGHEST    MM
 LOWEST     MM
 AVERAGE    MM

..........................................................


THE MARQUETTE MI CLIMATE NORMALS FOR TODAY
                         NORMAL    RECORD    YEAR
 MAXIMUM TEMPERATURE (F)   66        95      1969
 MINIMUM TEMPERATURE (F)   44        30      2008
                                             1965


SUNRISE AND SUNSET
MAY 28 2015...........SUNRISE   604 AM EDT   SUNSET   932 PM EDT
MAY 29 2015...........SUNRISE   603 AM EDT   SUNSET   933 PM EDT


-  INDICATES NEGATIVE NUMBERS.
R  INDICATES RECORD WAS SET OR TIED.
MM INDICATES DATA IS MISSING.
T  INDICATES TRACE AMOUNT.




$$
