000
CDUS43 KMQT 160551
CLIMQT


CLIMATE REPORT
NATIONAL WEATHER SERVICE MARQUETTE MI
151 AM EDT WED APR 16 2014


...................................

...THE MARQUETTE MI CLIMATE SUMMARY FOR APRIL 15 2014...

CLIMATE NORMAL PERIOD 1981 TO 2010
CLIMATE RECORD PERIOD 1961 TO 2014


WEATHER ITEM   OBSERVED RECORD YEAR NORMAL DEPARTURE LAST
                VALUE   VALUE       VALUE  FROM      YEAR
                                           NORMAL
...........................................................
TEMPERATURE (F)
 YESTERDAY
  MAXIMUM         23     76    2002  48    -25       51
  MINIMUM         -1R    16    1964  28    -29       30
  AVERAGE         11                 38    -27       41

PRECIPITATION (IN)
  YESTERDAY        0.12   1.00 1993   0.11   0.01     0.38
  MONTH TO DATE    2.12               1.61   0.51     2.66
  SINCE MAR 1      4.08               4.64  -0.56     5.95
  SINCE JAN 1      7.60               9.19  -1.59    11.50

SNOWFALL (IN)
  YESTERDAY        2.8   10.0  1993   0.5    2.3      0.4
  MONTH TO DATE   19.5                9.8    9.7     17.9
  SINCE MAR 1     49.5               44.7    4.8     66.7
  SINCE JUL 1    179.0              197.1  -18.1    200.5
  SNOW DEPTH      20

DEGREE DAYS
 HEATING
  YESTERDAY       54                 27     27       24
  MONTH TO DATE  496                461     35      558
  SINCE MAR 1   2019               1724    295     1908
  SINCE JUL 1   9341               8348    993     8218

 COOLING
  YESTERDAY        0                  0      0        0
  MONTH TO DATE    0                  0      0        0
  SINCE MAR 1      0                  0      0        0
  SINCE JAN 1      0                  0      0        0
...........................................................


WIND (MPH)
  RESULTANT WIND SPEED  MM   RESULTANT WIND DIRECTION  MM
  HIGHEST WIND SPEED    MM   HIGHEST WIND DIRECTION    MM
  HIGHEST GUST SPEED    MM   HIGHEST GUST DIRECTION    MM
  AVERAGE WIND SPEED    MM


SKY COVER
  POSSIBLE SUNSHINE  MM
  AVERAGE SKY COVER  MM


WEATHER CONDITIONS
 THE FOLLOWING WEATHER WAS RECORDED YESTERDAY.
  HEAVY SNOW
  SNOW
  LIGHT SNOW


RELATIVE HUMIDITY (PERCENT)
 HIGHEST    MM
 LOWEST     MM
 AVERAGE    MM

..........................................................


THE MARQUETTE MI CLIMATE NORMALS FOR TODAY
                         NORMAL    RECORD    YEAR
 MAXIMUM TEMPERATURE (F)   48        83      2002
 MINIMUM TEMPERATURE (F)   28         7      1980


SUNRISE AND SUNSET
APRIL 16 2014.........SUNRISE   701 AM EDT   SUNSET   839 PM EDT
APRIL 17 2014.........SUNRISE   700 AM EDT   SUNSET   841 PM EDT


-  INDICATES NEGATIVE NUMBERS.
R  INDICATES RECORD WAS SET OR TIED.
MM INDICATES DATA IS MISSING.
T  INDICATES TRACE AMOUNT.




$$
