000
CDUS43 KMQT 250517
CLIMQT


CLIMATE REPORT
NATIONAL WEATHER SERVICE MARQUETTE MI
116 AM EDT SUN JUN 25 2017


...................................

...THE MARQUETTE MI CLIMATE SUMMARY FOR JUNE 24 2017...

CLIMATE NORMAL PERIOD 1981 TO 2010
CLIMATE RECORD PERIOD 1961 TO 2017


WEATHER ITEM   OBSERVED RECORD YEAR NORMAL DEPARTURE LAST
                VALUE   VALUE       VALUE  FROM      YEAR
                                           NORMAL
...........................................................
TEMPERATURE (F)
 YESTERDAY
  MAXIMUM         62     90    1997  74    -12       83
  MINIMUM         49     33    1979  52     -3       48
  AVERAGE         56                 63     -7       66

PRECIPITATION (IN)
  YESTERDAY        1.01R  0.39 1993   0.09   0.92     0.00
  MONTH TO DATE    5.03               2.32   2.71     2.11
  SINCE JUN 1      5.03               2.32   2.71     2.11
  SINCE JAN 1     19.87              15.96   3.91    18.32

SNOWFALL (IN)
  YESTERDAY        0.0   MM      MM   0.0    0.0      0.0
  MONTH TO DATE    0.0                0.0    0.0       T
  SINCE JUN 1      0.0                0.0    0.0       T
  SINCE JUL 1    154.0              203.3  -49.3    160.9
  SNOW DEPTH      MM

DEGREE DAYS
 HEATING
  YESTERDAY        9                  4      5        0
  MONTH TO DATE  107                160    -53      154
  SINCE JUN 1    107                160    -53      154
  SINCE JUL 1   8340               9312   -972     8358

 COOLING
  YESTERDAY        0                  2     -2        1
  MONTH TO DATE   21                 33    -12       29
  SINCE JUN 1     21                 33    -12       29
  SINCE JAN 1     21                 45    -24       40
...........................................................


WIND (MPH)
  RESULTANT WIND SPEED  MM   RESULTANT WIND DIRECTION  MM
  HIGHEST WIND SPEED    MM   HIGHEST WIND DIRECTION    MM
  HIGHEST GUST SPEED    14   HIGHEST GUST DIRECTION    NE (45)
  AVERAGE WIND SPEED    MM


SKY COVER
  POSSIBLE SUNSHINE  MM
  AVERAGE SKY COVER  MM


WEATHER CONDITIONS
 THE FOLLOWING WEATHER WAS RECORDED YESTERDAY.
  THUNDERSTORM
  LIGHT RAIN


RELATIVE HUMIDITY (PERCENT)
 HIGHEST    MM
 LOWEST     MM
 AVERAGE    MM

..........................................................


THE MARQUETTE MI CLIMATE NORMALS FOR TODAY
                         NORMAL    RECORD    YEAR
 MAXIMUM TEMPERATURE (F)   74        90      2003
 MINIMUM TEMPERATURE (F)   52        35      1986


SUNRISE AND SUNSET
JUNE 25 2017..........SUNRISE   558 AM EDT   SUNSET   947 PM EDT
JUNE 26 2017..........SUNRISE   559 AM EDT   SUNSET   947 PM EDT


-  INDICATES NEGATIVE NUMBERS.
R  INDICATES RECORD WAS SET OR TIED.
MM INDICATES DATA IS MISSING.
T  INDICATES TRACE AMOUNT.




$$
