000
CDUS43 KMQT 232104
CLIMQT


CLIMATE REPORT
NATIONAL WEATHER SERVICE MARQUETTE MI
503 PM EDT SUN APR 23 2017


...................................

...THE MARQUETTE MI CLIMATE SUMMARY FOR APRIL 23 2017...
VALID TODAY AS OF 0500 PM LOCAL TIME.

CLIMATE NORMAL PERIOD 1981 TO 2010
CLIMATE RECORD PERIOD 1961 TO 2017


WEATHER ITEM   OBSERVED RECORD YEAR NORMAL DEPARTURE LAST
                VALUE   VALUE       VALUE  FROM      YEAR
                                           NORMAL
...........................................................
TEMPERATURE (F)
 TODAY
  MAXIMUM         45     75    1990  52     -7       48
                               1985
  MINIMUM         28     17    2009  32     -4       25
  AVERAGE         37                 42     -5       37

PRECIPITATION (IN)
  TODAY            0.04   1.65 1981   0.09  -0.05      T
  MONTH TO DATE    3.94               2.36   1.58     2.62
  SINCE MAR 1      5.78               5.39   0.39     5.96
  SINCE JAN 1     10.36               9.94   0.42    10.58

SNOWFALL (IN)
  TODAY            0.6    2.7  2011   0.3    0.3      0.0
  MONTH TO DATE   11.6               12.8   -1.2     40.9
  SINCE MAR 1     31.5               47.7  -16.2     59.7
  SINCE JUL 1    152.6              200.1  -47.5    159.8
  SNOW DEPTH       T

DEGREE DAYS
 HEATING
  TODAY           28                 23      5       28
  MONTH TO DATE  576                661    -85      732
  SINCE MAR 1   1828               1924    -96     1828
  SINCE JUL 1   7512               8548  -1036     7595

 COOLING
  TODAY            0                  0      0        0
  MONTH TO DATE    0                  0      0        0
  SINCE MAR 1      0                  0      0        0
  SINCE JAN 1      0                  0      0        0
...........................................................


WIND (MPH)
  HIGHEST WIND SPEED    MM   HIGHEST WIND DIRECTION    MM
  HIGHEST GUST SPEED    24   HIGHEST GUST DIRECTION    NW (315)
  AVERAGE WIND SPEED    MM


SKY COVER
  POSSIBLE SUNSHINE  MM
  AVERAGE SKY COVER  MM


WEATHER CONDITIONS
 THE FOLLOWING WEATHER WAS RECORDED TODAY.
  LIGHT SNOW


RELATIVE HUMIDITY (PERCENT)
 HIGHEST    MM
 LOWEST     MM
 AVERAGE    MM

..........................................................


THE MARQUETTE MI CLIMATE NORMALS FOR TOMORROW
                         NORMAL    RECORD    YEAR
 MAXIMUM TEMPERATURE (F)   52        86      1990
 MINIMUM TEMPERATURE (F)   32        18      2015
                                             2013


SUNRISE AND SUNSET
APRIL 23 2017.........SUNRISE   649 AM EDT   SUNSET   849 PM EDT
APRIL 24 2017.........SUNRISE   647 AM EDT   SUNSET   851 PM EDT


-  INDICATES NEGATIVE NUMBERS.
R  INDICATES RECORD WAS SET OR TIED.
MM INDICATES DATA IS MISSING.
T  INDICATES TRACE AMOUNT.




$$
