000
CXUS53 KMQT 050046
CLMMQT

CLIMATE REPORT...PRELIMINARY
NATIONAL WEATHER SERVICE MARQUETTE MI
845 PM EDT THU JUN 4 2015

...................................

...THE MARQUETTE MI CLIMATE SUMMARY FOR THE MONTH OF MAY 2015...

CLIMATE NORMAL PERIOD 1981 TO 2010
CLIMATE RECORD PERIOD 1961 TO 2015

WEATHER         OBSERVED          NORMAL  DEPART  LAST YEAR`S
                 VALUE   DATE(S)  VALUE   FROM    VALUE  DATE(S)
                                          NORMAL
................................................................
TEMPERATURE (F)
RECORD
 HIGH              95   05/28/1969
 LOW               17   05/09/1983
HIGHEST            83   05/07        62      21       87  05/31
LOWEST             28   05/22        39     -11       25  05/06
                        05/20
                        05/19
AVG. MAXIMUM     63.0              61.8     1.2     62.5
AVG. MINIMUM     40.0              39.9     0.1     40.2
MEAN             51.5              50.9     0.6     51.3
DAYS MAX >= 90      0               0.1    -0.1        0
DAYS MAX <= 32      0               0.1    -0.1        0
DAYS MIN <= 32      6               6.8    -0.8        6
DAYS MIN <= 0       0               0.0     0.0        0

PRECIPITATION (INCHES)
RECORD
 MAXIMUM         7.91   1973
 MINIMUM         0.06   1986
TOTALS           4.64              3.05    1.59     2.53
DAILY AVG.       0.15              0.10    0.05     0.08
DAYS >= .01        14              11.5     2.5       12
DAYS >= .10         9               6.4     2.6        6
DAYS >= .50         4               1.6     2.4        3
DAYS >= 1.00        1               0.6     0.4        0
GREATEST
 24 HR. TOTAL    1.67   05/26 TO 05/27

SNOWFALL (INCHES)
RECORDS
 TOTAL           22.6   1990
TOTALS            0.3               1.5    -1.2      3.6
SINCE 7/1       178.7             203.3   -24.6    198.9
SNOWDEPTH AVG.      0                MM      MM        0
DAYS >= 1.0         0               0.3    -0.3        1
GREATEST
 SNOW DEPTH         T   05/19                          2  05/16
 24 HR TOTAL      0.3   05/19 TO 05/19

DEGREE_DAYS
HEATING TOTAL     412               450     -38      440
 SINCE 7/1       9785              9152     633    10236
COOLING TOTAL       2                11      -9       20
 SINCE 1/1          2                12     -10       20
.................................................................

WIND (MPH)
AVERAGE WIND SPEED              MM
HIGHEST WIND SPEED/DIRECTION    MM        DATE   MM
HIGHEST GUST SPEED/DIRECTION    37/180    DATE  05/07

SKY COVER
POSSIBLE SUNSHINE (PERCENT)   MM
AVERAGE SKY COVER             MM
NUMBER OF DAYS FAIR          MM
NUMBER OF DAYS PC            MM
NUMBER OF DAYS CLOUDY        MM

AVERAGE RH (PERCENT)     MM

WEATHER CONDITIONS. NUMBER OF DAYS WITH
THUNDERSTORM              0     MIXED PRECIP               0
HEAVY RAIN                1     RAIN                       3
LIGHT RAIN               16     FREEZING RAIN              0
LT FREEZING RAIN          0     HAIL                       1
HEAVY SNOW                0     SNOW                       0
LIGHT SNOW                2     SLEET                      0
FOG                       8     FOG W/VIS <= 1/4 MILE      2
HAZE                      0

-  INDICATES NEGATIVE NUMBERS.
R  INDICATES RECORD WAS SET OR TIED.
MM INDICATES DATA IS MISSING.
T  INDICATES TRACE AMOUNT.

$$
