000
CXUS53 KMQT 021918
CLMMQT

CLIMATE REPORT...PRELIMINARY
NATIONAL WEATHER SERVICE MARQUETTE MI
217 PM EST FRI JAN 2 2015

...................................

...THE MARQUETTE MI CLIMATE SUMMARY FOR THE MONTH OF DECEMBER 2014...

CLIMATE NORMAL PERIOD 1981 TO 2010
CLIMATE RECORD PERIOD 1961 TO 2015

WEATHER         OBSERVED          NORMAL  DEPART  LAST YEAR`S
                 VALUE   DATE(S)  VALUE   FROM    VALUE  DATE(S)
                                          NORMAL
................................................................
TEMPERATURE (F)
RECORD
 HIGH              59   12/03/1998
                        12/03/1982
 LOW              -28   12/20/1983
HIGHEST            44   12/13        24      20       35  12/05
LOWEST            -11   12/01        10     -21      -14  12/30
AVG. MAXIMUM     27.8              25.9     1.9     17.8
AVG. MINIMUM     13.5              11.2     2.3      3.9
MEAN             20.7              18.5     2.2     10.9
DAYS MAX >= 90      0               0.0     0.0        0
DAYS MAX <= 32     25              22.7     2.3       29
DAYS MIN <= 32     29              30.5    -1.5       31
DAYS MIN <= 0       7               6.2     0.8       13

PRECIPITATION (INCHES)
RECORD
 MAXIMUM         6.91   1968
 MINIMUM         0.37   1994
TOTALS           2.28              2.57   -0.29     2.58
DAILY AVG.       0.07              0.08   -0.01     0.08
DAYS >= .01        12              17.1    -5.1       21
DAYS >= .10         5               7.1    -2.1        8
DAYS >= .50         2               1.1     0.9        1
DAYS >= 1.00        0               0.2    -0.2        0
GREATEST
 24 HR. TOTAL    0.69   12/26 TO 12/27

SNOWFALL (INCHES)
RECORDS
 TOTAL           89.5   2000
TOTALS           27.0              42.8   -15.8     46.9
SINCE 7/1        83.2              73.3     9.9     69.4
SNOWDEPTH AVG.     15                11       4       11
DAYS >= 1.0         8              10.0    -2.0       12
GREATEST
 SNOW DEPTH        23   12/29                         19  12/24
                        12/28                             12/23
 24 HR TOTAL      8.0   12/26 TO 12/27

DEGREE_DAYS
HEATING TOTAL    1365              1440     -75     1671
 SINCE 7/1       3895              3642     253     3840
COOLING TOTAL       0                 0       0        0
 SINCE 1/1        152               242     -90      280
.................................................................

WIND (MPH)
AVERAGE WIND SPEED              MM
HIGHEST WIND SPEED/DIRECTION    MM        DATE   MM
HIGHEST GUST SPEED/DIRECTION    36/180    DATE  12/07

SKY COVER
POSSIBLE SUNSHINE (PERCENT)   MM
AVERAGE SKY COVER             MM
NUMBER OF DAYS FAIR          MM
NUMBER OF DAYS PC            MM
NUMBER OF DAYS CLOUDY        MM

AVERAGE RH (PERCENT)     MM

WEATHER CONDITIONS. NUMBER OF DAYS WITH
THUNDERSTORM              0     MIXED PRECIP               0
HEAVY RAIN                0     RAIN                       0
LIGHT RAIN                5     FREEZING RAIN              0
LT FREEZING RAIN          3     HAIL                       0
HEAVY SNOW                1     SNOW                       3
LIGHT SNOW               22     SLEET                      1
FOG                      12     FOG W/VIS <= 1/4 MILE      3
HAZE                      0

-  INDICATES NEGATIVE NUMBERS.
R  INDICATES RECORD WAS SET OR TIED.
MM INDICATES DATA IS MISSING.
T  INDICATES TRACE AMOUNT.

$$
