000
CXUS53 KMQT 032044
CLMMQT

CLIMATE REPORT
NATIONAL WEATHER SERVICE MARQUETTE MI
442 PM EDT FRI NOV 3 2017

...................................

...THE MARQUETTE MI CLIMATE SUMMARY FOR THE MONTH OF OCTOBER 2017...

CLIMATE NORMAL PERIOD 1981 TO 2010
CLIMATE RECORD PERIOD 1961 TO 2017

WEATHER         OBSERVED          NORMAL  DEPART  LAST YEAR`S
                 VALUE   DATE(S)  VALUE   FROM    VALUE  DATE(S)
                                          NORMAL
................................................................
TEMPERATURE (F)
RECORD
 HIGH              87   10/02/1992
 LOW                9   10/23/1969
HIGHEST            77   10/03        51      26       69  10/03
LOWEST             21   10/29        34     -13       27  10/26
                                                          10/14
AVG. MAXIMUM     56.1              52.1     4.0     54.0
AVG. MINIMUM     38.4              34.2     4.2     38.1
MEAN             47.3              43.2     4.1     46.0
DAYS MAX >= 90      0               0.0     0.0        0
DAYS MAX <= 32      0               0.7    -0.7        0
DAYS MIN <= 32     10              13.4    -3.4        9
DAYS MIN <= 0       0               0.0     0.0        0

PRECIPITATION (INCHES)
RECORD
 MAXIMUM         7.73   1959
 MINIMUM         0.94   1975
TOTALS           8.19R             3.84    4.35     2.83
DAILY AVG.       0.26              0.12    0.14     0.09
DAYS >= .01        13              15.2    -2.2       20
DAYS >= .10        11               8.3     2.7        6
DAYS >= .50         5               2.2     2.8        1
DAYS >= 1.00        4               0.9     3.1        1
GREATEST
 24 HR. TOTAL    2.27   10/24 TO 10/24

SNOWFALL (INCHES)
RECORDS
 TOTAL           18.6   1979
                        0
                        0
TOTALS            8.8               6.0     2.8        T
SINCE 7/1         8.8               6.1     2.7        T
SNOWDEPTH AVG.      0                MM      MM        0
DAYS >= 1.0         4               1.7     2.3        0
GREATEST
 SNOW DEPTH         6   10/31                          0  MM
 24 HR TOTAL      2.9   10/30 TO 10/30

DEGREE_DAYS
HEATING TOTAL     544               679    -135      581
 SINCE 7/1       1025              1161    -136      854
COOLING TOTAL       3                 1       2        0
 SINCE 1/1        145               242     -97      246
.................................................................

WIND (MPH)
AVERAGE WIND SPEED              MM
HIGHEST WIND SPEED/DIRECTION    MM        DATE   MM
HIGHEST GUST SPEED/DIRECTION    49/315    DATE  10/24

SKY COVER
POSSIBLE SUNSHINE (PERCENT)   MM
AVERAGE SKY COVER             MM
NUMBER OF DAYS FAIR            0
NUMBER OF DAYS PC              0
NUMBER OF DAYS CLOUDY          0

AVERAGE RH (PERCENT)     MM

WEATHER CONDITIONS. NUMBER OF DAYS WITH
THUNDERSTORM              0     MIXED PRECIP               0
HEAVY RAIN                0     RAIN                       4
LIGHT RAIN               12     FREEZING RAIN              0
LT FREEZING RAIN          0     HAIL                       1
HEAVY SNOW                1     SNOW                       2
LIGHT SNOW                6     SLEET                      1
FOG                       1     FOG W/VIS <= 1/4 MILE      0
HAZE                      0

-  INDICATES NEGATIVE NUMBERS.
R  INDICATES RECORD WAS SET OR TIED.
MM INDICATES DATA IS MISSING.
T  INDICATES TRACE AMOUNT.

$$
