000
CXUS53 KMQT 021252
CLMMQT


CLIMATE REPORT
NATIONAL WEATHER SERVICE MARQUETTE MI
755 AM EST MON DEC 2 2013

...................................

...THE MARQUETTE MI CLIMATE SUMMARY FOR THE MONTH OF NOVEMBER 2013...

CLIMATE NORMAL PERIOD 1981 TO 2010
CLIMATE RECORD PERIOD 1961 TO 2013

WEATHER         OBSERVED          NORMAL  DEPART  LAST YEAR`S
                 VALUE   DATE(S)  VALUE   FROM    VALUE  DATE(S)
                                          NORMAL
................................................................
TEMPERATURE (F)
RECORD
 HIGH              73   11/09/1999
 LOW              -13   11/29/1976
HIGHEST            51   11/17        35      16       58  11/22
                        11/15
LOWEST              0   11/29        22     -22       12  11/27
AVG. MAXIMUM     35.3              37.6    -2.3     38.1
AVG. MINIMUM     23.1              23.0     0.1     27.0
MEAN             29.2              30.3    -1.1     32.6
DAYS MAX >= 90      0               0.0     0.0        0
DAYS MAX <= 32      9               9.2    -0.2       10
DAYS MIN <= 32     24              25.8    -1.8       22
DAYS MIN <= 0       1               0.5     0.5        0

PRECIPITATION (INCHES)
RECORD
 MAXIMUM         8.25   1988
 MINIMUM         0.81   1962
TOTALS           3.03              3.18   -0.15     2.05
DAILY AVG.       0.10              0.11   -0.01     0.07
DAYS >= .01        21              15.2     5.8       13
DAYS >= .10         9               7.1     1.9        4
DAYS >= .50         2               1.7     0.3        2
DAYS >= 1.00        0               0.5    -0.5        0
GREATEST
 24 HR. TOTAL    0.91   11/05 TO 11/06

SNOWFALL (INCHES)
RECORDS
 TOTAL           48.9   1991
TOTALS           19.0              24.4    -5.4     14.8
SINCE 7/1        22.5              30.5    -8.0     20.9
SNOWDEPTH AVG.      1                 4      -3        1
DAYS >= 1.0         5               6.3    -1.3        3
GREATEST
 SNOW DEPTH         5   11/30                          4  11/25
                        11/29                             11/24
                        11/28
 24 HR TOTAL      5.8   11/26 TO 11/27

DEGREE_DAYS
HEATING TOTAL    1068              1041      27      963
 SINCE 7/1       2169              2202     -33     2102
COOLING TOTAL       0                 0       0        0
 SINCE 1/1        280               242      38      345
.................................................................

WIND (MPH)
AVERAGE WIND SPEED              MM
HIGHEST WIND SPEED/DIRECTION    MM        DATE   MM
HIGHEST GUST SPEED/DIRECTION    44/270    DATE  11/18

SKY COVER
POSSIBLE SUNSHINE (PERCENT)   MM
AVERAGE SKY COVER             MM
NUMBER OF DAYS FAIR          MM
NUMBER OF DAYS PC            MM
NUMBER OF DAYS CLOUDY        MM

AVERAGE RH (PERCENT)     MM

WEATHER CONDITIONS. NUMBER OF DAYS WITH
THUNDERSTORM              0     MIXED PRECIP               2
HEAVY RAIN                1     RAIN                       1
LIGHT RAIN               10     FREEZING RAIN              0
LT FREEZING RAIN          1     HAIL                       0
HEAVY SNOW                0     SNOW                       5
LIGHT SNOW               21     SLEET                      0
FOG                       3     FOG W/VIS <= 1/4 MILE      0
HAZE                      0

-  INDICATES NEGATIVE NUMBERS.
R  INDICATES RECORD WAS SET OR TIED.
MM INDICATES DATA IS MISSING.
T  INDICATES TRACE AMOUNT.

$$
