000
CXUS53 KMQT 040316
CLMMQT


CLIMATE REPORT
NATIONAL WEATHER SERVICE MARQUETTE MI
1015 PM EST SUN JAN 3 2016

...................................

...THE MARQUETTE MI CLIMATE SUMMARY FOR THE MONTH OF DECEMBER 2015...

CLIMATE NORMAL PERIOD 1981 TO 2010
CLIMATE RECORD PERIOD 1961 TO 2016

WEATHER         OBSERVED          NORMAL  DEPART  LAST YEAR`S
                 VALUE   DATE(S)  VALUE   FROM    VALUE  DATE(S)
                                          NORMAL
................................................................
TEMPERATURE (F)
RECORD
 HIGH              59   12/03/1998
                        12/03/1982
 LOW              -28   12/20/1983
HIGHEST            50   12/04        24      26       44  12/13
LOWEST              7   12/19        10      -3      -11  12/01
AVG. MAXIMUM     33.6              25.9     7.7     27.8
AVG. MINIMUM     24.1              11.2    12.9     13.5
MEAN             28.9              18.5    10.4     20.7
DAYS MAX >= 90      0               0.0     0.0        0
DAYS MAX <= 32     13              22.7    -9.7       25
DAYS MIN <= 32     27              30.5    -3.5       29
DAYS MIN <= 0       0               6.2    -6.2        7

PRECIPITATION (INCHES)
RECORD
 MAXIMUM         6.91   1968
 MINIMUM         0.37   1994
TOTALS           4.87              2.57    2.30     2.28
DAILY AVG.       0.16              0.08    0.08     0.07
DAYS >= .01        20              17.1     2.9       12
DAYS >= .10        10               7.1     2.9        5
DAYS >= .50         1               1.1    -0.1        2
DAYS >= 1.00        1               0.2     0.8        0
GREATEST
 24 HR. TOTAL    1.88   12/14 TO 12/15

SNOWFALL (INCHES)
RECORDS
 TOTAL           89.5   2000
TOTALS           18.9              42.8   -23.9     27.0
SINCE 7/1        26.8              73.3   -46.5     83.2
SNOWDEPTH AVG.      3                11      -8       15
DAYS >= 1.0         7              10.0    -3.0        8
GREATEST
 SNOW DEPTH         6   12/30                         23  12/29
                                                          12/28
 24 HR TOTAL      4.8   12/14 TO 12/15

DEGREE_DAYS
HEATING TOTAL    1110              1440    -330     1365
 SINCE 7/1       2942              3642    -700     3895
COOLING TOTAL       0                 0       0        0
 SINCE 1/1        250               242       8      152
.................................................................

WIND (MPH)
AVERAGE WIND SPEED              MM
HIGHEST WIND SPEED/DIRECTION    MM        DATE   MM
HIGHEST GUST SPEED/DIRECTION    41/270    DATE  12/24

SKY COVER
POSSIBLE SUNSHINE (PERCENT)   MM
AVERAGE SKY COVER             MM
NUMBER OF DAYS FAIR            0
NUMBER OF DAYS PC              0
NUMBER OF DAYS CLOUDY          0

AVERAGE RH (PERCENT)     MM

WEATHER CONDITIONS. NUMBER OF DAYS WITH
THUNDERSTORM              0     MIXED PRECIP               0
HEAVY RAIN                1     RAIN                       0
LIGHT RAIN               15     FREEZING RAIN              0
LT FREEZING RAIN          4     HAIL                       0
HEAVY SNOW                0     SNOW                       2
LIGHT SNOW               20     SLEET                      2
FOG                      13     FOG W/VIS <= 1/4 MILE      5
HAZE                      0

-  INDICATES NEGATIVE NUMBERS.
R  INDICATES RECORD WAS SET OR TIED.
MM INDICATES DATA IS MISSING.
T  INDICATES TRACE AMOUNT.

$$
