000
CXUS53 KMQT 021018
CLMMQT

CLIMATE REPORT
NATIONAL WEATHER SERVICE MARQUETTE MI
515 AM EST FRI DEC 2 2016

...................................

...THE MARQUETTE MI CLIMATE SUMMARY FOR THE MONTH OF SEPTEMBER 2016...

CLIMATE NORMAL PERIOD 1981 TO 2010
CLIMATE RECORD PERIOD 1961 TO 2016

WEATHER         OBSERVED          NORMAL  DEPART  LAST YEAR`S
                 VALUE   DATE(S)  VALUE   FROM    VALUE  DATE(S)
                                          NORMAL
................................................................
TEMPERATURE (F)
RECORD
 HIGH              93   09/09/2002
 LOW               21   09/27/1965
HIGHEST            80   09/05        63      17       86  09/01
LOWEST             41   09/02        44      -3       30  09/30
AVG. MAXIMUM     67.7              65.8     1.9     71.7
AVG. MINIMUM     50.8              45.8     5.0     51.0
MEAN             59.3              55.8     3.5     61.4
DAYS MAX >= 90      0               0.1    -0.1        0
DAYS MAX <= 32      0               0.0     0.0        0
DAYS MIN <= 32      0               1.6    -1.6        2
DAYS MIN <= 0       0               0.0     0.0        0

PRECIPITATION (INCHES)
RECORD
 MAXIMUM         7.60   1968
 MINIMUM         1.21   1989
TOTALS           5.70              3.72    1.98     1.60
DAILY AVG.       0.19              0.12    0.07     0.05
DAYS >= .01        13              13.4    -0.4        8
DAYS >= .10         7               7.8    -0.8        5
DAYS >= .50         4               2.5     1.5        0
DAYS >= 1.00        3               0.7     2.3        0
GREATEST
 24 HR. TOTAL    1.55   09/10 TO 09/10

SNOWFALL (INCHES)
RECORDS
 TOTAL            1.7   1993
                        0
                        0
TOTALS            0.0               0.1    -0.1      0.0
SINCE 7/1           T               0.1    -0.1      0.0
SNOWDEPTH AVG.      0                MM      MM        0
DAYS >= 1.0         0               0.0     0.0        0
GREATEST
 SNOW DEPTH         0   MM                             0  MM
 24 HR TOTAL      0.0   09/30 TO 09/30

DEGREE_DAYS
HEATING TOTAL     173               297    -124      165
 SINCE 7/1        273               482    -209      333
COOLING TOTAL      10                21     -11       65
 SINCE 1/1        246               241       5      247
.................................................................

WIND (MPH)
AVERAGE WIND SPEED              MM
HIGHEST WIND SPEED/DIRECTION    MM        DATE   MM
HIGHEST GUST SPEED/DIRECTION    36/270    DATE  09/19

SKY COVER
POSSIBLE SUNSHINE (PERCENT)   MM
AVERAGE SKY COVER             MM
NUMBER OF DAYS FAIR            0
NUMBER OF DAYS PC              0
NUMBER OF DAYS CLOUDY          0

AVERAGE RH (PERCENT)     MM

WEATHER CONDITIONS. NUMBER OF DAYS WITH
THUNDERSTORM              0     MIXED PRECIP               0
HEAVY RAIN                4     RAIN                       4
LIGHT RAIN               18     FREEZING RAIN              0
LT FREEZING RAIN          0     HAIL                       0
HEAVY SNOW                0     SNOW                       0
LIGHT SNOW                0     SLEET                      0
FOG                       8     FOG W/VIS <= 1/4 MILE      3
HAZE                      0

-  INDICATES NEGATIVE NUMBERS.
R  INDICATES RECORD WAS SET OR TIED.
MM INDICATES DATA IS MISSING.
T  INDICATES TRACE AMOUNT.

$$
