000
CXUS53 KMQT 040959
CLMMQT

CLIMATE REPORT...PRELIMINARY
NATIONAL WEATHER SERVICE MARQUETTE MI
600 AM EDT SAT APR 4 2015

...................................

...THE MARQUETTE MI CLIMATE SUMMARY FOR THE MONTH OF MARCH 2015...

CLIMATE NORMAL PERIOD 1981 TO 2010
CLIMATE RECORD PERIOD 1961 TO 2015

WEATHER         OBSERVED          NORMAL  DEPART  LAST YEAR`S
                 VALUE   DATE(S)  VALUE   FROM    VALUE  DATE(S)
                                          NORMAL
................................................................
TEMPERATURE (F)
RECORD
 HIGH              81   03/21/2012
 LOW              -30   03/03/2003
HIGHEST            58   03/10        33      25       50  03/10
LOWEST            -17   03/05        14     -31      -19  03/03
AVG. MAXIMUM     35.0              34.7     0.3     27.5
AVG. MINIMUM     14.0              13.8     0.2      3.8
MEAN             24.5              24.2     0.3     15.6
DAYS MAX >= 90      0               0.0     0.0        0
DAYS MAX <= 32     14              12.8     1.2       21
DAYS MIN <= 32     29              29.2    -0.2       31
DAYS MIN <= 0       4               4.4    -0.4       14

PRECIPITATION (INCHES)
RECORD
 MAXIMUM         6.08   1979
 MINIMUM         0.28   2010
TOTALS           1.26              3.03   -1.77     1.96
DAILY AVG.       0.04              0.10   -0.06     0.06
DAYS >= .01        11              14.5    -3.5       16
DAYS >= .10         4               7.2    -3.2        8
DAYS >= .50         0               1.4    -1.4        1
DAYS >= 1.00        0               0.6    -0.6        0
GREATEST
 24 HR. TOTAL    0.43   03/25 TO 03/25

SNOWFALL (INCHES)
RECORDS
 TOTAL           83.1   2002
TOTALS           11.3              34.9   -23.6     30.0
SINCE 7/1       165.3             187.3   -22.0    159.5
SNOWDEPTH AVG.     24                21       3       34
DAYS >= 1.0         3               7.2    -4.2        9
GREATEST
 SNOW DEPTH        33   03/09                         41  03/28
                        03/08
                        03/07
 24 HR TOTAL      4.5   03/25 TO 03/25

DEGREE_DAYS
HEATING TOTAL    1249              1263     -14     1523
 SINCE 7/1       8560              7887     673     8845
COOLING TOTAL       0                 0       0        0
 SINCE 1/1          0                 0       0        0
.................................................................

WIND (MPH)
AVERAGE WIND SPEED              MM
HIGHEST WIND SPEED/DIRECTION    MM        DATE   MM
HIGHEST GUST SPEED/DIRECTION    37/270    DATE  03/17

SKY COVER
POSSIBLE SUNSHINE (PERCENT)   MM
AVERAGE SKY COVER             MM
NUMBER OF DAYS FAIR          MM
NUMBER OF DAYS PC            MM
NUMBER OF DAYS CLOUDY        MM

AVERAGE RH (PERCENT)     MM

WEATHER CONDITIONS. NUMBER OF DAYS WITH
THUNDERSTORM              0     MIXED PRECIP               0
HEAVY RAIN                0     RAIN                       0
LIGHT RAIN                5     FREEZING RAIN              0
LT FREEZING RAIN          1     HAIL                       0
HEAVY SNOW                0     SNOW                       0
LIGHT SNOW               18     SLEET                      1
FOG                       1     FOG W/VIS <= 1/4 MILE      0
HAZE                      0

-  INDICATES NEGATIVE NUMBERS.
R  INDICATES RECORD WAS SET OR TIED.
MM INDICATES DATA IS MISSING.
T  INDICATES TRACE AMOUNT.

$$
