000
CXUS53 KMQT 020506
CLMMQT
CLIMATE REPORT
NATIONAL WEATHER SERVICE
106 AM EDT SUN APR 02 2023
...................................
...THE MARQUETTE MI CLIMATE SUMMARY FOR THE MONTH OF MARCH 2023...
CLIMATE NORMAL PERIOD: 1991 TO 2020
CLIMATE RECORD PERIOD: 1961 TO 2023
WEATHER OBSERVED NORMAL DEPART LAST YEAR`S
VALUE DATE(S) VALUE FROM VALUE DATE(S)
NORMAL
................................................................
TEMPERATURE (F)
RECORD
HIGH 81 03/21/2012
LOW -30 03/03/2003
HIGHEST 44 03/05 33 11 53 03/16
03/15
03/24
03/20
LOWEST 0 03/21 14 -14 -5 03/03
AVG. MAXIMUM 33.6 34.9 -1.3 32.4
AVG. MINIMUM 15.6 15.1 0.5 15.2
MEAN 24.6 25.0 -0.4 23.8
DAYS MAX >= 90 0 0.0 0.0 0
DAYS MAX <= 32 14 13.2 0.8 17
DAYS MIN <= 32 30 28.9 1.1 29
DAYS MIN <= 0 1 4.3 -3.3 3
PRECIPITATION (INCHES)
RECORD
MAXIMUM 6.08 1979
MINIMUM 0.28 2010
TOTALS 3.40 2.67 0.73 3.28
DAILY AVG. 0.11 0.09 0.02 0.11
DAYS >= .01 15 13.8 1.2 14
DAYS >= .10 8 6.4 1.6 7
DAYS >= .50 1 1.3 -0.3 3
DAYS >= 1.00 0 0.5 -0.5 0
GREATEST
24 HR. TOTAL 0.56 03/01 TO 03/01
SNOWFALL (INCHES)
RECORDS
TOTAL 83.1 2002
TOTALS 46.2 29.4 16.8 13.4
SINCE 7/1 216.9 177.8 39.1 MM
SNOWDEPTH AVG. 35 23
DAYS >= 1.0 9 6.7 2.3 2
GREATEST
SNOW DEPTH 41 03/14 31 03/01
24 HR TOTAL MM
DEGREE DAYS
HEATING TOTAL 1245 1240 5 1271
SINCE 7/1 7074 7741 -667 MM
COOLING TOTAL 0 0 0 0
SINCE 1/1 0 0 0 MM
................................................................
WIND (MPH)
AVERAGE WIND SPEED MM
HIGHEST WIND SPEED/DIRECTION MM DATE MM
HIGHEST GUST SPEED/DIRECTION 35/360 DATE 03/18
SKY COVER
POSSIBLE SUNSHINE (PERCENT) MM
AVERAGE SKY COVER MM
NUMBER OF DAYS FAIR 0
NUMBER OF DAYS PC 0
NUMBER OF DAYS CLOUDY 0
AVERAGE RH (PERCENT) MM
WEATHER CONDITIONS. NUMBER OF DAYS WITH
THUNDERSTORM 0 MIXED PRECIP 1
HEAVY RAIN 0 RAIN 0
LIGHT RAIN 2 FREEZING RAIN 0
LT FREEZING RAIN 1 HAIL 0
HEAVY SNOW 3 SNOW 5
LIGHT SNOW 20 SLEET 1
FOG 2 FOG W/VIS <= 1/4 MILE 0
HAZE 0
- INDICATES NEGATIVE NUMBERS.
R INDICATES RECORD WAS SET OR TIED.
MM INDICATES DATA IS MISSING.
T INDICATES TRACE AMOUNT.
$$