000
CXUS53 KMQT 011228
CLMMQT

CLIMATE REPORT...PRELIMINARY
NATIONAL WEATHER SERVICE MARQUETTE MI
728 AM EST SUN NOV 1 2015

...................................

...THE MARQUETTE MI CLIMATE SUMMARY FOR THE MONTH OF OCTOBER 2015...

CLIMATE NORMAL PERIOD 1981 TO 2010
CLIMATE RECORD PERIOD 1961 TO 2015

WEATHER         OBSERVED          NORMAL  DEPART  LAST YEAR`S
                 VALUE   DATE(S)  VALUE   FROM    VALUE  DATE(S)
                                          NORMAL
................................................................
TEMPERATURE (F)
RECORD
 HIGH              87   10/02/1992
 LOW                9   10/23/1969
HIGHEST            85   10/11        51      34       63  10/24
LOWEST             25   10/18        34      -9       23  10/22
                        10/17
AVG. MAXIMUM     52.4              52.1     0.3     48.3
AVG. MINIMUM     35.1              34.2     0.9     35.6
MEAN             43.8              43.2     0.6     41.9
DAYS MAX >= 90      0               0.0     0.0        0
DAYS MAX <= 32      0               0.7    -0.7        1
DAYS MIN <= 32      9              13.4    -4.4       10
DAYS MIN <= 0       0               0.0     0.0        0

PRECIPITATION (INCHES)
RECORD
 MAXIMUM         7.59   1979
 MINIMUM         0.94   1975
TOTALS           2.94              3.84   -0.90     6.49
DAILY AVG.       0.09              0.12   -0.03     0.21
DAYS >= .01        14              15.2    -1.2       23
DAYS >= .10         8               8.3    -0.3       13
DAYS >= .50         2               2.2    -0.2        5
DAYS >= 1.00        0               0.9    -0.9        1
GREATEST
 24 HR. TOTAL    0.81   10/23 TO 10/24

SNOWFALL (INCHES)
RECORDS
 TOTAL           18.6   1979
TOTALS            1.2               6.0    -4.8      3.2
SINCE 7/1         1.2               6.1    -4.9      3.2
SNOWDEPTH AVG.      0                MM      MM        0
DAYS >= 1.0         1               1.7    -0.7        2
GREATEST
 SNOW DEPTH         1   10/17                          1  10/31
 24 HR TOTAL      1.2   10/17 TO 10/17

DEGREE_DAYS
HEATING TOTAL     653               679     -26      705
 SINCE 7/1        986              1161    -175     1232
COOLING TOTAL       3                 1       2        0
 SINCE 1/1        250               242       8      152
.................................................................

WIND (MPH)
AVERAGE WIND SPEED              MM
HIGHEST WIND SPEED/DIRECTION    MM        DATE   MM
HIGHEST GUST SPEED/DIRECTION    33/270    DATE  10/21

SKY COVER
POSSIBLE SUNSHINE (PERCENT)   MM
AVERAGE SKY COVER             MM
NUMBER OF DAYS FAIR          MM
NUMBER OF DAYS PC            MM
NUMBER OF DAYS CLOUDY        MM

AVERAGE RH (PERCENT)     MM

WEATHER CONDITIONS. NUMBER OF DAYS WITH
THUNDERSTORM              0     MIXED PRECIP               0
HEAVY RAIN                0     RAIN                       0
LIGHT RAIN               17     FREEZING RAIN              0
LT FREEZING RAIN          0     HAIL                       0
HEAVY SNOW                0     SNOW                       0
LIGHT SNOW                4     SLEET                      0
FOG                       6     FOG W/VIS <= 1/4 MILE      1
HAZE                      0

-  INDICATES NEGATIVE NUMBERS.
R  INDICATES RECORD WAS SET OR TIED.
MM INDICATES DATA IS MISSING.
T  INDICATES TRACE AMOUNT.

$$
