723
CXUS53 KMQT 040226
CLMMQT

CLIMATE REPORT
NATIONAL WEATHER SERVICE MARQUETTE MI
1024 PM EDT THU AUG 3 2017

...................................

...THE MARQUETTE MI CLIMATE SUMMARY FOR THE MONTH OF JULY 2017...

CLIMATE NORMAL PERIOD 1981 TO 2010
CLIMATE RECORD PERIOD 1961 TO 2017

WEATHER         OBSERVED          NORMAL  DEPART  LAST YEAR`S
                 VALUE   DATE(S)  VALUE   FROM    VALUE  DATE(S)
                                          NORMAL
................................................................
TEMPERATURE (F)
RECORD
 HIGH              99   07/28/1988
                        07/19/1977
 LOW               34   07/10/1968
                        07/05/1967
HIGHEST            86   07/30        75      11       89  07/21
                                                          07/20
LOWEST             40   07/17        54     -14       39  07/16
AVG. MAXIMUM     74.9              76.4    -1.5     77.1
AVG. MINIMUM     53.1              54.6    -1.5     55.2
MEAN             64.0              65.5    -1.5     66.2
DAYS MAX >= 90      0               1.3    -1.3        0
DAYS MAX <= 32      0               0.0     0.0        0
DAYS MIN <= 32      0               0.0     0.0        0
DAYS MIN <= 0       0               0.0     0.0        0

PRECIPITATION (INCHES)
RECORD
 MAXIMUM         5.60   1970
 MINIMUM         0.57   1981
TOTALS           1.98              2.84   -0.86     3.49
DAILY AVG.       0.06              0.09   -0.03     0.11
DAYS >= .01        13              11.6     1.4       13
DAYS >= .10         6               6.6    -0.6        8
DAYS >= .50         0               1.7    -1.7        2
DAYS >= 1.00        0               0.4    -0.4        1
GREATEST
 24 HR. TOTAL    0.43   07/02 TO 07/02

SNOWFALL (INCHES)
RECORDS
 TOTAL              T   2016
                        2007
TOTALS              TR              0.0     0.0        T
SINCE 7/1           T               0.0     0.0        T
SNOWDEPTH AVG.      0                MM      MM        0
DAYS >= 1.0         0               0.0     0.0        0
GREATEST
 SNOW DEPTH         0   MM                             0  MM
 24 HR TOTAL        TR  07/02 TO 07/02

DEGREE_DAYS
HEATING TOTAL      79                79       0       55
 SINCE 7/1         79                79       0       55
COOLING TOTAL      56                94     -38      102
 SINCE 1/1         77               154     -77      154
.................................................................

WIND (MPH)
AVERAGE WIND SPEED              MM
HIGHEST WIND SPEED/DIRECTION    MM        DATE   MM
HIGHEST GUST SPEED/DIRECTION    33/270    DATE  07/06

SKY COVER
POSSIBLE SUNSHINE (PERCENT)   MM
AVERAGE SKY COVER             MM
NUMBER OF DAYS FAIR            0
NUMBER OF DAYS PC              0
NUMBER OF DAYS CLOUDY          0

AVERAGE RH (PERCENT)     MM

WEATHER CONDITIONS. NUMBER OF DAYS WITH
THUNDERSTORM              0     MIXED PRECIP               0
HEAVY RAIN                1     RAIN                       3
LIGHT RAIN               16     FREEZING RAIN              0
LT FREEZING RAIN          0     HAIL                       1
HEAVY SNOW                0     SNOW                       0
LIGHT SNOW                0     SLEET                      0
FOG                       5     FOG W/VIS <= 1/4 MILE      3
HAZE                      0

-  INDICATES NEGATIVE NUMBERS.
R  INDICATES RECORD WAS SET OR TIED.
MM INDICATES DATA IS MISSING.
T  INDICATES TRACE AMOUNT.

$$
