000
CXUS53 KMQT 041344
CLMMQT


CLIMATE REPORT
NATIONAL WEATHER SERVICE MARQUETTE MI
843 AM EST THU DEC 4 2014

...................................

...THE MARQUETTE MI CLIMATE SUMMARY FOR THE MONTH OF NOVEMBER 2014...

CLIMATE NORMAL PERIOD 1981 TO 2010
CLIMATE RECORD PERIOD 1961 TO 2014

WEATHER         OBSERVED          NORMAL  DEPART  LAST YEAR`S
                 VALUE   DATE(S)  VALUE   FROM    VALUE  DATE(S)
                                          NORMAL
................................................................
TEMPERATURE (F)
RECORD
 HIGH              73   11/09/1999
 LOW              -13   11/29/1976
HIGHEST            50   11/03        35      15       51  11/17
                                                          11/15
LOWEST             -4   11/27        22     -26        0  11/29
                        11/26
                        11/20
AVG. MAXIMUM     28.9              37.6    -8.7     35.3
AVG. MINIMUM     14.1              23.0    -8.9     23.1
MEAN             21.5              30.3    -8.8     29.2
DAYS MAX >= 90      0               0.0     0.0        0
DAYS MAX <= 32     18               9.2     8.8        9
DAYS MIN <= 32     28              25.8     2.2       24
DAYS MIN <= 0       6               0.5     5.5        1

PRECIPITATION (INCHES)
RECORD
 MAXIMUM         8.25   1988
 MINIMUM         0.81   1962
TOTALS           5.22              3.18    2.04     3.03
DAILY AVG.       0.17              0.11    0.06     0.10
DAYS >= .01        19              15.2     3.8       21
DAYS >= .10        10               7.1     2.9        9
DAYS >= .50         3               1.7     1.3        2
DAYS >= 1.00        2               0.5     1.5        0
GREATEST
 24 HR. TOTAL    2.51   11/10 TO 11/11

SNOWFALL (INCHES)
RECORDS
 TOTAL           48.9   1991
TOTALS           53.0R             24.4    28.6     19.0
SINCE 7/1        56.2              30.5    25.7     22.5
SNOWDEPTH AVG.     13                 4       9        1
DAYS >= 1.0        15               6.3     8.7        5
GREATEST
 SNOW DEPTH        25   11/12                          5  11/30
                                                          11/29
                                                          11/28
 24 HR TOTAL     21.1R  11/10 TO 11/11

DEGREE_DAYS
HEATING TOTAL    1298              1041     257     1068
 SINCE 7/1       2530              2202     328     2169
COOLING TOTAL       0                 0       0        0
 SINCE 1/1        152               242     -90      280
.................................................................

WIND (MPH)
AVERAGE WIND SPEED              MM
HIGHEST WIND SPEED/DIRECTION    MM        DATE   MM
HIGHEST GUST SPEED/DIRECTION    35/225    DATE  11/22

SKY COVER
POSSIBLE SUNSHINE (PERCENT)   MM
AVERAGE SKY COVER             MM
NUMBER OF DAYS FAIR          MM
NUMBER OF DAYS PC            MM
NUMBER OF DAYS CLOUDY        MM

AVERAGE RH (PERCENT)     MM

WEATHER CONDITIONS. NUMBER OF DAYS WITH
THUNDERSTORM              0     MIXED PRECIP               0
HEAVY RAIN                0     RAIN                       0
LIGHT RAIN                5     FREEZING RAIN              0
LT FREEZING RAIN          3     HAIL                       0
HEAVY SNOW                2     SNOW                       5
LIGHT SNOW               25     SLEET                      0
FOG                       4     FOG W/VIS <= 1/4 MILE      3
HAZE                      0

-  INDICATES NEGATIVE NUMBERS.
R  INDICATES RECORD WAS SET OR TIED.
MM INDICATES DATA IS MISSING.
T  INDICATES TRACE AMOUNT.

$$
