000
CXUS53 KMQT 071927 AAA
CLMMQT

CLIMATE REPORT...PRELIMINARY
NATIONAL WEATHER SERVICE MARQUETTE MI
328 PM EDT FRI JUL 7 2017

...................................

...THE MARQUETTE MI CLIMATE SUMMARY FOR THE MONTH OF JUNE 2017...

CLIMATE NORMAL PERIOD 1981 TO 2010
CLIMATE RECORD PERIOD 1961 TO 2017

WEATHER         OBSERVED          NORMAL  DEPART  LAST YEAR`S
                 VALUE   DATE(S)  VALUE   FROM    VALUE  DATE(S)
                                          NORMAL
................................................................
TEMPERATURE (F)
RECORD
 HIGH              99   06/30/1963
 LOW               25   06/04/1964
HIGHEST            88   06/10        70      18       87  06/19
                                                          06/18
LOWEST             35   06/01        48     -13       36  06/08
AVG. MAXIMUM     70.9              71.7    -0.8     70.7
AVG. MINIMUM     50.6              49.4     1.2     49.3
MEAN             60.8              60.6     0.2     60.0
DAYS MAX >= 90      0               0.7    -0.7        0
DAYS MAX <= 32      0               0.0     0.0        0
DAYS MIN <= 32      0               0.0     0.0        0
DAYS MIN <= 0       0               0.0     0.0        0

PRECIPITATION (INCHES)
RECORD
 MAXIMUM        12.26   1968
 MINIMUM         0.61   1992
TOTALS           5.97              2.84    3.13     3.54
DAILY AVG.       0.20              0.09    0.11     0.12
DAYS >= .01        21              12.2     8.8       13
DAYS >= .10        12               6.8     5.2        7
DAYS >= .50         5               1.8     3.2        3
DAYS >= 1.00        2               0.4     1.6        1
GREATEST
 24 HR. TOTAL    1.23   06/17 TO 06/18

SNOWFALL (INCHES)
RECORDS
 TOTAL              T   2016
                        1998
                        1990
TOTALS            0.0               0.0     0.0        T
SINCE 7/1       154.0             203.3   -49.3    160.9
SNOWDEPTH AVG.      0                MM      MM        0
DAYS >= 1.0         0               0.0     0.0        0
GREATEST
 SNOW DEPTH         0   MM                             0  MM
 24 HR TOTAL      0.0   06/30 TO 06/30

DEGREE_DAYS
HEATING TOTAL     141               182     -41      182
 SINCE 7/1       8374              9334    -960     8386
COOLING TOTAL      21                48     -27       41
 SINCE 1/1         21                60     -39       52
.................................................................

WIND (MPH)
AVERAGE WIND SPEED              MM
HIGHEST WIND SPEED/DIRECTION    MM        DATE   MM
HIGHEST GUST SPEED/DIRECTION    39/225    DATE  06/10

SKY COVER
POSSIBLE SUNSHINE (PERCENT)   MM
AVERAGE SKY COVER             MM
NUMBER OF DAYS FAIR            0
NUMBER OF DAYS PC              0
NUMBER OF DAYS CLOUDY          0

AVERAGE RH (PERCENT)     MM

WEATHER CONDITIONS. NUMBER OF DAYS WITH
THUNDERSTORM              0     MIXED PRECIP               0
HEAVY RAIN                3     RAIN                       4
LIGHT RAIN               24     FREEZING RAIN              0
LT FREEZING RAIN          0     HAIL                       0
HEAVY SNOW                0     SNOW                       0
LIGHT SNOW                0     SLEET                      0
FOG                       7     FOG W/VIS <= 1/4 MILE      1
HAZE                      0

-  INDICATES NEGATIVE NUMBERS.
R  INDICATES RECORD WAS SET OR TIED.
MM INDICATES DATA IS MISSING.
T  INDICATES TRACE AMOUNT.

&&

...JUNE 2017 MONTHLY CLIMATE SUMMARY FOR UPPER MICHIGAN...
/THIS DISCUSSION DOES NOT INCLUDE CHIPPEWA AND MACKINAC COUNTIES/

...WELL ABOVE NORMAL PRECIPITATION...
...FIFTH HIGHEST JUNE PRECIPITATION AT THE MARQUETTE NWS...

...NEAR NORMAL MONTHLY AVERAGE TEMPERATURE...

JUNE CLIMATE STATISTICS FOR THE MARQUETTE NWS IN NEGAUNEE TOWNSHIP

                                    NORMAL   DEPARTURE
AVERAGE TEMPERATURE         60.8     60.6   PLUS    0.2
AVERAGE HIGH TEMPERATURE    70.9     71.7  MINUS    0.8
AVERAGE LOW TEMPERATURE     50.6     49.4   PLUS    1.2
HEATING DEGREE DAYS          141      182  MINUS     41
COOLING DEGREE DAYS           21       48  MINUS     27
TOTAL PRECIPITATION         5.97     2.84   PLUS   3.13
TOTAL SNOWFALL                 0        0             0

HIGHEST TEMPERATURE:                    88 ON 6/10
LOWEST TEMPERATURE:                     35 ON 6/1
GREATEST CALENDAR DAY PRECIPITATION:  1.10 ON 6/18
GREATEST 24 HOUR PRECIPITATION:       1.23 ON 6/17-6/18
GREATEST 24 HOUR SNOWFALL:               0
PEAK WIND SPEED: 39 MPH FROM THE SOUTHWEST ON 6/10

DAILY RECORD PRECIPITATION ON 6/18...1.10 (OLD RECORD 0.90...1971)
DAILY RECORD PRECIPITATION ON 6/24...1.01 (0.39...1993)
---------------------------------------------------------------------
GREAT LAKES WATER LEVELS (FEET/METERS ABOVE MEAN SEA LEVEL)

                             LAKE SUPERIOR  LAKE MICHIGAN-HURON
06/01/17 DAILY MEAN          602.47/183.63     580.22/176.85
06/30/17 DAILY MEAN          602.82/183.74     580.62/176.97
AVG MAY 2017 DAILY MEAN      602.24/183.56     580.05/176.80
AVG JUN 2016 DAILY MEAN      602.39/183.61     580.18/176.84
LONG TERM JUN DAILY MEAN     601.84/183.44     579.20/176.54
MAXIMUM JUN DAILY MEAN       602.89/183.76     581.79/177.33
                                 (1986)           (1986)
MINIMUM JUN DAILY MEAN       599.90/182.85     576.64/175.76
                                 (1926)           (1964)

...WATER LEVELS REMAIN WELL ABOVE NORMAL IN JUNE...
...LAKE SUPERIOR WATER LEVEL NEAR RECORD HIGHEST...

RUNOFF FROM MODERATE TO HEAVY PRECIPITATION THAT OCCURRED FROM APRIL
THROUGH JUNE CONTRIBUTED TO RISING WATERS LEVELS IN JUNE. AT THE END
OF JUNE, WATER LEVELS ON LAKE SUPERIOR WERE 11 TO 12 INCHES ABOVE
NORMAL AND 5 TO 6 INCHES HIGHER THAN OBSERVED IN JUNE 2016. IN FACT,
THE LEVEL ON LAKE SUPERIOR ON 6/30 WAS LESS THAN AN INCH BELOW THE
RECORD HIGHEST LEVEL OBSERVED IN 1986. THE LEVEL ON LAKES MICHIGAN
AND HURON ENDED UP 17 TO 18 INCHES ABOVE NORMAL AND ALSO 5 TO 6
INCHES HIGHER THAN THE LEVEL OBSERVED IN JUNE 2016.

OBTAIN GREAT LAKES WATER LEVEL DATA AS REPORTED BY THE U.S. ARMY
CORPS OF ENGINEERS AT

HTTP://WWW.LRE.USACE.ARMY.MIL/MISSIONS/GREATLAKESINFORMATION/
       GREATLAKESWATERLEVELS/CURRENTCONDITIONS.ASPX.
---------------------------------------------------------------------
                            JULY FORECAST

THE CLIMATE PREDICTION CENTER (CPC) IS FORECASTING EQUAL CHANCES OF
AN ABOVE AND BELOW NORMAL MONTHLY MEAN TEMPERATURE AND ABOVE AND
BELOW NORMAL MONTHLY PRECIPITATION ACROSS ALL OF UPPER MICHIGAN IN
JULY 2017.

                          JULY CLIMATOLOGY

ALTHOUGH DAYLIGHT BEGINS TO GROW SHORTER DURING JULY (946 MINUTES OF
POSSIBLE SUNSHINE ON 7/1 DECREASES TO 894 MINUTES ON 7/31) AS THE
SUN STARTS ITS ANNUAL MIGRATION SOUTHWARD...AVERAGE MONTHLY
TEMPERATURES PEAK DURING THE SEVENTH MONTH...ABOUT 5 DEGREES HIGHER
THAN IN JUNE. TEMPERATURES OVER 100 ARE RARE IN UPPER MICHIGAN...BUT
THEY ARE MOST LIKELY IN JULY. THE MOST EXTREME HEATWAVE IN UPPER
MICHIGAN HISTORY OCCURRED DURING THE SECOND WEEK OF JULY 1936.
RESIDENTS OF NEWBERRY ENDURED SIX DAYS IN A ROW FROM 7/8/36 TO
7/13/36 WHERE THE HIGH TEMPERATURE REACHED 100 OR ABOVE...INCLUDING
AN ALL TIME RECORD 103 DEGREE READING ON 7/13/36. IN FACT...THE
SEVEN HOTTEST DAYS IN NEWBERRY HISTORY OCCURRED DURING THE WEEK OF
7/8/36 TO 7/14/36. IRONWOOD AND IRON MOUNTAIN ALSO RECORDED THEIR
ALL TIME HIGHEST TEMPERATURE ON 7/13/36 WITH MAXIMUM TEMPERATURES OF
104 AND 103 RESPECTIVELY. EVEN THOUGH THE 104 READING IN DOWNTOWN
MARQUETTE ON 7/13/36 IS NOT THE HIGHEST TEMPERATURE EVER OBSERVED
THERE...WHICH IS 108 ON 7/15/1901...THAT FACT PROBABLY WAS OF LITTLE
COMFORT TO LOCAL RESIDENTS...WHO ALSO SUFFERED THROUGH SWELTERING
LOW TEMPERATURES OF 80 ON 7/8/36 AND 7/9/36.

IN RECENT MEMORY...JULY IN 2006 AND 2011 WERE QUITE WARM OVER UPPER
MICHIGAN WITH MONTHLY MEAN TEMPERATURES AVERAGING 2 TO 5 DEGREES
ABOVE THE 30-YEAR NORMAL. THOUSAND ISLAND LAKE IN GOGEBIC COUNTY
REPORTED A MAXIMUM TEMPERATURE OF 100 OR BETTER ON FOUR DAYS IN JULY
2006...WHICH GOES DOWN IN THE RECORD BOOKS AS ONE OF THE TOP 10
WARMEST SEVENTH MONTHS AT ALL REPORTING SITES. JULY 2011 WAS ALSO
ONE OF THE TOP 10 WARMEST AT MANY LOCATIONS.

AT THE OTHER EXTREME...COOL AIRMASSES FROM CANADA CAN BRING FROST TO
MAINLY OUTLYING AREAS OF UPPER MICHIGAN DURING JULY. IRONWOOD
RECORDED A 31 DEGREE READING ON 7/2/1907...AND NEWBERRY OBSERVED 32
ON 7/21/92. ON 7/19 AND 7/20/2000...FROST DEVELOPED AT SOME INTERIOR
LOCATIONS AS CANADIAN HIGH PRESSURE PARKED ITSELF OVERHEAD AND
DROPPED THE MERCURY AS LOW AS 28. JULY 1992 GOES DOWN IN THE RECORD
BOOKS AT MOST UPPER MICHIGAN STATIONS AS THE COOLEST EVER. MEAN JULY
1992 TEMPERATURES THROUGHOUT THE AREA AVERAGED SIX TO NINE DEGREES
BELOW THE NORMAL OF 65 TO 68. JULY 2009 ENDED UP AS THE SECOND
COOLEST SEVENTH MONTH ON RECORD AT MOST PLACES...TRAILING ONLY JULY
1992 WITH A MEAN MONTHLY TEMPERATURE 4 TO 6 DEGREES BELOW AVERAGE.
JULY 2004 WAS ALSO QUITE CHILLY...WITH MOST LOCATIONS OBSERVING
MONTHLY AVERAGE TEMPERATURES 2 TO 5 DEGREES BELOW NORMAL.

ALTHOUGH THE AVERAGE JULY TENDS TO BE DRIER THAN JUNE BECAUSE THE
JET STREAM AND MOST WEATHER DISTURBANCES ARE FARTHER NORTH...
FREQUENT JULY THUNDERSTORMS CAN DROP HEAVY RAINS. DURING THE
OVERNIGHT OF 7/14-7/15 IN 1999...THUNDERSTORMS DELUGED SOUTHERN IRON
COUNTY WITH AS MUCH AS 8 INCHES OF RAIN AND CAUSED SOME FLASH
FLOODING. IN JULY 1909...AS MUCH AS 15.45 INCHES OF RAIN INUNDATED
IRONWOOD. MOST OF THIS RAIN FELL ON 7/19 INTO 7/22...WHEN THAT SITE
REPORTED AN INCREDIBLE 13.21 INCHES DURING THAT FOUR DAY STRETCH.

                  OUTLOOK FOR LATE SUMMER INTO FALL

THE CLIMATE PREDICTION CENTER (CPC) IS FORECASTING A GREATER THAN
CLIMATOLOGICAL CHANCE OF AN ABOVE NORMAL 3-MONTH AVERAGE TEMPERATURE
BUT EQUAL CHANCES OF ABOVE AND BELOW NORMAL 3-MONTH PRECIPITATION
ACROSS ALL OF UPPER MICHIGAN IN AUGUST THROUGH OCTOBER 2017.
---------------------------------------------------------------------

GO TO HTTP://WWW.WEATHER.GOV/CLIMATE/L3MTO.PHP TO ACCESS DETAILED
LOCAL THREE-MONTH AVERAGE TEMPERATURE OUTLOOKS FOR A NUMBER OF SITES
IN UPPER MICHIGAN.

CHECK OUT HTTP://WWW.CPC.NCEP.NOAA.GOV FOR MORE INFORMATION ABOUT
THE CLIMATE PREDICTION CENTER AND MORE LONG RANGE PREDICTIONS.

NOTE THAT STATISTICS FOR THE NATIONAL WEATHER SERVICE OFFICE IN
NEGAUNEE TOWNSHIP ARE BASED ON RECORDS WHICH BEGAN IN OCTOBER 1961.
THIRTY YEAR NORMALS USED ARE FOR THE PERIOD OF 1981 THROUGH 2010.
NOTE ALL TEMPERATURES ARE IN FAHRENHEIT AND PRECIPITATION IS IN
INCHES. ALL CLIMATE DATA LISTED IN THIS PRODUCT ARE UNOFFICIAL. FOR
OFFICIAL DATA...PLEASE REFER TO THE NATIONAL CLIMATIC DATA CENTER.
ALSO NOTE THIS DISCUSSION DOES NOT INCLUDE DATA FROM CHIPPEWA AND
MACKINAC COUNTIES.

THE NWS MARQUETTE WEB PAGE IS AT HTTP://WWW.WEATHER.GOV/MQT (ALL
LOWER CASE). CONTACT THE NATIONAL CLIMATIC DATA CENTER AT (828) 271-
4800 OR WWW.NCDC.NOAA.GOV.

$$
KC
