842
CXUS53 KMQT 020718
CLMMQT

CLIMATE REPORT
NATIONAL WEATHER SERVICE MARQUETTE MI
316 AM EDT WED NOV 2 2016

...................................

...THE MARQUETTE MI CLIMATE SUMMARY FOR THE MONTH OF OCTOBER 2016...

CLIMATE NORMAL PERIOD 1981 TO 2010
CLIMATE RECORD PERIOD 1961 TO 2016

WEATHER         OBSERVED          NORMAL  DEPART  LAST YEAR`S
                 VALUE   DATE(S)  VALUE   FROM    VALUE  DATE(S)
                                          NORMAL
................................................................
TEMPERATURE (F)
RECORD
 HIGH              87   10/02/1992
 LOW                9   10/23/1969
HIGHEST            69   10/03        51      18       85  10/11
LOWEST             27   10/26        34      -7       25  10/18
                        10/14                             10/17
AVG. MAXIMUM     54.0              52.1     1.9     52.4
AVG. MINIMUM     38.1              34.2     3.9     35.1
MEAN             46.0              43.2     2.8     43.8
DAYS MAX >= 90      0               0.0     0.0        0
DAYS MAX <= 32      0               0.7    -0.7        0
DAYS MIN <= 32      9              13.4    -4.4        9
DAYS MIN <= 0       0               0.0     0.0        0

PRECIPITATION (INCHES)
RECORD
 MAXIMUM         7.59   1979
 MINIMUM         0.94   1975
TOTALS           2.83              3.84   -1.01     2.94
DAILY AVG.       0.09              0.12   -0.03     0.09
DAYS >= .01        20              15.2     4.8       14
DAYS >= .10         6               8.3    -2.3        8
DAYS >= .50         1               2.2    -1.2        2
DAYS >= 1.00        1               0.9     0.1        0
GREATEST
 24 HR. TOTAL    1.31   10/17 TO 10/17

SNOWFALL (INCHES)
RECORDS
 TOTAL           18.6   1979
                        0
                        0
TOTALS              T               6.0    -6.0      1.2
SINCE 7/1           T               6.1    -6.1      1.2
SNOWDEPTH AVG.      0                MM      MM        0
DAYS >= 1.0         0               1.7    -1.7        1
GREATEST
 SNOW DEPTH         0   MM                             1  10/17
 24 HR TOTAL        T   10/26 TO 10/26

DEGREE_DAYS
HEATING TOTAL     581               679     -98      653
 SINCE 7/1        854              1161    -307      986
COOLING TOTAL       0                 1      -1        3
 SINCE 1/1        246               242       4      250
.................................................................

WIND (MPH)
AVERAGE WIND SPEED              MM
HIGHEST WIND SPEED/DIRECTION    MM        DATE   MM
HIGHEST GUST SPEED/DIRECTION    44/180    DATE  10/31

SKY COVER
POSSIBLE SUNSHINE (PERCENT)   MM
AVERAGE SKY COVER             MM
NUMBER OF DAYS FAIR            0
NUMBER OF DAYS PC              0
NUMBER OF DAYS CLOUDY          0

AVERAGE RH (PERCENT)     MM

WEATHER CONDITIONS. NUMBER OF DAYS WITH
THUNDERSTORM              0     MIXED PRECIP               0
HEAVY RAIN                2     RAIN                       2
LIGHT RAIN               25     FREEZING RAIN              0
LT FREEZING RAIN          0     HAIL                       0
HEAVY SNOW                0     SNOW                       0
LIGHT SNOW                4     SLEET                      0
FOG                       8     FOG W/VIS <= 1/4 MILE      1
HAZE                      0

-  INDICATES NEGATIVE NUMBERS.
R  INDICATES RECORD WAS SET OR TIED.
MM INDICATES DATA IS MISSING.
T  INDICATES TRACE AMOUNT.

$$
