000
CXUS53 KMQT 010733
CLMMQT
CLIMATE REPORT
NATIONAL WEATHER SERVICE
333 AM EDT WED NOV 01 2023
...................................
...THE MARQUETTE MI CLIMATE SUMMARY FOR THE MONTH OF OCTOBER 2023...
CLIMATE NORMAL PERIOD: 1991 TO 2020
CLIMATE RECORD PERIOD: 1961 TO 2023
WEATHER OBSERVED NORMAL DEPART LAST YEAR`S
VALUE DATE(S) VALUE FROM VALUE DATE(S)
NORMAL
................................................................
TEMPERATURE (F)
RECORD
HIGH 87 10/02/1992
LOW 9 10/23/1969
HIGHEST 87R 10/02 51 36 75 10/04
LOWEST 17 10/31 34 -17 26 10/10
10/15
10/27
AVG. MAXIMUM 52.2 51.7 0.5 56.0
AVG. MINIMUM 39.5 35.2 4.3 36.4
MEAN 45.9 43.5 2.4 46.2
DAYS MAX >= 90 0 0.0 0.0 0
DAYS MAX <= 32 0 0.5 -0.5 0
DAYS MIN <= 32 8 13.5 -5.5 14
DAYS MIN <= 0 0 0.0 0.0 0
PRECIPITATION (INCHES)
RECORD
MAXIMUM 8.19 2017
MINIMUM 0.94 1975
TOTALS 3.50 4.04 -0.54 4.59
DAILY AVG. 0.11 0.13 -0.02 0.15
DAYS >= .01 20 15.9 4.1 12
DAYS >= .10 11 8.4 2.6 9
DAYS >= .50 2 2.5 -0.5 4
DAYS >= 1.00 0 0.8 -0.8 2
GREATEST
24 HR. TOTAL 0.55 10/07 TO 10/07
SNOWFALL (INCHES)
RECORDS
TOTAL 22.1 2020
TOTALS 0.6 5.3 -4.7 19.1
SINCE 7/1 0.6 5.4 -4.8 MM
SNOWDEPTH AVG. T 1
DAYS >= 1.0 0 1.6 -1.6 3
GREATEST
SNOW DEPTH MM 9 10/18
24 HR TOTAL MM
DEGREE DAYS
HEATING TOTAL 615 669 -54 576
SINCE 7/1 980 1141 -161 MM
COOLING TOTAL 31 1 30 0
SINCE 1/1 278 237 41 MM
................................................................
WIND (MPH)
AVERAGE WIND SPEED MM
HIGHEST WIND SPEED/DIRECTION MM DATE MM
HIGHEST GUST SPEED/DIRECTION 32/180 DATE 10/05
SKY COVER
POSSIBLE SUNSHINE (PERCENT) MM
AVERAGE SKY COVER MM
NUMBER OF DAYS FAIR 0
NUMBER OF DAYS PC 0
NUMBER OF DAYS CLOUDY 0
AVERAGE RH (PERCENT) MM
WEATHER CONDITIONS. NUMBER OF DAYS WITH
THUNDERSTORM 3 MIXED PRECIP 1
HEAVY RAIN 1 RAIN 2
LIGHT RAIN 23 FREEZING RAIN 0
LT FREEZING RAIN 0 HAIL 1
HEAVY SNOW 0 SNOW 1
LIGHT SNOW 5 SLEET 0
FOG 6 FOG W/VIS <= 1/4 MILE 2
HAZE 0
- INDICATES NEGATIVE NUMBERS.
R INDICATES RECORD WAS SET OR TIED.
MM INDICATES DATA IS MISSING.
T INDICATES TRACE AMOUNT.
$$