000
CXUS53 KMQT 021437 AAA
CLMMQT

CLIMATE REPORT...PRELIMINARY
NATIONAL WEATHER SERVICE MARQUETTE MI
1040 AM EDT THU OCT 2 2014

...................................

...THE MARQUETTE MI CLIMATE SUMMARY FOR THE MONTH OF SEPTEMBER 2014...

CLIMATE NORMAL PERIOD 1981 TO 2010
CLIMATE RECORD PERIOD 1961 TO 2014

WEATHER         OBSERVED          NORMAL  DEPART  LAST YEAR`S
                 VALUE   DATE(S)  VALUE   FROM    VALUE  DATE(S)
                                          NORMAL
................................................................
TEMPERATURE (F)
RECORD
 HIGH              93   09/09/2002
 LOW               21   09/27/1965
HIGHEST            79   09/28        63      16       80  09/06
                        09/27
LOWEST             33   09/22        44     -11       35  09/23
                        09/13                             09/22
                        09/12                             09/16
AVG. MAXIMUM     65.7              65.8    -0.1     67.0
AVG. MINIMUM     45.5              45.8    -0.3     46.4
MEAN             55.6              55.8    -0.2     56.7
DAYS MAX >= 90      0               0.1    -0.1        0
DAYS MAX <= 32      0               0.0     0.0        0
DAYS MIN <= 32      0               1.6    -1.6        0
DAYS MIN <= 0       0               0.0     0.0        0

PRECIPITATION (INCHES)
RECORD
 MAXIMUM         7.60   1968
 MINIMUM         1.21   1989
TOTALS           4.10              3.72    0.38     2.02
DAILY AVG.       0.14              0.12    0.02     0.07
DAYS >= .01         9              13.4    -4.4       15
DAYS >= .10         6               7.8    -1.8        7
DAYS >= .50         2               2.5    -0.5        1
DAYS >= 1.00        1               0.7     0.3        0
GREATEST
 24 HR. TOTAL    2.39   09/10 TO 09/11

SNOWFALL (INCHES)
RECORDS
 TOTAL            1.7   1993
TOTALS            0.0               0.1    -0.1      0.0
SINCE 7/1           T               0.1    -0.1      0.0
SNOWDEPTH AVG.      0                MM      MM        0
DAYS >= 1.0         0               0.0     0.0        0
GREATEST
 SNOW DEPTH         0   MM                             0  MM
 24 HR TOTAL      0.0   09/30 TO 09/30

DEGREE_DAYS
HEATING TOTAL     280               297     -17      251
 SINCE 7/1        527               482      45      465
COOLING TOTAL       5                21     -16       10
 SINCE 1/1        152               241     -89      280
.................................................................

WIND (MPH)
AVERAGE WIND SPEED              MM
HIGHEST WIND SPEED/DIRECTION    MM        DATE   MM
HIGHEST GUST SPEED/DIRECTION    39/180    DATE  09/19

SKY COVER
POSSIBLE SUNSHINE (PERCENT)   MM
AVERAGE SKY COVER             MM
NUMBER OF DAYS FAIR          MM
NUMBER OF DAYS PC            MM
NUMBER OF DAYS CLOUDY        MM

AVERAGE RH (PERCENT)     MM

WEATHER CONDITIONS. NUMBER OF DAYS WITH
THUNDERSTORM              0     MIXED PRECIP               0
HEAVY RAIN                1     RAIN                       1
LIGHT RAIN               16     FREEZING RAIN              0
LT FREEZING RAIN          0     HAIL                       0
HEAVY SNOW                0     SNOW                       0
LIGHT SNOW                0     SLEET                      0
FOG                       7     FOG W/VIS <= 1/4 MILE      2
HAZE                      0

-  INDICATES NEGATIVE NUMBERS.
R  INDICATES RECORD WAS SET OR TIED.
MM INDICATES DATA IS MISSING.
T  INDICATES TRACE AMOUNT.

&&

...SEPTEMBER 2014 MONTHLY CLIMATE SUMMARY FOR UPPER MICHIGAN...
/THIS DISCUSSION DOES NOT INCLUDE CHIPPEWA AND MACKINAC COUNTIES/

...GENERALLY WET AND A BIT COOLER THAN NORMAL...

SEPTEMBER CLIMATE STATISTICS FOR THE MARQUETTE NWS IN NEGAUNEE
 TOWNSHIP

                                    NORMAL   DEPARTURE
AVERAGE TEMPERATURE         55.6     55.8  MINUS    0.2
AVERAGE HIGH TEMPERATURE    65.7     65.8  MINUS    0.1
AVERAGE LOW TEMPERATURE     45.5     45.8  MINUS    0.3
HEATING DEGREE DAYS          280      297  MINUS     17
COOLING DEGREE DAYS            5       21  MINUS     16
TOTAL PRECIPITATION         4.10     3.72   PLUS   0.38
TOTAL SNOWFALL                 0      0.1  MINUS    0.1

HIGHEST TEMPERATURE:                    79 ON 9/27 AND 9/28
LOWEST TEMPERATURE:                     33 ON 9/12...9/13 AND 9/22
GREATEST CALENDAR DAY PRECIPITATION:  2.34 ON 9/10
GREATEST 24 HOUR PRECIPITATION:       2.39 ON 9/10-9/11
PEAK WIND SPEED:     39 MPH FROM THE SOUTH ON 9/19

DAILY RECORD PRECIPITATION ON 9/10...2.34 /OLD RECORD 1.24...1978/
DAILY RECORD LOW MAXIMUM TEMPERATURE ON 9/11...47 /50...1964/
DAILY RECORD HIGH MINIMUM TEMPERATURE ON 9/25...54 /51...1970&1977/
DAILY RECORD HIGH MAXIMUM TEMPERATURE ON 9/27...79 /78...1979/
DAILY RECORD HIGH MAXIMUM TEMPERATURE ON 9/28...79 /77...1987/
---------------------------------------------------------------------
GREAT LAKES WATER LEVELS (FEET/METERS ABOVE MEAN SEA LEVEL)

                            LAKE SUPERIOR  LAKE MICHIGAN-HURON
09/01/14 DAILY MEAN         602.59/183.67     579.07/176.50
09/30/14 DAILY MEAN         602.71/183.70     579.11/176.51
AVG AUG 2014 DAILY MEAN     602.59/183.67     578.99/176.48
AVG SEP 2013 DAILY MEAN     601.97/183.48     577.56/176.04
LONG TERM SEP DAILY MEAN    602.13/183.53     579.07/176.50
MAXIMUM SEP DAILY MEAN      603.22/183.86     581.96/177.38
                                (1985)           (1986)
MINIMUM SEP DAILY MEAN      600.46/183.02     576.64/175.76
                                (2007)           (1964)

...GREAT LAKES WATER LEVELS RISE A BIT IN SEPTEMBER...

EVEN THOUGH WATER LEVELS TYPICALLY HOLD STEADY OR FALL SLOWLY IN
SEPTEMBER...ABOVE NORMAL PRECIPITATION ACROSS THE UPPER GREAT LAKES
AND SURROUNDING AREAS THE LAST COUPLE OF MONTHS THAT HAS CONTRIBUTED
TO GREATER RUNOFF AS WELL AS RELATIVELY CHILLY LAKE WATER
TEMPERATURES THAT HAVE LIMITED EVAPORATION CONTRIBUTED TO A SLOW
RISE IN THE LEVELS OF LAKES SUPERIOR...MICHIGAN AND HURON IN
SEPTEMBER 2014. AT THE END OF THE MONTH...THE LAKE SUPERIOR WATER
LEVEL WAS ALMOST 9 INCHES HIGHER THAN IN SEPTEMBER 2013 AND ALMOST 7
INCHES ABOVE THE LONG TERM NORMAL. THE LEVEL OF LAKES MICHIGAN-HURON
ON 9/30 WAS ALMOST 19 INCHES HIGHER THAN DURING LAST SEPTEMBER AND
WITHIN AN INCH OF NORMAL. LAST MONTH IS THE FIRST TIME IN MANY YEARS
THAT THE WATER LEVEL ON LAKES MICHIGAN-HURON HAS BEEN NEAR NORMAL.

OBTAIN GREAT LAKES WATER LEVEL DATA AS REPORTED BY THE U.S. ARMY
CORPS OF ENGINEERS AT

HTTP://WWW.LRE.USACE.ARMY.MIL/MISSIONS/GREATLAKESINFORMATION/
       GREATLAKESWATERLEVELS/CURRENTCONDITIONS.ASPX (ALL LOWER CASE).
---------------------------------------------------------------------
                      SEPTEMBER CLIMATE HIGHLIGHTS

MORE TO COME LATER.
---------------------------------------------------------------------
SOME OTHER TEMPERATURE AND PRECIPITATION OBSERVATIONS ACROSS UPPER
MICHIGAN IN SEPTEMBER 2014 INCLUDE:

IRONWOOD...AVERAGE TEMPERATURE 54.9 (0.8 DEGREE BELOW NORMAL)
           PRECIPITATION 5.20 INCHES (1.14 INCHES ABOVE NORMAL)

ONTONAGON...AVERAGE TEMPERATURE 58.6 (0.1 DEGREE ABOVE NORMAL)
 (6 MILES   PRECIPITATION 3.41 INCHES (0.13 INCH ABOVE NORMAL)
  INLAND)

HOUGHTON COUNTY...AVERAGE TEMPERATURE 54.8 (0.6 DEGREE BELOW NORMAL)
 AIRPORT         PRECIPITATION 2.91 INCHES (0.54 INCH BELOW NORMAL)

COPPER HARBOR...AVERAGE TEMPERATURE 56.5 DEGREES
                PRECIPITATION 2.80 INCHES

WATTON (BARAGA COUNTY)...AVERAGE TEMPERATURE 55.2 DEGREES
                         PRECIPITATION 4.30 INCHES

MARQUETTE CITY...AVERAGE TEMPERATURE 58.6 (0.8 DEGREE BELOW NORMAL)
                 PRECIPITATION 4.35 INCHES (1.19 INCHES ABOVE NORMAL)

MUNISING...AVERAGE TEMPERATURE 56.2 (1.1 DEGREES BELOW NORMAL)
           PRECIPITATION 3.39 INCHES (0.68 INCH BELOW NORMAL)

STAMBAUGH (IRON COUNTY)...AVERAGE TEMPERATURE 51.6 DEGREES
                          PRECIPITATION 4.59 INCHES

MENOMINEE...PRECIPITATION 5.80 INCHES

GARDEN CORNERS (DELTA COUNTY)...AVERAGE TEMPERATURE 55.9 DEGREES
                                PRECIPITATION 3.78 INCHES

MANISTIQUE...AVERAGE TEMPERATURE 56.4 (0.6 DEGREE BELOW NORMAL)
             PRECIPITATION 3.79 INCHES (0.03 INCH BELOW NORMAL)

                      SEPTEMBER WEATHER SUMMARY

MORE TO COME LATER.

                          OCTOBER FORECAST

THE CLIMATE PREDICTION CENTER (CPC) IS FORECASTING A GREATER THAN
CLIMATOLOGICAL CHANCE OF A BELOW NORMAL MONTHLY MEAN TEMPERATURE AND
ABOVE NORMAL MONTHLY PRECIPITATION OVER ALL OF UPPER MICHIGAN IN
OCTOBER 2014.

                         OCTOBER CLIMATOLOGY

AVERAGE TEMPERATURES IN OCTOBER CONTINUE THEIR DOWNWARD SPIRAL AS
THE SUN STAYS UP LESS AND LESS EACH DAY. THE OCTOBER MEAN
TEMPERATURE ACROSS UPPER MICHIGAN IS ABOUT TEN DEGREES LOWER THAN IN
SEPTEMBER AT MOST PLACES. POSSIBLE DAILY SUNSHINE DECREASES ABOUT 3
OR 4 MINUTES EVERY DAY DURING THE TENTH MONTH FROM 703 MINUTES ON
10/1 TO 607 MINUTES ON HALLOWEEN.

ALTHOUGH AVERAGE TEMPERATURES DECREASE DURING OCTOBER...RECORD HIGH
TEMPERATURES AT MANY PLACES IN UPPER MICHIGAN ARE STILL IN THE 80S
DURING THE FIRST WEEK OF THE MONTH. IN FACT...RESIDENTS OF IRON
MOUNTAIN BASKED IN A SUMMER-LIKE HIGH OF 88 ON 10/3/92. DOWNTOWN
MARQUETTE ENJOYED A TASTE OF SUMMER EVEN AS LATE AS 10/18 IN 1950...
WHEN THE MERCURY REACHED A BALMY 86 DEGREES.

BUT BY THE END OF OCTOBER...THE ICY HAND OF WINTER USUALLY BEGINS TO
GRIP UPPER MICHIGAN HARDER AND HARDER. RECORD LOW TEMPERATURES AT
MONTHS END FALL INTO THE TEENS EVERYWHERE AND EVEN AS LOW AS THE
SINGLE NUMBERS ABOVE ZERO AWAY FROM THE WARMING INFLUENCE OF LAKE
SUPERIOR. ON 10/30/1925...IRONWOOD RECORDED A LOW OF 2 DEGREES ABOVE
ZERO. OCTOBER 2002 WAS THE COLDEST OCTOBER ON RECORD AT THE
MARQUETTE NWS...AND AMONG THE TOP TEN COLDEST AT IRONWOOD AND IRON
MOUNTAIN. MONTHLY TEMPERATURES AVERAGED 4 TO 6 DEGREES BELOW NORMAL
ACROSS UPPER MICHIGAN. OCTOBER 2009 WAS ALSO QUITE CHILLY WITH AN
AVERAGE MONTHLY TEMPERATURE 3 TO 5 DEGREES BELOW THE MEAN. MUNISING
REPORTED THE COLDEST OCTOBER ON RECORD IN 2009...AND MANY PLACES
EXPERIENCED A TOP FIVE OR TEN COLDEST TENTH MONTH.

EVEN THOUGH AVERAGE PRECIPITATION IN OCTOBER IS LOWER THAN IN
SEPTEMBER AT MOST SPOTS...THE RESIDUAL WARMTH OF LAKE SUPERIOR
USUALLY CAUSES INCREASED LAKE EFFECT RAIN AND SNOW SHOWER ACTIVITY
DURING THE TENTH MONTH. MORE NUMEROUS ARCTIC AIR MASSES PLUNGING
SOUTH FROM CANADA ARE DESTABILIZED AS THEY CROSS THE RELATIVELY WARM
WATER...RESULTING IN THE INCREASED CONVECTIVE ACTIVITY. IF THE AIR
IS COLD ENOUGH...HEAVY SNOW CAN FALL...ESPECIALLY OVER HIGHER
TERRAIN JUST DOWNWIND OF LAKE SUPERIOR. BETWEEN 10/11 AND 10/14 IN
2006...AN UNUSUALLY EARLY WINTER STORM BLASTED THE HIGHER TERRAIN OF
THE WEST HALF OF UPPER MICHIGAN WITH 20 OR MORE INCHES OF SNOW...
INCLUDING AS MUCH AS 26.6 INCHES AT TWIN LAKES IN HOUGHTON COUNTY.
IN OCTOBER 1967...ALMOST 27 INCHES OF SNOW WHITENED IRONWOOD...
INCLUDING 15 INCHES ON 10/25/67. HEAVY SNOW CAN FALL EVEN EARLIER IN
THE MONTH. ON 10/6 TO 10/8 IN 2000...UP TO A FOOT OF SNOW SMOTHERED
THE HIGHER TERRAIN OF NORTH CENTRAL UPPER MICHIGAN. BUT DURING WARM
OCTOBERS...LITTLE OR NO SNOW CAN FALL AS WELL. THE MARQUETTE NWS SAW
NO SNOW AT ALL IN OCTOBER 1971...AS DID THE HOUGHTON COUNTY AIRPORT
IN 1986.

THE SAME SURFACE HEATING AND DESTABILIZATION OF COLD AIRMASSES THAT
CAUSES LAKE EFFECT SNOW ALSO RESULTS IN INCREASED WINDINESS OVER
LAKE SUPERIOR. THE GALES OF NOVEMBER OFTEN DO COME EARLY DURING
OCTOBER.

                 OUTLOOK FOR LATE FALL AND EARLY WINTER

THE CLIMATE PREDICTION CENTER (CPC) IS FORECASTING A GREATER THAN
CLIMATOLOGICAL CHANCE OF AN ABOVE NORMAL 3-MONTH AVERAGE TEMPERATURE
AND BELOW NORMAL 3-MONTH PRECIPITATION OVER ALL OF UPPER MICHIGAN IN
NOVEMBER 2014 THROUGH JANUARY 2015.

GO TO HTTP://WWW.WEATHER.GOV/CLIMATE/L3MTO.PHP TO ACCESS DETAILED
LOCAL THREE-MONTH AVERAGE TEMPERATURE OUTLOOKS FOR A NUMBER OF SITES
IN UPPER MICHIGAN.

CHECK OUT HTTP://WWW.CPC.NCEP.NOAA.GOV FOR MORE INFORMATION ABOUT
THE CLIMATE PREDICTION CENTER AND MORE LONG RANGE PREDICTIONS.

NOTE THAT STATISTICS FOR THE NATIONAL WEATHER SERVICE OFFICE IN
NEGAUNEE TOWNSHIP ARE BASED ON RECORDS WHICH BEGAN IN OCTOBER 1961.
THIRTY YEAR NORMALS USED ARE FOR THE PERIOD OF 1981 THROUGH 2010.
NOTE ALL TEMPERATURES ARE IN FAHRENHEIT AND PRECIPITATION IS IN
INCHES. ALL CLIMATE DATA LISTED IN THIS PRODUCT ARE UNOFFICIAL. FOR
OFFICIAL DATA...PLEASE REFER TO THE NATIONAL CLIMATIC DATA CENTER.
ALSO NOTE THIS DISCUSSION DOES NOT INCLUDE DATA FROM CHIPPEWA AND
MACKINAC COUNTIES.

NWS MARQUETTE WEB PAGE IS AT HTTP://WWW.WEATHER.GOV/MQT (ALL LOWER
CASE). CONTACT THE NATIONAL CLIMATIC DATA CENTER AT (828) 271-4800
OR WWW.NCDC.NOAA.GOV.

$$

KC
