000
CXUS53 KMQT 011258
CLMMQT
CLIMATE REPORT
NATIONAL WEATHER SERVICE MARQUETTE MI
858 AM EDT MON APR 01 2024
...................................
...THE MARQUETTE MI CLIMATE SUMMARY FOR THE MONTH OF MARCH 2024...
CLIMATE NORMAL PERIOD: 1991 TO 2020
CLIMATE RECORD PERIOD: 1961 TO 2024
WEATHER OBSERVED NORMAL DEPART LAST YEAR`S
VALUE DATE(S) VALUE FROM VALUE DATE(S)
NORMAL
................................................................
TEMPERATURE (F)
RECORD
HIGH 81 03/21/2012
LOW -30 03/03/2003
HIGHEST 61 03/12 33 28 44 03/05
03/15
03/24
LOWEST 7 03/21 14 -7 0 03/21
03/23
03/24
AVG. MAXIMUM 38.4 34.9 3.5 33.6
AVG. MINIMUM 21.9 15.1 6.8 15.6
MEAN 30.1 25.0 5.1 24.6
DAYS MAX >= 90 0 0.0 0.0 0
DAYS MAX <= 32 10 13.2 -3.2 14
DAYS MIN <= 32 29 28.9 0.1 30
DAYS MIN <= 0 0 4.3 -4.3 1
PRECIPITATION (INCHES)
RECORD
MAXIMUM 6.08 1979
MINIMUM 0.28 2010
TOTALS 2.71 2.67 0.04 3.40
DAILY AVG. 0.09 0.09 0.00 0.11
DAYS >= .01 13 13.8 -0.8 15
DAYS >= .10 7 6.4 0.6 8
DAYS >= .50 2 1.3 0.7 1
DAYS >= 1.00 0 0.5 -0.5 0
GREATEST
24 HR. TOTAL 0.86 03/25 TO 03/25
SNOWFALL (INCHES)
RECORDS
TOTAL 83.1 2002
TOTALS 20.3 29.4 -9.1 46.2
SINCE 7/1 107.4 177.8 -70.4 MM
SNOWDEPTH AVG. 3 35
DAYS >= 1.0 5 6.7 -1.7 9
GREATEST
SNOW DEPTH 9 03/25 41 03/14
24 HR TOTAL MM
DEGREE DAYS
HEATING TOTAL 1074 1240 -166 1245
SINCE 7/1 6635 7741 -1106 MM
COOLING TOTAL 0 0 0 0
SINCE 1/1 0 0 0 MM
................................................................
WIND (MPH)
AVERAGE WIND SPEED MM
HIGHEST WIND SPEED/DIRECTION MM DATE MM
HIGHEST GUST SPEED/DIRECTION 35/180 DATE 03/01
SKY COVER
POSSIBLE SUNSHINE (PERCENT) MM
AVERAGE SKY COVER MM
NUMBER OF DAYS FAIR 0
NUMBER OF DAYS PC 0
NUMBER OF DAYS CLOUDY 0
AVERAGE RH (PERCENT) MM
WEATHER CONDITIONS. NUMBER OF DAYS WITH
THUNDERSTORM 1 MIXED PRECIP 1
HEAVY RAIN 1 RAIN 1
LIGHT RAIN 5 FREEZING RAIN 0
LT FREEZING RAIN 3 HAIL 0
HEAVY SNOW 2 SNOW 4
LIGHT SNOW 17 SLEET 1
FOG 2 FOG W/VIS <= 1/4 MILE 1
HAZE 0
- INDICATES NEGATIVE NUMBERS.
R INDICATES RECORD WAS SET OR TIED.
MM INDICATES DATA IS MISSING.
T INDICATES TRACE AMOUNT.
$$