000
CXUS53 KMQT 031422
CLMMQT

CLIMATE REPORT...PRELIMINARY
NATIONAL WEATHER SERVICE MARQUETTE MI
922 AM EST WED FEB 3 2016

...................................

...THE MARQUETTE MI CLIMATE SUMMARY FOR THE MONTH OF JANUARY 2016...

CLIMATE NORMAL PERIOD 1981 TO 2010
CLIMATE RECORD PERIOD 1961 TO 2016

WEATHER         OBSERVED          NORMAL  DEPART  LAST YEAR`S
                 VALUE   DATE(S)  VALUE   FROM    VALUE  DATE(S)
                                          NORMAL
................................................................
TEMPERATURE (F)
RECORD
 HIGH              53   01/26/1973
 LOW              -32   01/09/1977
HIGHEST            45   01/30        20      25       34  01/23
LOWEST             -8   01/13         3     -11      -16  01/05
AVG. MAXIMUM     23.0              21.9     1.1     18.9
AVG. MINIMUM     11.2               5.2     6.0      3.0
MEAN             17.1              13.6     3.5     11.0
DAYS MAX >= 90      0               0.0     0.0        0
DAYS MAX <= 32     26              26.3    -0.3       29
DAYS MIN <= 32     31              31.0     0.0       31
DAYS MIN <= 0       5              10.5    -5.5       14

PRECIPITATION (INCHES)
RECORD
 MAXIMUM         6.61   1997
 MINIMUM         0.61   1965
TOTALS           1.96              2.41   -0.45     1.25
DAILY AVG.       0.06              0.08   -0.02     0.04
DAYS >= .01        21              17.3     3.7       19
DAYS >= .10         8               7.1     0.9        4
DAYS >= .50         0               0.9    -0.9        0
DAYS >= 1.00        0               0.2    -0.2        0
GREATEST
 24 HR. TOTAL    0.38   01/25 TO 01/26

SNOWFALL (INCHES)
RECORDS
 TOTAL           91.7   1997
TOTALS           37.5              43.2    -5.7     30.1
SINCE 7/1        64.3             116.5   -52.2    113.3
SNOWDEPTH AVG.     11                19      -8       23
DAYS >= 1.0        13              11.6     1.4       13
GREATEST
 SNOW DEPTH        20   01/29                         26  01/31
                                                          01/20
 24 HR TOTAL      7.0   01/03 TO 01/04

DEGREE_DAYS
HEATING TOTAL    1478              1595    -117     1669
 SINCE 7/1       4420              5237    -817     5564
COOLING TOTAL       0                 0       0        0
 SINCE 1/1          0                 0       0        0
.................................................................

WIND (MPH)
AVERAGE WIND SPEED              MM
HIGHEST WIND SPEED/DIRECTION    MM        DATE   MM
HIGHEST GUST SPEED/DIRECTION    38/270    DATE  01/05
                                38/225          01/27

SKY COVER
POSSIBLE SUNSHINE (PERCENT)   MM
AVERAGE SKY COVER             MM
NUMBER OF DAYS FAIR          MM
NUMBER OF DAYS PC            MM
NUMBER OF DAYS CLOUDY        MM

AVERAGE RH (PERCENT)     MM

WEATHER CONDITIONS. NUMBER OF DAYS WITH
THUNDERSTORM              0     MIXED PRECIP               0
HEAVY RAIN                0     RAIN                       0
LIGHT RAIN                1     FREEZING RAIN              0
LT FREEZING RAIN          8     HAIL                       0
HEAVY SNOW                0     SNOW                       6
LIGHT SNOW               28     SLEET                      1
FOG                       4     FOG W/VIS <= 1/4 MILE      0
HAZE                      0

-  INDICATES NEGATIVE NUMBERS.
R  INDICATES RECORD WAS SET OR TIED.
MM INDICATES DATA IS MISSING.
T  INDICATES TRACE AMOUNT.

$$
