000
CXUS56 KBOI 011002
CF6REO
PRELIMINARY LOCAL CLIMATOLOGICAL DATA (WS FORM: F-6)
STATION: ROME OR
MONTH: FEBRUARY
YEAR: 2022
LATITUDE: 42 35 N
LONGITUDE: 117 52 W
TEMPERATURE IN F: :PCPN: SNOW: WIND :SUNSHINE: SKY :PK WND
================================================================================
1 2 3 4 5 6A 6B 7 8 9 10 11 12 13 14 15 16 17 18
12Z AVG MX 2MIN
DY MAX MIN AVG DEP HDD CDD WTR SNW DPTH SPD SPD DIR MIN PSBL S-S WX SPD DR
================================================================================
1 37 14 26 -6 39 0 0.00 M M 5.6 18 320 M M 0 25 320
2 36 16 26 -7 39 0 0.00 M M 5.0 13 310 M M 0 17 320
3 45 24 35 2 30 0 0.00 M M 6.5 13 160 M M 0 15 160
4 52 15 34 1 31 0 0.00 M M 4.0 13 170 M M 0 15 170
5 52 22 37 4 28 0 0.00 M M 6.0 13 160 M M 0 17 60
6 53 18 36 3 29 0 0.00 M M 5.1 10 190 M M 0 12 200
7 55 16 36 3 29 0 0.00 M M 3.8 13 180 M M 0 14 180
8 58 20 39 5 26 0 0.00 M M 4.3 10 200 M M 0 13 160
9 60 26 43 9 22 0 0.00 M M 5.3 13 60 M M 0 17 40
10 66 28 47 13 18 0 0.00 M M 7.1 15 170 M M 0 19 180
11 57 21 39 5 26 0 0.00 M M 5.6 13 190 M M 0 16 180
12 53 17 35 1 30 0 0.00 M M 4.7 10 160 M M 0 14 20
13 57 17 37 2 28 0 0.00 M M 5.0 10 160 M M 0 12 170
14 64 29 47 12 18 0 0.01 M M 11.0 29 290 M M 0 41 250
15 43 24 34 -1 31 0 0.00 M M 7.2 21 360 M M 0 30 20
16 48 22 35 0 30 0 0.02 M M 8.3 25 340 M M 0 34 320
17 53 20 37 1 28 0 0.00 M M 10.0 18 160 M M 0 23 160
18 59 27 43 7 22 0 0.00 M M 8.3 16 160 M M 0 21 160
19 65 29 47 11 18 0 0.00 M M 10.0 25 240 M M 0 33 230
20 51 24 38 2 27 0 0.00 M M 10.2 25 320 M M 0 33 300
21 37 17 27 -10 38 0 0.14 M M 5.6 16 70 M M 0 20 90
22 27 18 23 -14 42 0 0.39 M M 9.8 23 30 M M 0 31 30
23 24 0 12 -25 53 0 0.00 M M 6.9 13 80 M M 0 17 20
24 31 3 17 -21 48 0 0.00 M M 7.8 16 340 M M 0 20 340
25 28 -2 13 -25 52 0 0.00 M M 5.4 12 150 M M 0 14 150
26 36 -2 17 -21 48 0 0.00 M M 5.8 13 160 M M 0 15 160
27 52 14 33 -5 32 0 0.00 M M 5.8 18 160 M M 0 24 160
28 64 32 48 9 17 0 0.00 M M 11.8 23 230 M M 0 31 220
================================================================================
SM 1363 509 879 0 0.56 M 191.9 M 0
================================================================================
AV 48.7 18.2 6.9 FASTST M M 0 MAX(MPH)
MISC ----> 29 290 41 250
================================================================================
NOTES:
# LAST OF SEVERAL OCCURRENCES
COLUMN 17 PEAK WIND IN M.P.H.
PRELIMINARY LOCAL CLIMATOLOGICAL DATA (WS FORM: F-6) , PAGE 2
STATION: ROME OR
MONTH: FEBRUARY
YEAR: 2022
LATITUDE: 42 35 N
LONGITUDE: 117 52 W
[TEMPERATURE DATA] [PRECIPITATION DATA] SYMBOLS USED IN COLUMN 16
AVERAGE MONTHLY: 33.4 TOTAL FOR MONTH: 0.56 1 = FOG OR MIST
DPTR FM NORMAL: -1.8 DPTR FM NORMAL: 0.01 2 = FOG REDUCING VISIBILITY
HIGHEST: 66 ON 10 GRTST 24HR 0.50 ON 21-22 TO 1/4 MILE OR LESS
LOWEST: -2 ON 26,25 3 = THUNDER
SNOW, ICE PELLETS, HAIL 4 = ICE PELLETS
TOTAL MONTH: M 5 = HAIL
GRTST 24HR M ON M 6 = FREEZING RAIN OR DRIZZLE
GRTST DEPTH: M ON M 7 = DUSTSTORM OR SANDSTORM:
VSBY 1/2 MILE OR LESS
8 = SMOKE OR HAZE
[NO. OF DAYS WITH] [WEATHER - DAYS WITH] 9 = BLOWING SNOW
X = TORNADO
MAX 32 OR BELOW: 4 0.01 INCH OR MORE: 4
MAX 90 OR ABOVE: 0 0.10 INCH OR MORE: 2
MIN 32 OR BELOW: 28 0.50 INCH OR MORE: 0
MIN 0 OR BELOW: 3 1.00 INCH OR MORE: 0
[HDD (BASE 65) ]
TOTAL THIS MO. 879 CLEAR (SCALE 0-3) 28
DPTR FM NORMAL 45 PTCLDY (SCALE 4-7) 0
TOTAL FM JUL 1 4098 CLOUDY (SCALE 8-10) 0
DPTR FM NORMAL -377
[CDD (BASE 65) ]
TOTAL THIS MO. 0
DPTR FM NORMAL 0 [PRESSURE DATA]
TOTAL FM JAN 1 0 HIGHEST SLP M ON M
DPTR FM NORMAL 0 LOWEST SLP 29.69 ON 14
[REMARKS]
#FINAL-02-22#