000
CXUS55 KRIW 221941
CF6BPI
PRELIMINARY LOCAL CLIMATOLOGICAL DATA (WS FORM: F-6)
STATION: BIG PINEY WY
MONTH: APRIL
YEAR: 2024
LATITUDE: 42 34 N
LONGITUDE: 110 6 W
TEMPERATURE IN F: :PCPN: SNOW: WIND :SUNSHINE: SKY :PK WND
================================================================================
1 2 3 4 5 6A 6B 7 8 9 10 11 12 13 14 15 16 17 18
12Z AVG MX 2MIN
DY MAX MIN AVG DEP HDD CDD WTR SNW DPTH SPD SPD DIR MIN PSBL S-S WX SPD DR
================================================================================
1 44 24 34 1 31 0 0.00 M M 9.2 24 360 M M 5 12 34 330
2 54 18 36 3 29 0 0.00 M M 10.6 23 340 M M 0 31 350
3 61 24 43 9 22 0 0.00 M M 6.2 15 250 M M 1 21 280
4 62 20 41 7 24 0 0.00 M M 8.2 29 220 M M 0 39 220
5 60 22 41 7 24 0 T M M 13.0 39 200 M M 4 1 58 190
6 36 24 30 -4 35 0 0.00 M M 15.4 31 350 M M 7 39 340
7 41 18 30 -4 35 0 0.00 M M 10.3 25 300 M M 4 35 280
8 45 14 30 -5 35 0 0.00 M M 11.0 20 340 M M 3 26 340
9 49 15 32 -3 33 0 0.00 M M 10.0 24 340 M M 3 38 310
10 51 21 36 1 29 0 0.00 M M 10.3 21 340 M M 2 32 320
11 58 14 36 1 29 0 0.00 M M 5.7 20 300 M M 0 26 320
12 69 20 45 9 20 0 0.00 M M 7.9 30 220 M M 1 41 220
13 67 26 47 11 18 0 0.00 M M 6.9 20 260 M M 1 30 260
14 68 19 44 8 21 0 0.00 M M 7.4 21 220 M M 2 29 190
15 59 30 45 9 20 0 T M M 13.0 28 330 M M 4 3 36 320
16 55 34 45 9 20 0 T M M 12.9 24 340 M M 3 32 300
17 49 23 36 -1 29 0 T M M 13.7 39 290 M M 5 56 290
18 44 19 32 -5 33 0 0.00 M M 6.7 16 280 M M 7 21 280
19 51 17 34 -3 31 0 0.00 M M 7.8 24 160 M M 2 32 160
20 56 15 36 -1 29 0 0.00 M M 7.8 20 340 M M 0 27 340
21 64 14 39 1 26 0 T M M 8.4 25 280 M M 2 36 280
================================================================================
SM 1143 431 573 0 T M 202.4 M 56
================================================================================
AV 54.4 20.5 9.6 FASTST M M 3 MAX(MPH)
MISC ----> # 39 200 58 190
================================================================================
NOTES:
# LAST OF SEVERAL OCCURRENCES
COLUMN 17 PEAK WIND IN M.P.H.
PRELIMINARY LOCAL CLIMATOLOGICAL DATA (WS FORM: F-6) , PAGE 2
STATION: BIG PINEY WY
MONTH: APRIL
YEAR: 2024
LATITUDE: 42 34 N
LONGITUDE: 110 6 W
[TEMPERATURE DATA] [PRECIPITATION DATA] SYMBOLS USED IN COLUMN 16
AVERAGE MONTHLY: 37.5 TOTAL FOR MONTH: T 1 = FOG OR MIST
DPTR FM NORMAL: 2.1 DPTR FM NORMAL: -0.40 2 = FOG REDUCING VISIBILITY
HIGHEST: 69 ON 12 GRTST 24HR T ON 31- 1 TO 1/4 MILE OR LESS
LOWEST: 14 ON 21,11 3 = THUNDER
SNOW, ICE PELLETS, HAIL 4 = ICE PELLETS
TOTAL MONTH: M 5 = HAIL
GRTST 24HR M ON M 6 = FREEZING RAIN OR DRIZZLE
GRTST DEPTH: M ON M 7 = DUSTSTORM OR SANDSTORM:
VSBY 1/2 MILE OR LESS
8 = SMOKE OR HAZE
[NO. OF DAYS WITH] [WEATHER - DAYS WITH] 9 = BLOWING SNOW
X = TORNADO
MAX 32 OR BELOW: 0 0.01 INCH OR MORE: 0
MAX 90 OR ABOVE: 0 0.10 INCH OR MORE: 0
MIN 32 OR BELOW: 20 0.50 INCH OR MORE: 0
MIN 0 OR BELOW: 0 1.00 INCH OR MORE: 0
[HDD (BASE 65) ]
TOTAL THIS MO. 573 CLEAR (SCALE 0-3) 13
DPTR FM NORMAL -53 PTCLDY (SCALE 4-7) 8
TOTAL FM JUL 1 8209 CLOUDY (SCALE 8-10) 0
DPTR FM NORMAL -1027
[CDD (BASE 65) ]
TOTAL THIS MO. 0
DPTR FM NORMAL 0 [PRESSURE DATA]
TOTAL FM JAN 1 0 HIGHEST SLP M ON M
DPTR FM NORMAL 0 LOWEST SLP 29.35 ON 5
[REMARKS]